{"id":17,"date":"2016-09-02T15:32:21","date_gmt":"2016-09-02T15:32:21","guid":{"rendered":"http:\/\/eventos.coc.pt\/15moc\/?page_id=17"},"modified":"2017-01-01T17:01:03","modified_gmt":"2017-01-01T17:01:03","slug":"inscricoes","status":"publish","type":"page","link":"http:\/\/eventos.coc.pt\/15moc\/inscricoes\/","title":{"rendered":"Inscri\u00e7\u00f5es"},"content":{"rendered":"<div id=\"WRchTxt5\" class=\"s12\" data-reactid=\".0.$SITE_ROOT.$desktop_siteRoot.$PAGES_CONTAINER.1.1.$SITE_PAGES.$ck0q.1.$WRchTxt5\">\n<p class=\"font_2\">Dados necess\u00e1rios para a inscri\u00e7\u00e3o (individual ou clubes):<\/p>\n<\/div>\n<div id=\"comp-is6exm2a1\" class=\"s12\" data-reactid=\".0.$SITE_ROOT.$desktop_siteRoot.$PAGES_CONTAINER.1.1.$SITE_PAGES.$ck0q.1.$comp-is6exm2a1\">\n<p class=\"font_8\">&#8211; Primeiro e \u00faltimo nome dos participantes;<\/p>\n<p class=\"font_8\">&#8211; Ano de nascimento;<\/p>\n<p class=\"font_8\">&#8211; Nome do clube;<\/p>\n<p class=\"font_8\">&#8211; N\u00ba\u00a0de filiado na FPO<\/p>\n<p class=\"font_8\">&#8211; N\u00e3o filiados na FPO obrigatoriamente n\u00ba\u00a0de BI ou n\u00ba\u00a0Passaporte;<\/p>\n<p class=\"font_8\">&#8211; N\u00ba\u00a0de SI Card (se o possuir, caso contr\u00e1rio ser\u00e1\u00a0alugado);<\/p>\n<p class=\"font_8\">&#8211; Classe ou percurso que pretende participar;<\/p>\n<p class=\"font_8\">&#8211; Indica\u00e7\u00e3o das etapas que pretende participar (caso n\u00e3o participe em todas),<\/p>\n<p class=\"font_8\">&#8211; Estudantes inscritos pela respectiva escola pagam taxas id\u00eanticas aos filiados na FPO (acrescido do seguro);<\/p>\n<p class=\"font_8\">&#8211; Filiados no INATEL pagam taxas id\u00eanticas aos filiados na FPO (acrescido de seguro).<br \/>\n&#8211; \u00daltimo prazo para inscri\u00e7\u00f5es de atletas filiados em todas as classes de competi\u00e7\u00e3o \u201309\/01\/2017 (atletas inscritos em federa\u00e7\u00f5es de orienta\u00e7\u00e3o, estrangeiras inclusive).<\/p>\n<p class=\"font_8\">&#8211; Depois de 09 de Janeiro apenas escal\u00f5es abertos\/promo\u00e7\u00e3o ser\u00e3o aceites, dependendo da disponibilidade de mapas.<\/p>\n<\/div>\n<div id=\"comp-is6graok\" class=\"s11\" data-reactid=\".0.$SITE_ROOT.$desktop_siteRoot.$PAGES_CONTAINER.1.1.$SITE_PAGES.$ck0q.1.$comp-is6graok\">\n<div id=\"comp-is6graokinlineContent\" class=\"s11inlineContent\" data-reactid=\".0.$SITE_ROOT.$desktop_siteRoot.$PAGES_CONTAINER.1.1.$SITE_PAGES.$ck0q.1.$comp-is6graok.0\">\n<div id=\"comp-is6grapm\" class=\"s12\" data-reactid=\".0.$SITE_ROOT.$desktop_siteRoot.$PAGES_CONTAINER.1.1.$SITE_PAGES.$ck0q.1.$comp-is6graok.0.$comp-is6grapm\">\n<p class=\"font_2\"><strong>Pre\u00e7os\u00a0 por dia e por etapa para escal\u00f5es Competi\u00e7\u00e3o<\/strong><\/p>\n<p class=\"font_2\"><a href=\"http:\/\/eventos.coc.pt\/15moc\/wp-content\/uploads\/sites\/2\/2016\/09\/Pre\u00e7o-Competi\u00e7\u00e3o.png\"><img loading=\"lazy\" decoding=\"async\" class=\"aligncenter wp-image-235 size-full\" src=\"http:\/\/eventos.coc.pt\/15moc\/wp-content\/uploads\/sites\/2\/2016\/09\/Pre\u00e7o-Competi\u00e7\u00e3o.png\" alt=\"preco-competicao\" width=\"1497\" height=\"411\" srcset=\"http:\/\/eventos.coc.pt\/15moc\/wp-content\/uploads\/sites\/2\/2016\/09\/Pre\u00e7o-Competi\u00e7\u00e3o.png 1497w, http:\/\/eventos.coc.pt\/15moc\/wp-content\/uploads\/sites\/2\/2016\/09\/Pre\u00e7o-Competi\u00e7\u00e3o-300x82.png 300w, http:\/\/eventos.coc.pt\/15moc\/wp-content\/uploads\/sites\/2\/2016\/09\/Pre\u00e7o-Competi\u00e7\u00e3o-768x211.png 768w, http:\/\/eventos.coc.pt\/15moc\/wp-content\/uploads\/sites\/2\/2016\/09\/Pre\u00e7o-Competi\u00e7\u00e3o-1024x281.png 1024w\" sizes=\"auto, (max-width: 1497px) 100vw, 1497px\" \/><\/a><\/p>\n<div id=\"comp-is6grapm\" class=\"s12\" data-reactid=\".0.$SITE_ROOT.$desktop_siteRoot.$PAGES_CONTAINER.1.1.$SITE_PAGES.$ck0q.1.$comp-is6graok.0.$comp-is6grapm\">\n<p><strong>Pre\u00e7os\u00a0 por dia e por etapa para escal\u00f5es Forma\u00e7\u00e3o<\/strong><\/p>\n<\/div>\n<div id=\"comp-is6grapo\" class=\"s12\" data-reactid=\".0.$SITE_ROOT.$desktop_siteRoot.$PAGES_CONTAINER.1.1.$SITE_PAGES.$ck0q.1.$comp-is6graok.0.$comp-is6grapo\">\n<p class=\"font_8\">Inscri\u00e7\u00f5es em Forma\u00e7\u00e3o (H\/D 10 e H\/D 12)\u00a0n\u00e3o s\u00e3o pass\u00edveis de agravamento sendo pre\u00e7o fixo de 2.00 \u20ac\u00a0por jovem federado e 3.00 \u20ac\u00a0por jovem n\u00e3o federado.<\/p>\n<\/div>\n<p><strong>Pre\u00e7os\u00a0 por dia e por etapa para escal\u00f5es Abertos \/ Promo\u00e7\u00e3o<\/strong><\/p>\n<\/div>\n<div id=\"comp-is6grapo\" class=\"s12\" data-reactid=\".0.$SITE_ROOT.$desktop_siteRoot.$PAGES_CONTAINER.1.1.$SITE_PAGES.$ck0q.1.$comp-is6graok.0.$comp-is6grapo\">\n<p class=\"font_8\">Inscri\u00e7\u00f5es em Abertos \/ Promo\u00e7\u00e3o n\u00e3o s\u00e3o pass\u00edveis de agravamento sendo pre\u00e7o fixo de 3.00 \u20ac\u00a0por jovem e 6.00 \u20ac\u00a0por adulto.<\/p>\n<div id=\"comp-is6grapm\" class=\"s12\" data-reactid=\".0.$SITE_ROOT.$desktop_siteRoot.$PAGES_CONTAINER.1.1.$SITE_PAGES.$ck0q.1.$comp-is6graok.0.$comp-is6grapm\">\n<p><strong>Pre\u00e7os\u00a0 por dia e por etapa para\u00a0Jovens do Desporto Escolar<\/strong><\/p>\n<\/div>\n<div id=\"comp-is6grapo\" class=\"s12\" data-reactid=\".0.$SITE_ROOT.$desktop_siteRoot.$PAGES_CONTAINER.1.1.$SITE_PAGES.$ck0q.1.$comp-is6graok.0.$comp-is6grapo\">\n<p class=\"font_8\">Inscri\u00e7\u00f5es\u00a0de Jovens do Desporto Escolar ser\u00e1 de 1.50 \u20ac\u00a0at\u00e9 dia 02 de Janeiro e de 2.25\u00a0\u20ac ap\u00f3s essa data.<\/p>\n<div id=\"comp-is6grapm\" class=\"s12\" data-reactid=\".0.$SITE_ROOT.$desktop_siteRoot.$PAGES_CONTAINER.1.1.$SITE_PAGES.$ck0q.1.$comp-is6graok.0.$comp-is6grapm\">\n<p><strong>Pre\u00e7os de Ori-Fam\u00edlia (S\u00f3 no dia 15 Janeiro)<\/strong><\/p>\n<\/div>\n<div id=\"comp-is6grapo\" class=\"s12\" data-reactid=\".0.$SITE_ROOT.$desktop_siteRoot.$PAGES_CONTAINER.1.1.$SITE_PAGES.$ck0q.1.$comp-is6graok.0.$comp-is6grapo\">\n<p class=\"font_8\">Existir\u00e3o 3 percursos de Ori-Fam\u00edlia.<\/p>\n<p class=\"font_8\">AEIOU &#8211; Gr\u00e1tis<\/p>\n<p class=\"font_8\">Desafio &#8211; 3.00 \u20ac por Fam\u00edlia \/ Grupo<\/p>\n<p class=\"font_8\">Aventura &#8211; 3.00 \u20ac por Fam\u00edlia \/ Grupo<\/p>\n<p class=\"font_8\">As inscri\u00e7\u00f5es estar\u00e3o condicionadas ao n\u00famero de mapas dispon\u00edveis.<\/p>\n<\/div>\n<\/div>\n<\/div>\n<\/div>\n<\/div>\n<div id=\"comp-is6gtryx\" class=\"s11\" data-reactid=\".0.$SITE_ROOT.$desktop_siteRoot.$PAGES_CONTAINER.1.1.$SITE_PAGES.$ck0q.1.$comp-is6gtryx\">\n<div id=\"comp-is6gtryxinlineContent\" class=\"s11inlineContent\" data-reactid=\".0.$SITE_ROOT.$desktop_siteRoot.$PAGES_CONTAINER.1.1.$SITE_PAGES.$ck0q.1.$comp-is6gtryx.0\">\n<div id=\"comp-is6gtrzg\" class=\"s12\" data-reactid=\".0.$SITE_ROOT.$desktop_siteRoot.$PAGES_CONTAINER.1.1.$SITE_PAGES.$ck0q.1.$comp-is6gtryx.0.$comp-is6gtrzg\">\n<p class=\"font_2\"><strong>Outros custos<\/strong><\/p>\n<\/div>\n<div id=\"comp-is6gtrzh\" class=\"s12\" data-reactid=\".0.$SITE_ROOT.$desktop_siteRoot.$PAGES_CONTAINER.1.1.$SITE_PAGES.$ck0q.1.$comp-is6gtryx.0.$comp-is6gtrzh\">\n<p class=\"font_8\">Seguro Desportivo<\/p>\n<p class=\"font_8\">\u00a0 \u00a0 \u00a0Atletas federados est\u00e3o cobertos pelo seguro da FPO<\/p>\n<p class=\"font_8\">\u00a0 \u00a0 \u00a0Atletas n\u00e3o federados, nacionais e estrangeiros residentes em Portugal, est\u00e3o cobertos pelo seguro FPO<\/p>\n<p class=\"font_8\">\u00a0 \u00a0 \u00a0Atletas estrangeiros, n\u00e3o residentes em Portugal, n\u00e3o est\u00e3o cobertos por qualquer seguro, pelo que devem assumir totalmente a sua pr\u00f3pria seguran\u00e7a e riscos de acidentes inerentes.<\/p>\n<p class=\"font_8\">Aluguer de Sport Ident<\/p>\n<p class=\"font_8\">\u00a0 \u00a0 \u00a01,0 \u20ac\u00a0por dia de utiliza\u00e7\u00e3o, para os escal\u00f5es de competi\u00e7\u00e3o e forma\u00e7\u00e3o. Para os escal\u00f5es Abertos\/Promo\u00e7\u00e3o n\u00e3o \u00a0 \u00a0 \u00a0ser\u00e1 cobrado qualquer valor de aluguer\/ced\u00eancia.<\/p>\n<p class=\"font_8\">\u00a0 \u00a0 \u00a0A organiza\u00e7\u00e3o reserva-se ao direito de cobrar, a titulo de cau\u00e7\u00e3o, o montante de 50 \u20ac por SI Card\u00a0alugado\/cedido.<\/p>\n<p class=\"font_8\">\u00a0 \u00a0 \u00a0No final da prova, os atletas devem dirigir-se ao Secretariado, onde contra a entrega do Sport Ident resgatar\u00e3o a cau\u00e7\u00e3o de 50 \u20ac<\/p>\n<\/div>\n<\/div>\n<\/div>\n<div id=\"comp-is6gypew\" class=\"s11\" data-reactid=\".0.$SITE_ROOT.$desktop_siteRoot.$PAGES_CONTAINER.1.1.$SITE_PAGES.$ck0q.1.$comp-is6gypew\">\n<div id=\"comp-is6gypewinlineContent\" class=\"s11inlineContent\" data-reactid=\".0.$SITE_ROOT.$desktop_siteRoot.$PAGES_CONTAINER.1.1.$SITE_PAGES.$ck0q.1.$comp-is6gypew.0\">\n<div id=\"comp-is6gypg8\" class=\"s12\" data-reactid=\".0.$SITE_ROOT.$desktop_siteRoot.$PAGES_CONTAINER.1.1.$SITE_PAGES.$ck0q.1.$comp-is6gypew.0.$comp-is6gypg8\">\n<p class=\"font_2\"><strong>Pagamento<\/strong><\/p>\n<\/div>\n<div id=\"comp-is6gypga\" class=\"s12\" data-reactid=\".0.$SITE_ROOT.$desktop_siteRoot.$PAGES_CONTAINER.1.1.$SITE_PAGES.$ck0q.1.$comp-is6gypew.0.$comp-is6gypga\">\n<p class=\"font_8\">Banco: Caixa Geral de Dep\u00f3sitos<\/p>\n<p class=\"font_8\">Ag\u00eancia: \u2013 Av. Marqu\u00eas de Pombal &#8211; Leiria<\/p>\n<p class=\"font_8\">N\u00famero de conta (NIB): 0035 0394 0000 4000 0301 0<\/p>\n<p class=\"font_8\">IBAN: PT50 0035 0394 0000 4000 0301 0<\/p>\n<p class=\"font_8\">SWIFT CODE BIC: CGDIPTPL<\/p>\n<p class=\"font_8\">A transfer\u00eancia deve ser efectuada at\u00e9\u00a010 dias ap\u00f3s a inscri\u00e7\u00e3o on-line. S\u00f3\u00a0 ap\u00f3s a recep\u00e7\u00e3o do pagamento, a organiza\u00e7\u00e3o enviar\u00e1\u00a0 mail a confirmar a inscri\u00e7\u00e3o ou a solicitar eventuais dados em falta<\/p>\n<p class=\"font_8\">Custos adicionais relacionados com as transfer\u00eancias ser\u00e3o imputados aos atletas.<\/p>\n<p class=\"font_8\">Eventuais acertos de valores inferiores a 20 \u20ac\u00a0 poder\u00e3o ser liquidados no Secretariado<\/p>\n<\/div>\n<\/div>\n<\/div>\n<div id=\"comp-is6h2e1y\" class=\"s12\" data-reactid=\".0.$SITE_ROOT.$desktop_siteRoot.$PAGES_CONTAINER.1.1.$SITE_PAGES.$ck0q.1.$comp-is6h2e1y\">\n<p class=\"font_8\">As inscri\u00e7\u00f5es ter\u00e3o que ser todas efectuadas no sistema on-line OASIS<\/p>\n<p class=\"font_8\">Esclarecimentos e outros pedidos devem ser enviados para:<\/p>\n<p class=\"font_8\">MAIL: <a href=\"mailto:inscrever@coc.pt\" target=\"_self\" data-content=\"inscrever@coc.pt\" data-type=\"mail\">inscrever@coc.pt<\/a><\/p>\n<p class=\"font_8\">Telem\u00f3vel\u00a0: Paulo Olaio 938308470 \/\/ Jose Bolr\u00e3o 962830738<\/p>\n<\/div>\n","protected":false},"excerpt":{"rendered":"<p>Dados necess\u00e1rios para a inscri\u00e7\u00e3o (individual ou clubes): &#8211; Primeiro e \u00faltimo nome dos participantes; &#8211; Ano de nascimento; &#8211; Nome do clube; &#8211; N\u00ba\u00a0de filiado na FPO &#8211; N\u00e3o filiados na FPO obrigatoriamente n\u00ba\u00a0de BI ou n\u00ba\u00a0Passaporte; &#8211; N\u00ba\u00a0de SI Card (se o possuir, caso contr\u00e1rio ser\u00e1\u00a0alugado); &#8211; Classe ou percurso que pretende participar; &hellip; <a href=\"http:\/\/eventos.coc.pt\/15moc\/inscricoes\/\" class=\"more-link\">Continuar a ler <span class=\"screen-reader-text\">Inscri\u00e7\u00f5es<\/span><\/a><\/p>\n","protected":false},"author":1,"featured_media":0,"parent":0,"menu_order":10,"comment_status":"closed","ping_status":"closed","template":"","meta":{"footnotes":""},"class_list":["post-17","page","type-page","status-publish","hentry"],"_links":{"self":[{"href":"http:\/\/eventos.coc.pt\/15moc\/wp-json\/wp\/v2\/pages\/17","targetHints":{"allow":["GET"]}}],"collection":[{"href":"http:\/\/eventos.coc.pt\/15moc\/wp-json\/wp\/v2\/pages"}],"about":[{"href":"http:\/\/eventos.coc.pt\/15moc\/wp-json\/wp\/v2\/types\/page"}],"author":[{"embeddable":true,"href":"http:\/\/eventos.coc.pt\/15moc\/wp-json\/wp\/v2\/users\/1"}],"replies":[{"embeddable":true,"href":"http:\/\/eventos.coc.pt\/15moc\/wp-json\/wp\/v2\/comments?post=17"}],"version-history":[{"count":10,"href":"http:\/\/eventos.coc.pt\/15moc\/wp-json\/wp\/v2\/pages\/17\/revisions"}],"predecessor-version":[{"id":238,"href":"http:\/\/eventos.coc.pt\/15moc\/wp-json\/wp\/v2\/pages\/17\/revisions\/238"}],"wp:attachment":[{"href":"http:\/\/eventos.coc.pt\/15moc\/wp-json\/wp\/v2\/media?parent=17"}],"curies":[{"name":"wp","href":"https:\/\/api.w.org\/{rel}","templated":true}]}}