{"id":19,"date":"2016-09-02T15:32:36","date_gmt":"2016-09-02T15:32:36","guid":{"rendered":"http:\/\/eventos.coc.pt\/15moc\/?page_id=19"},"modified":"2016-11-22T13:44:41","modified_gmt":"2016-11-22T13:44:41","slug":"localizacao","status":"publish","type":"page","link":"http:\/\/eventos.coc.pt\/15moc\/localizacao\/","title":{"rendered":"Localiza\u00e7\u00e3o"},"content":{"rendered":"<p><iframe loading=\"lazy\" style=\"border: 0;\" src=\"https:\/\/www.google.com\/maps\/embed?pb=!1m18!1m12!1m3!1d7916.498720140041!2d-8.89959635742833!3d39.93198082157852!2m3!1f0!2f0!3f0!3m2!1i1024!2i768!4f13.1!3m3!1m2!1s0xd2215b3ed190ef1%3A0x6fcaa5f4e4e246e8!2sLagoa+de+Ervedeira!5e1!3m2!1spt-PT!2spt!4v1472863548870\" width=\"600\" height=\"450\" frameborder=\"0\" allowfullscreen=\"allowfullscreen\"><\/iframe><\/p>\n<p><img loading=\"lazy\" decoding=\"async\" class=\"aligncenter size-full wp-image-217\" src=\"http:\/\/eventos.coc.pt\/15moc\/wp-content\/uploads\/sites\/2\/2016\/11\/XVMOC_MAPA-GERAL_V07NOV2016.jpg\" alt=\"xvmoc_mapa-geral_v07nov2016\" width=\"822\" height=\"867\" srcset=\"http:\/\/eventos.coc.pt\/15moc\/wp-content\/uploads\/sites\/2\/2016\/11\/XVMOC_MAPA-GERAL_V07NOV2016.jpg 822w, http:\/\/eventos.coc.pt\/15moc\/wp-content\/uploads\/sites\/2\/2016\/11\/XVMOC_MAPA-GERAL_V07NOV2016-284x300.jpg 284w, http:\/\/eventos.coc.pt\/15moc\/wp-content\/uploads\/sites\/2\/2016\/11\/XVMOC_MAPA-GERAL_V07NOV2016-768x810.jpg 768w\" sizes=\"auto, (max-width: 822px) 100vw, 822px\" \/><\/p>\n<div id=\"comp-is6iivxo\" class=\"s12\" data-reactid=\".0.$SITE_ROOT.$desktop_siteRoot.$PAGES_CONTAINER.1.1.$SITE_PAGES.$j4l16.1.$comp-is6iivxo\">\n<p class=\"font_8\">A zona indicada a magenta encontra-se embargada!<\/p>\n<p class=\"font_8\">Ser\u00e1 penalizado qualquer atleta infractor.<\/p>\n<p class=\"font_8\">O mapa localiza-se a norte da Lagoa da Ervideira.<\/p>\n<p class=\"font_8\">Estrada Nacional 109 Leiria\/Figueira da Foz, virar para Oeste em Monte Redondo apanhando a EN 109-09 em direc\u00e7\u00e3o ao Coimbr\u00e3o e Pedr\u00f3g\u00e3o.<\/p>\n<p class=\"font_8\">Antes do Pedr\u00f3g\u00e3o virar para norte na M 536 em direc\u00e7\u00e3o a Lagoa da Ervideira.<\/p>\n<p class=\"font_8\">Haver\u00e1 sinaliza\u00e7\u00e3o a partir de Monte Redondo no cruzamento da EN 109-09 (sem\u00e1foros junto \u00e0 Igreja).<\/p>\n<p class=\"font_8\">Haver\u00e1 um estacionamento para auto caravanas, autocarros \u00a0ligeiras e de 9 lugares a cerca de 500 m da arena.<\/p>\n<p class=\"font_8\">As viaturas ligeiras estacionar\u00e3o na M536 para norte do estacionamento da autocaravanas e sobre a berma do lado direito.<\/p>\n<\/div>\n<div id=\"comp-is6ikaqy\" class=\"s11\" data-reactid=\".0.$SITE_ROOT.$desktop_siteRoot.$PAGES_CONTAINER.1.1.$SITE_PAGES.$j4l16.1.$comp-is6ikaqy\">\n<div id=\"comp-is6ikaqyinlineContent\" class=\"s11inlineContent\" data-reactid=\".0.$SITE_ROOT.$desktop_siteRoot.$PAGES_CONTAINER.1.1.$SITE_PAGES.$j4l16.1.$comp-is6ikaqy.0\">\n<div id=\"comp-is6ikaro\" class=\"s12\" data-reactid=\".0.$SITE_ROOT.$desktop_siteRoot.$PAGES_CONTAINER.1.1.$SITE_PAGES.$j4l16.1.$comp-is6ikaqy.0.$comp-is6ikaro\">\n<p class=\"font_2\"><strong>Alojamento<\/strong><\/p>\n<\/div>\n<div id=\"comp-is6ikarp\" class=\"s12\" data-reactid=\".0.$SITE_ROOT.$desktop_siteRoot.$PAGES_CONTAINER.1.1.$SITE_PAGES.$j4l16.1.$comp-is6ikaqy.0.$comp-is6ikarp\">\n<p class=\"font_8\">Existe uma vasta oferta de unidades hoteleiras na regi\u00e3o.<\/p>\n<\/div>\n<\/div>\n<\/div>\n<div id=\"comp-is6im5kz\" class=\"s11\" data-reactid=\".0.$SITE_ROOT.$desktop_siteRoot.$PAGES_CONTAINER.1.1.$SITE_PAGES.$j4l16.1.$comp-is6im5kz\">\n<div id=\"comp-is6im5kzinlineContent\" class=\"s11inlineContent\" data-reactid=\".0.$SITE_ROOT.$desktop_siteRoot.$PAGES_CONTAINER.1.1.$SITE_PAGES.$j4l16.1.$comp-is6im5kz.0\">\n<div id=\"comp-is6im5mm\" class=\"s12\" data-reactid=\".0.$SITE_ROOT.$desktop_siteRoot.$PAGES_CONTAINER.1.1.$SITE_PAGES.$j4l16.1.$comp-is6im5kz.0.$comp-is6im5mm\">\n<p class=\"font_2\"><strong>Solo Duro<\/strong><\/p>\n<p><iframe loading=\"lazy\" style=\"border: 0;\" src=\"https:\/\/www.google.com\/maps\/embed?pb=!1m17!1m11!1m3!1d6637.394625111417!2d-8.843812369109854!3d39.86913531277801!2m2!1f0!2f0!3m2!1i1024!2i768!4f13.1!3m3!1m2!1s0xd221335f578d363%3A0xa794b7593d5f595e!2sEB23+CARREIRA+LEIRIA!5e1!3m2!1spt-PT!2spt!4v1479371880229\" width=\"600\" height=\"450\" frameborder=\"0\" allowfullscreen=\"allowfullscreen\"><\/iframe><\/p>\n<\/div>\n<div id=\"comp-is6im5mn\" class=\"s12\" data-reactid=\".0.$SITE_ROOT.$desktop_siteRoot.$PAGES_CONTAINER.1.1.$SITE_PAGES.$j4l16.1.$comp-is6im5kz.0.$comp-is6im5mn\">\n<p class=\"font_8\">Solo duro vai funcionar no pavilh\u00e3o da escola EB23 Rainha Santa Isabel na Carreira.<\/p>\n<p class=\"font_8\">Os atletas dever\u00e3o trazer saco &#8211; cama e colch\u00e3o.<\/p>\n<p class=\"font_8\">Este servi\u00e7o de alojamento \u00e9\u00a0disponibilizado gratuitamente aos participantes.<\/p>\n<p class=\"font_8\">Faz-se um apelo ao civismo dos atletas para o rigoroso respeito pelo sil\u00eancio, regras de viv\u00eancia neste tipo de espa\u00e7o e extremo cuidado pelas regas de higiene em todo o espa\u00e7o (pavilh\u00e3o e sanit\u00e1rios).<\/p>\n<p class=\"font_8\">\u00c9 expressamente proibido a utiliza\u00e7\u00e3o de cal\u00e7ado de competi\u00e7\u00e3o no interior do pavilh\u00e3o, incluindo casas de banho.<\/p>\n<p class=\"font_8\">Ser\u00e1 expressamente proibido cozinhar dentro do pavilh\u00e3o.<\/p>\n<\/div>\n<\/div>\n<\/div>\n<div id=\"comp-is6io3ap\" class=\"s11\" data-reactid=\".0.$SITE_ROOT.$desktop_siteRoot.$PAGES_CONTAINER.1.1.$SITE_PAGES.$j4l16.1.$comp-is6io3ap\">\n<div id=\"comp-is6io3apinlineContent\" class=\"s11inlineContent\" data-reactid=\".0.$SITE_ROOT.$desktop_siteRoot.$PAGES_CONTAINER.1.1.$SITE_PAGES.$j4l16.1.$comp-is6io3ap.0\">\n<div id=\"comp-is6io3c8\" class=\"s12\" data-reactid=\".0.$SITE_ROOT.$desktop_siteRoot.$PAGES_CONTAINER.1.1.$SITE_PAGES.$j4l16.1.$comp-is6io3ap.0.$comp-is6io3c8\">\n<p class=\"font_2\"><strong>Estacionamento<\/strong><\/p>\n<p class=\"font_2\"><img loading=\"lazy\" decoding=\"async\" class=\"aligncenter size-full wp-image-195\" src=\"http:\/\/eventos.coc.pt\/15moc\/wp-content\/uploads\/sites\/2\/2016\/09\/Estacionamentos.jpg\" alt=\"estacionamentos\" width=\"480\" height=\"360\" srcset=\"http:\/\/eventos.coc.pt\/15moc\/wp-content\/uploads\/sites\/2\/2016\/09\/Estacionamentos.jpg 480w, http:\/\/eventos.coc.pt\/15moc\/wp-content\/uploads\/sites\/2\/2016\/09\/Estacionamentos-300x225.jpg 300w\" sizes=\"auto, (max-width: 480px) 100vw, 480px\" \/><\/p>\n<\/div>\n<div id=\"comp-is6io3ca\" class=\"s12\" data-reactid=\".0.$SITE_ROOT.$desktop_siteRoot.$PAGES_CONTAINER.1.1.$SITE_PAGES.$j4l16.1.$comp-is6io3ap.0.$comp-is6io3ca\">\n<p class=\"font_8\">Entre 400 e 2.000 m\u00a0da arena.<\/p>\n<p class=\"font_8\">Haver\u00e1 um parque reservado para Autocarros, Autocaravanas e viaturas de 9 lugares.<\/p>\n<p class=\"font_8\">Viaturas ligeiras ao longo da estrada M356 sobre o lado direito no sentido sul \u2013 norte.<\/p>\n<\/div>\n<\/div>\n<\/div>\n<div id=\"comp-is6ipcd6\" class=\"s11\" data-reactid=\".0.$SITE_ROOT.$desktop_siteRoot.$PAGES_CONTAINER.1.1.$SITE_PAGES.$j4l16.1.$comp-is6ipcd6\">\n<div id=\"comp-is6ipcd6inlineContent\" class=\"s11inlineContent\" data-reactid=\".0.$SITE_ROOT.$desktop_siteRoot.$PAGES_CONTAINER.1.1.$SITE_PAGES.$j4l16.1.$comp-is6ipcd6.0\">\n<div id=\"comp-is6ipcdy\" class=\"s12\" data-reactid=\".0.$SITE_ROOT.$desktop_siteRoot.$PAGES_CONTAINER.1.1.$SITE_PAGES.$j4l16.1.$comp-is6ipcd6.0.$comp-is6ipcdy\">\n<p class=\"font_2\"><strong>Event Centre<\/strong><\/p>\n<p class=\"font_2\"><img loading=\"lazy\" decoding=\"async\" class=\"aligncenter wp-image-196\" src=\"http:\/\/eventos.coc.pt\/15moc\/wp-content\/uploads\/sites\/2\/2016\/09\/EventCentre.jpg\" alt=\"eventcentre\" width=\"480\" height=\"360\" srcset=\"http:\/\/eventos.coc.pt\/15moc\/wp-content\/uploads\/sites\/2\/2016\/09\/EventCentre.jpg 3648w, http:\/\/eventos.coc.pt\/15moc\/wp-content\/uploads\/sites\/2\/2016\/09\/EventCentre-300x225.jpg 300w, http:\/\/eventos.coc.pt\/15moc\/wp-content\/uploads\/sites\/2\/2016\/09\/EventCentre-768x576.jpg 768w, http:\/\/eventos.coc.pt\/15moc\/wp-content\/uploads\/sites\/2\/2016\/09\/EventCentre-1024x768.jpg 1024w\" sizes=\"auto, (max-width: 480px) 100vw, 480px\" \/><\/p>\n<\/div>\n<div id=\"comp-is6ipcdz\" class=\"s12\" data-reactid=\".0.$SITE_ROOT.$desktop_siteRoot.$PAGES_CONTAINER.1.1.$SITE_PAGES.$j4l16.1.$comp-is6ipcd6.0.$comp-is6ipcdz\">\n<p class=\"font_8\">Nos 2 dias da prova funcionar\u00e1 na Arena.<\/p>\n<\/div>\n<\/div>\n<\/div>\n<div id=\"comp-is6iqb1p\" class=\"s11\" data-reactid=\".0.$SITE_ROOT.$desktop_siteRoot.$PAGES_CONTAINER.1.1.$SITE_PAGES.$j4l16.1.$comp-is6iqb1p\">\n<div id=\"comp-is6iqb1pinlineContent\" class=\"s11inlineContent\" data-reactid=\".0.$SITE_ROOT.$desktop_siteRoot.$PAGES_CONTAINER.1.1.$SITE_PAGES.$j4l16.1.$comp-is6iqb1p.0\">\n<div id=\"comp-is6iqb2t\" class=\"s12\" data-reactid=\".0.$SITE_ROOT.$desktop_siteRoot.$PAGES_CONTAINER.1.1.$SITE_PAGES.$j4l16.1.$comp-is6iqb1p.0.$comp-is6iqb2t\">\n<p class=\"font_2\"><strong>Arena<\/strong><\/p>\n<p class=\"font_2\"><img loading=\"lazy\" decoding=\"async\" class=\"aligncenter wp-image-197\" src=\"http:\/\/eventos.coc.pt\/15moc\/wp-content\/uploads\/sites\/2\/2016\/09\/Arena2.jpg\" alt=\"arena2\" width=\"480\" height=\"360\" srcset=\"http:\/\/eventos.coc.pt\/15moc\/wp-content\/uploads\/sites\/2\/2016\/09\/Arena2.jpg 3648w, http:\/\/eventos.coc.pt\/15moc\/wp-content\/uploads\/sites\/2\/2016\/09\/Arena2-300x225.jpg 300w, http:\/\/eventos.coc.pt\/15moc\/wp-content\/uploads\/sites\/2\/2016\/09\/Arena2-768x576.jpg 768w, http:\/\/eventos.coc.pt\/15moc\/wp-content\/uploads\/sites\/2\/2016\/09\/Arena2-1024x768.jpg 1024w\" sizes=\"auto, (max-width: 480px) 100vw, 480px\" \/><\/p>\n<p class=\"font_2\"><img loading=\"lazy\" decoding=\"async\" class=\"aligncenter size-full wp-image-221\" src=\"http:\/\/eventos.coc.pt\/15moc\/wp-content\/uploads\/sites\/2\/2016\/11\/ARENA_D1_D2_LAYOUT_V20NOV.jpg\" alt=\"arena_d1_d2_layout_v20nov\" width=\"4962\" height=\"3508\" srcset=\"http:\/\/eventos.coc.pt\/15moc\/wp-content\/uploads\/sites\/2\/2016\/11\/ARENA_D1_D2_LAYOUT_V20NOV.jpg 4962w, http:\/\/eventos.coc.pt\/15moc\/wp-content\/uploads\/sites\/2\/2016\/11\/ARENA_D1_D2_LAYOUT_V20NOV-300x212.jpg 300w, http:\/\/eventos.coc.pt\/15moc\/wp-content\/uploads\/sites\/2\/2016\/11\/ARENA_D1_D2_LAYOUT_V20NOV-768x543.jpg 768w, http:\/\/eventos.coc.pt\/15moc\/wp-content\/uploads\/sites\/2\/2016\/11\/ARENA_D1_D2_LAYOUT_V20NOV-1024x724.jpg 1024w\" sizes=\"auto, (max-width: 4962px) 100vw, 4962px\" \/><\/p>\n<p class=\"font_2\">Incluir\u00e1\u00a0a zona das Chegadas, Secretariado, Bar, Baby Sitting e\u00a0 Primeiros Socorros.<\/p>\n<\/div>\n<\/div>\n<\/div>\n<div id=\"comp-is6irewv\" class=\"s11\" data-reactid=\".0.$SITE_ROOT.$desktop_siteRoot.$PAGES_CONTAINER.1.1.$SITE_PAGES.$j4l16.1.$comp-is6irewv\">\n<div id=\"comp-is6irewvinlineContent\" class=\"s11inlineContent\" data-reactid=\".0.$SITE_ROOT.$desktop_siteRoot.$PAGES_CONTAINER.1.1.$SITE_PAGES.$j4l16.1.$comp-is6irewv.0\">\n<div id=\"comp-is6irey3\" class=\"s12\" data-reactid=\".0.$SITE_ROOT.$desktop_siteRoot.$PAGES_CONTAINER.1.1.$SITE_PAGES.$j4l16.1.$comp-is6irewv.0.$comp-is6irey3\">\n<p class=\"font_2\"><strong>Partidas<\/strong><\/p>\n<\/div>\n<div id=\"comp-is6irey5\" class=\"s12\" data-reactid=\".0.$SITE_ROOT.$desktop_siteRoot.$PAGES_CONTAINER.1.1.$SITE_PAGES.$j4l16.1.$comp-is6irewv.0.$comp-is6irey5\">\n<p class=\"font_8\">Estar\u00e3o devidamente sinalizadas a partir da Arena em direc\u00e7\u00e3o ao Norte na estrada M 536.<\/p>\n<p class=\"font_8\">No dia 1 as partidas distam 1.400 mts da Arena (+\/- 20 minutos a andar).<\/p>\n<p class=\"font_8\">No dia 2 existem duas partidas:<\/p>\n<ul class=\"font_8\">\n<li>\n<p class=\"font_8\">Partida 1 a 2.400 mts (+\/- 40 minutos a andar) para os seguintes escal\u00f5es HE, DE, H16, H18, H20, H21A, H21B, H35, H40, H45, H50, H55 e H60.<\/p>\n<\/li>\n<li>\n<p class=\"font_8\">Partida 2 a 1.800 mts (+\/- 30 minutos a andar) para os seguintes escal\u00f5es H\/D10, H\/D12, H\/D14, D16, D18, D20, D21A, D21B, D35, D40, D45, D50, D55, D60, H\/D65, H70, H75, F\u00e1cil Curto, Dificil Curto, F\u00e1cil Longo e Dificil Longo.<\/p>\n<\/li>\n<\/ul>\n<\/div>\n<\/div>\n<\/div>\n<div id=\"comp-is6iu2pv\" class=\"s11\" data-reactid=\".0.$SITE_ROOT.$desktop_siteRoot.$PAGES_CONTAINER.1.1.$SITE_PAGES.$j4l16.1.$comp-is6iu2pv\">\n<div id=\"comp-is6iu2pvinlineContent\" class=\"s11inlineContent\" data-reactid=\".0.$SITE_ROOT.$desktop_siteRoot.$PAGES_CONTAINER.1.1.$SITE_PAGES.$j4l16.1.$comp-is6iu2pv.0\">\n<div id=\"comp-is6iu2r5\" class=\"s12\" data-reactid=\".0.$SITE_ROOT.$desktop_siteRoot.$PAGES_CONTAINER.1.1.$SITE_PAGES.$j4l16.1.$comp-is6iu2pv.0.$comp-is6iu2r5\">\n<p class=\"font_2\"><strong>Chegadas<\/strong><\/p>\n<\/div>\n<div id=\"comp-is6iu2r7\" class=\"s12\" data-reactid=\".0.$SITE_ROOT.$desktop_siteRoot.$PAGES_CONTAINER.1.1.$SITE_PAGES.$j4l16.1.$comp-is6iu2pv.0.$comp-is6iu2r7\">\n<p class=\"font_8\">Na arena.<\/p>\n<\/div>\n<\/div>\n<\/div>\n<div id=\"comp-is6iunuk\" class=\"s11\" data-reactid=\".0.$SITE_ROOT.$desktop_siteRoot.$PAGES_CONTAINER.1.1.$SITE_PAGES.$j4l16.1.$comp-is6iunuk\">\n<div id=\"comp-is6iunukinlineContent\" class=\"s11inlineContent\" data-reactid=\".0.$SITE_ROOT.$desktop_siteRoot.$PAGES_CONTAINER.1.1.$SITE_PAGES.$j4l16.1.$comp-is6iunuk.0\">\n<div id=\"comp-is6iunvf\" class=\"s12\" data-reactid=\".0.$SITE_ROOT.$desktop_siteRoot.$PAGES_CONTAINER.1.1.$SITE_PAGES.$j4l16.1.$comp-is6iunuk.0.$comp-is6iunvf\">\n<p class=\"font_2\"><strong>Secretariado<\/strong><\/p>\n<\/div>\n<div id=\"comp-is6iunvg\" class=\"s12\" data-reactid=\".0.$SITE_ROOT.$desktop_siteRoot.$PAGES_CONTAINER.1.1.$SITE_PAGES.$j4l16.1.$comp-is6iunuk.0.$comp-is6iunvg\">\n<p class=\"font_8\">A funcionar na arena de competi\u00e7\u00e3o durante os dois dias.<\/p>\n<p class=\"font_8\">Chaves de carro podem ser guardadas no Secretariado.<\/p>\n<\/div>\n<\/div>\n<\/div>\n<div id=\"comp-is6iw2jo\" class=\"s11\" data-reactid=\".0.$SITE_ROOT.$desktop_siteRoot.$PAGES_CONTAINER.1.1.$SITE_PAGES.$j4l16.1.$comp-is6iw2jo\">\n<div id=\"comp-is6iw2joinlineContent\" class=\"s11inlineContent\" data-reactid=\".0.$SITE_ROOT.$desktop_siteRoot.$PAGES_CONTAINER.1.1.$SITE_PAGES.$j4l16.1.$comp-is6iw2jo.0\">\n<div id=\"comp-is6iw2le\" class=\"s12\" data-reactid=\".0.$SITE_ROOT.$desktop_siteRoot.$PAGES_CONTAINER.1.1.$SITE_PAGES.$j4l16.1.$comp-is6iw2jo.0.$comp-is6iw2le\">\n<p class=\"font_2\"><strong>Banhos<\/strong><\/p>\n<\/div>\n<div id=\"comp-is6iw2lf\" class=\"s12\" data-reactid=\".0.$SITE_ROOT.$desktop_siteRoot.$PAGES_CONTAINER.1.1.$SITE_PAGES.$j4l16.1.$comp-is6iw2jo.0.$comp-is6iw2lf\">\n<p class=\"font_8\">No solo duro.<\/p>\n<\/div>\n<\/div>\n<\/div>\n<div id=\"comp-is6ix03i\" class=\"s11\" data-reactid=\".0.$SITE_ROOT.$desktop_siteRoot.$PAGES_CONTAINER.1.1.$SITE_PAGES.$j4l16.1.$comp-is6ix03i\">\n<div id=\"comp-is6ix03iinlineContent\" class=\"s11inlineContent\" data-reactid=\".0.$SITE_ROOT.$desktop_siteRoot.$PAGES_CONTAINER.1.1.$SITE_PAGES.$j4l16.1.$comp-is6ix03i.0\">\n<div id=\"comp-is6ix04b\" class=\"s12\" data-reactid=\".0.$SITE_ROOT.$desktop_siteRoot.$PAGES_CONTAINER.1.1.$SITE_PAGES.$j4l16.1.$comp-is6ix03i.0.$comp-is6ix04b\">\n<p class=\"font_2\"><strong>Baby Sitting<\/strong><\/p>\n<p class=\"font_2\"><img loading=\"lazy\" decoding=\"async\" class=\"aligncenter size-full wp-image-198\" src=\"http:\/\/eventos.coc.pt\/15moc\/wp-content\/uploads\/sites\/2\/2016\/09\/BabySitting2.jpg\" alt=\"babysitting2\" width=\"480\" height=\"360\" srcset=\"http:\/\/eventos.coc.pt\/15moc\/wp-content\/uploads\/sites\/2\/2016\/09\/BabySitting2.jpg 480w, http:\/\/eventos.coc.pt\/15moc\/wp-content\/uploads\/sites\/2\/2016\/09\/BabySitting2-300x225.jpg 300w\" sizes=\"auto, (max-width: 480px) 100vw, 480px\" \/><\/p>\n<\/div>\n<div id=\"comp-is6ix04c\" class=\"s12\" data-reactid=\".0.$SITE_ROOT.$desktop_siteRoot.$PAGES_CONTAINER.1.1.$SITE_PAGES.$j4l16.1.$comp-is6ix03i.0.$comp-is6ix04c\">\n<p class=\"font_8\">Na arena.<\/p>\n<\/div>\n<\/div>\n<\/div>\n<div id=\"comp-is6ixru7\" class=\"s11\" data-reactid=\".0.$SITE_ROOT.$desktop_siteRoot.$PAGES_CONTAINER.1.1.$SITE_PAGES.$j4l16.1.$comp-is6ixru7\">\n<div id=\"comp-is6ixru7inlineContent\" class=\"s11inlineContent\" data-reactid=\".0.$SITE_ROOT.$desktop_siteRoot.$PAGES_CONTAINER.1.1.$SITE_PAGES.$j4l16.1.$comp-is6ixru7.0\">\n<div id=\"comp-is6ixrvg\" class=\"s12\" data-reactid=\".0.$SITE_ROOT.$desktop_siteRoot.$PAGES_CONTAINER.1.1.$SITE_PAGES.$j4l16.1.$comp-is6ixru7.0.$comp-is6ixrvg\">\n<p class=\"font_2\"><strong>Bar<\/strong><\/p>\n<\/div>\n<div id=\"comp-is6ixrvh1\" class=\"s12\" data-reactid=\".0.$SITE_ROOT.$desktop_siteRoot.$PAGES_CONTAINER.1.1.$SITE_PAGES.$j4l16.1.$comp-is6ixru7.0.$comp-is6ixrvh1\">\n<p class=\"font_8\">Nos\u00a02 dias de evento haver\u00e1\u00a0na arena da prova um servi\u00e7o de bar e refei\u00e7\u00f5es r\u00e1pidas.<\/p>\n<\/div>\n<\/div>\n<\/div>\n<div id=\"comp-is6iyjma\" class=\"s11\" data-reactid=\".0.$SITE_ROOT.$desktop_siteRoot.$PAGES_CONTAINER.1.1.$SITE_PAGES.$j4l16.1.$comp-is6iyjma\">\n<div id=\"comp-is6iyjmainlineContent\" class=\"s11inlineContent\" data-reactid=\".0.$SITE_ROOT.$desktop_siteRoot.$PAGES_CONTAINER.1.1.$SITE_PAGES.$j4l16.1.$comp-is6iyjma.0\">\n<div id=\"comp-is6iyjnw\" class=\"s12\" data-reactid=\".0.$SITE_ROOT.$desktop_siteRoot.$PAGES_CONTAINER.1.1.$SITE_PAGES.$j4l16.1.$comp-is6iyjma.0.$comp-is6iyjnw\">\n<p class=\"font_2\"><strong>Primeiros Socorros<\/strong><\/p>\n<\/div>\n<div id=\"comp-is6iyjny\" class=\"s12\" data-reactid=\".0.$SITE_ROOT.$desktop_siteRoot.$PAGES_CONTAINER.1.1.$SITE_PAGES.$j4l16.1.$comp-is6iyjma.0.$comp-is6iyjny\">\n<p class=\"font_8\">Em cada etapa estar\u00e1 montado sistema de apoio e presta\u00e7\u00e3o de primeiros socorros. Mediante a verifica\u00e7\u00e3o de cuidados acrescidos, ser\u00e1\u00a0feita a evacua\u00e7\u00e3o e transporte para unidade de sa\u00fade identificada para o efeito.<\/p>\n<\/div>\n<\/div>\n<\/div>\n","protected":false},"excerpt":{"rendered":"<p>A zona indicada a magenta encontra-se embargada! Ser\u00e1 penalizado qualquer atleta infractor. O mapa localiza-se a norte da Lagoa da Ervideira. Estrada Nacional 109 Leiria\/Figueira da Foz, virar para Oeste em Monte Redondo apanhando a EN 109-09 em direc\u00e7\u00e3o ao Coimbr\u00e3o e Pedr\u00f3g\u00e3o. Antes do Pedr\u00f3g\u00e3o virar para norte na M 536 em direc\u00e7\u00e3o a &hellip; <a href=\"http:\/\/eventos.coc.pt\/15moc\/localizacao\/\" class=\"more-link\">Continuar a ler <span class=\"screen-reader-text\">Localiza\u00e7\u00e3o<\/span><\/a><\/p>\n","protected":false},"author":1,"featured_media":0,"parent":0,"menu_order":9,"comment_status":"closed","ping_status":"closed","template":"","meta":{"footnotes":""},"class_list":["post-19","page","type-page","status-publish","hentry"],"_links":{"self":[{"href":"http:\/\/eventos.coc.pt\/15moc\/wp-json\/wp\/v2\/pages\/19","targetHints":{"allow":["GET"]}}],"collection":[{"href":"http:\/\/eventos.coc.pt\/15moc\/wp-json\/wp\/v2\/pages"}],"about":[{"href":"http:\/\/eventos.coc.pt\/15moc\/wp-json\/wp\/v2\/types\/page"}],"author":[{"embeddable":true,"href":"http:\/\/eventos.coc.pt\/15moc\/wp-json\/wp\/v2\/users\/1"}],"replies":[{"embeddable":true,"href":"http:\/\/eventos.coc.pt\/15moc\/wp-json\/wp\/v2\/comments?post=19"}],"version-history":[{"count":23,"href":"http:\/\/eventos.coc.pt\/15moc\/wp-json\/wp\/v2\/pages\/19\/revisions"}],"predecessor-version":[{"id":222,"href":"http:\/\/eventos.coc.pt\/15moc\/wp-json\/wp\/v2\/pages\/19\/revisions\/222"}],"wp:attachment":[{"href":"http:\/\/eventos.coc.pt\/15moc\/wp-json\/wp\/v2\/media?parent=19"}],"curies":[{"name":"wp","href":"https:\/\/api.w.org\/{rel}","templated":true}]}}