{"id":13,"date":"2016-09-02T15:31:49","date_gmt":"2016-09-02T15:31:49","guid":{"rendered":"http:\/\/eventos.coc.pt\/piom2018\/?page_id=13"},"modified":"2017-06-11T16:02:33","modified_gmt":"2017-06-11T16:02:33","slug":"informacoes-tecnicas","status":"publish","type":"page","link":"http:\/\/eventos.coc.pt\/19gpra4lcrpmcr\/informacoes-tecnicas\/","title":{"rendered":"Informa\u00e7\u00f5es T\u00e9cnicas"},"content":{"rendered":"<p>Etapa 1 &#8211; Porto de M\u00f3s City Race:<\/p>\n<table width=\"384\">\n<tbody>\n<tr>\n<td style=\"text-align: center;\" width=\"91\"><strong>ESCAL\u00c3O<\/strong><\/td>\n<td style=\"text-align: center;\" width=\"158\"><strong>DIST\u00c2NCIA MAIS CURTA\u00a0(mts)<\/strong><\/td>\n<td style=\"text-align: center;\" width=\"71\"><strong>DESN\u00cdVEL<\/strong><\/td>\n<td style=\"text-align: center;\" width=\"64\"><strong>PONTOS<\/strong><\/td>\n<\/tr>\n<tr>\n<td>AEIOU<\/td>\n<td style=\"text-align: center;\">760<\/td>\n<td style=\"text-align: center;\">10<\/td>\n<td style=\"text-align: center;\">14<\/td>\n<\/tr>\n<tr>\n<td>ABC<\/td>\n<td style=\"text-align: center;\">1120<\/td>\n<td style=\"text-align: center;\">15<\/td>\n<td style=\"text-align: center;\">16<\/td>\n<\/tr>\n<tr>\n<td>TUR\u00cdSTICO<\/td>\n<td style=\"text-align: center;\">4850<\/td>\n<td style=\"text-align: center;\">97,5<\/td>\n<td style=\"text-align: center;\">28<\/td>\n<\/tr>\n<tr>\n<td>FORMA\u00c7\u00c3O<\/td>\n<td style=\"text-align: center;\">2540<\/td>\n<td style=\"text-align: center;\">40<\/td>\n<td style=\"text-align: center;\">21<\/td>\n<\/tr>\n<tr>\n<td>OPEN CURTO<\/td>\n<td style=\"text-align: center;\">2670<\/td>\n<td style=\"text-align: center;\">22,5<\/td>\n<td style=\"text-align: center;\">21<\/td>\n<\/tr>\n<tr>\n<td>OPEN M\u00c9DIO<\/td>\n<td style=\"text-align: center;\">4320<\/td>\n<td style=\"text-align: center;\">67,5<\/td>\n<td style=\"text-align: center;\">29<\/td>\n<\/tr>\n<tr>\n<td>OPEN LONGO<\/td>\n<td style=\"text-align: center;\">6100<\/td>\n<td style=\"text-align: center;\">115<\/td>\n<td style=\"text-align: center;\">29<\/td>\n<\/tr>\n<tr>\n<td>JUV FEM<\/td>\n<td style=\"text-align: center;\">4630<\/td>\n<td style=\"text-align: center;\">87,5<\/td>\n<td style=\"text-align: center;\">27<\/td>\n<\/tr>\n<tr>\n<td>JUV MASC<\/td>\n<td style=\"text-align: center;\">6610<\/td>\n<td style=\"text-align: center;\">102,5<\/td>\n<td style=\"text-align: center;\">29<\/td>\n<\/tr>\n<tr>\n<td>JUN FEM<\/td>\n<td style=\"text-align: center;\">5630<\/td>\n<td style=\"text-align: center;\">100<\/td>\n<td style=\"text-align: center;\">25<\/td>\n<\/tr>\n<tr>\n<td>JUN MASC<\/td>\n<td style=\"text-align: center;\">6850<\/td>\n<td style=\"text-align: center;\">115<\/td>\n<td style=\"text-align: center;\">27<\/td>\n<\/tr>\n<tr>\n<td>SEN FEM<\/td>\n<td style=\"text-align: center;\">6350<\/td>\n<td style=\"text-align: center;\">120<\/td>\n<td style=\"text-align: center;\">29<\/td>\n<\/tr>\n<tr>\n<td>SEN MASC<\/td>\n<td style=\"text-align: center;\">8660<\/td>\n<td style=\"text-align: center;\">152,5<\/td>\n<td style=\"text-align: center;\">30<\/td>\n<\/tr>\n<tr>\n<td>VET I FEM<\/td>\n<td style=\"text-align: center;\">5490<\/td>\n<td style=\"text-align: center;\">102,5<\/td>\n<td style=\"text-align: center;\">23<\/td>\n<\/tr>\n<tr>\n<td>VET I MASC<\/td>\n<td style=\"text-align: center;\">6920<\/td>\n<td style=\"text-align: center;\">110<\/td>\n<td style=\"text-align: center;\">29<\/td>\n<\/tr>\n<tr>\n<td>VET II FEM<\/td>\n<td style=\"text-align: center;\">5040<\/td>\n<td style=\"text-align: center;\">70<\/td>\n<td style=\"text-align: center;\">28<\/td>\n<\/tr>\n<tr>\n<td>VET II MASC<\/td>\n<td style=\"text-align: center;\">6010<\/td>\n<td style=\"text-align: center;\">97,5<\/td>\n<td style=\"text-align: center;\">27<\/td>\n<\/tr>\n<tr>\n<td>VET III FEM<\/td>\n<td style=\"text-align: center;\">3420<\/td>\n<td style=\"text-align: center;\">47,5<\/td>\n<td style=\"text-align: center;\">17<\/td>\n<\/tr>\n<tr>\n<td>VET III MASC<\/td>\n<td style=\"text-align: center;\">4120<\/td>\n<td style=\"text-align: center;\">55<\/td>\n<td style=\"text-align: center;\">22<\/td>\n<\/tr>\n<\/tbody>\n<\/table>\n<p>Etapa 2 &#8211; Leiria City Race (Circuito Portugal City Race):<\/p>\n<table width=\"384\">\n<tbody>\n<tr>\n<td style=\"text-align: center;\" width=\"91\"><strong>ESCAL\u00c3O<\/strong><\/td>\n<td style=\"text-align: center;\" width=\"158\"><strong>DIST\u00c2NCIA MAIS CURTA\u00a0(mts)<\/strong><\/td>\n<td style=\"text-align: center;\" width=\"71\"><strong>DESN\u00cdVEL<\/strong><\/td>\n<td style=\"text-align: center;\" width=\"64\"><strong>PONTOS<\/strong><\/td>\n<\/tr>\n<tr>\n<td>AEIOU<\/td>\n<td style=\"text-align: center;\">1200<\/td>\n<td style=\"text-align: center;\">5<\/td>\n<td style=\"text-align: center;\">13<\/td>\n<\/tr>\n<tr>\n<td>ABC<\/td>\n<td style=\"text-align: center;\">2500<\/td>\n<td style=\"text-align: center;\">10<\/td>\n<td style=\"text-align: center;\">19<\/td>\n<\/tr>\n<tr>\n<td>TUR\u00cdSTICO<\/td>\n<td style=\"text-align: center;\">5700<\/td>\n<td style=\"text-align: center;\">100<\/td>\n<td style=\"text-align: center;\">27<\/td>\n<\/tr>\n<tr>\n<td>FORMA\u00c7\u00c3O<\/td>\n<td style=\"text-align: center;\">\u00a02500<\/td>\n<td style=\"text-align: center;\">10<\/td>\n<td style=\"text-align: center;\">13<\/td>\n<\/tr>\n<tr>\n<td>OPEN CURTO<\/td>\n<td style=\"text-align: center;\">\u00a04900<\/td>\n<td style=\"text-align: center;\">40<\/td>\n<td style=\"text-align: center;\">21<\/td>\n<\/tr>\n<tr>\n<td>OPEN M\u00c9DIO<\/td>\n<td style=\"text-align: center;\">\u00a05200<\/td>\n<td style=\"text-align: center;\">30<\/td>\n<td style=\"text-align: center;\">24<\/td>\n<\/tr>\n<tr>\n<td>OPEN LONGO<\/td>\n<td style=\"text-align: center;\">\u00a06000<\/td>\n<td style=\"text-align: center;\">75<\/td>\n<td style=\"text-align: center;\">28<\/td>\n<\/tr>\n<tr>\n<td>JUV FEM<\/td>\n<td style=\"text-align: center;\">\u00a06500<\/td>\n<td style=\"text-align: center;\">70<\/td>\n<td style=\"text-align: center;\">25<\/td>\n<\/tr>\n<tr>\n<td>JUV MASC<\/td>\n<td style=\"text-align: center;\">\u00a07100<\/td>\n<td style=\"text-align: center;\">85<\/td>\n<td style=\"text-align: center;\">25<\/td>\n<\/tr>\n<tr>\n<td>JUN FEM<\/td>\n<td style=\"text-align: center;\">\u00a06400<\/td>\n<td style=\"text-align: center;\">120<\/td>\n<td style=\"text-align: center;\">28<\/td>\n<\/tr>\n<tr>\n<td>JUN MASC<\/td>\n<td style=\"text-align: center;\">\u00a09400<\/td>\n<td style=\"text-align: center;\">150<\/td>\n<td style=\"text-align: center;\">30<\/td>\n<\/tr>\n<tr>\n<td>SEN FEM<\/td>\n<td style=\"text-align: center;\">\u00a09200<\/td>\n<td style=\"text-align: center;\">155<\/td>\n<td style=\"text-align: center;\">27<\/td>\n<\/tr>\n<tr>\n<td>SEN MASC<\/td>\n<td style=\"text-align: center;\">\u00a010400<\/td>\n<td style=\"text-align: center;\">150<\/td>\n<td style=\"text-align: center;\">30<\/td>\n<\/tr>\n<tr>\n<td>VET I FEM<\/td>\n<td style=\"text-align: center;\">\u00a07700<\/td>\n<td style=\"text-align: center;\">140<\/td>\n<td style=\"text-align: center;\">26<\/td>\n<\/tr>\n<tr>\n<td>VET I MASC<\/td>\n<td style=\"text-align: center;\">\u00a09900<\/td>\n<td style=\"text-align: center;\">135<\/td>\n<td style=\"text-align: center;\">30<\/td>\n<\/tr>\n<tr>\n<td>VET II FEM<\/td>\n<td style=\"text-align: center;\">\u00a06800<\/td>\n<td style=\"text-align: center;\">90<\/td>\n<td style=\"text-align: center;\">25<\/td>\n<\/tr>\n<tr>\n<td>VET II MASC<\/td>\n<td style=\"text-align: center;\">\u00a07500<\/td>\n<td style=\"text-align: center;\">125<\/td>\n<td style=\"text-align: center;\">27<\/td>\n<\/tr>\n<tr>\n<td>VET III FEM<\/td>\n<td style=\"text-align: center;\">\u00a05700<\/td>\n<td style=\"text-align: center;\">40<\/td>\n<td style=\"text-align: center;\">29<\/td>\n<\/tr>\n<tr>\n<td>VET III MASC<\/td>\n<td style=\"text-align: center;\">\u00a06500<\/td>\n<td style=\"text-align: center;\">65<\/td>\n<td style=\"text-align: center;\">30<\/td>\n<\/tr>\n<\/tbody>\n<\/table>\n","protected":false},"excerpt":{"rendered":"<p>Etapa 1 &#8211; Porto de M\u00f3s City Race: ESCAL\u00c3O DIST\u00c2NCIA MAIS CURTA\u00a0(mts) DESN\u00cdVEL PONTOS AEIOU 760 10 14 ABC 1120 15 16 TUR\u00cdSTICO 4850 97,5 28 FORMA\u00c7\u00c3O 2540 40 21 OPEN CURTO 2670 22,5 21 OPEN M\u00c9DIO 4320 67,5 29 OPEN LONGO 6100 115 29 JUV FEM 4630 87,5 27 JUV MASC 6610 102,5 29 &hellip; <a href=\"http:\/\/eventos.coc.pt\/19gpra4lcrpmcr\/informacoes-tecnicas\/\" class=\"more-link\">Continuar a ler <span class=\"screen-reader-text\">Informa\u00e7\u00f5es T\u00e9cnicas<\/span><\/a><\/p>\n","protected":false},"author":1,"featured_media":0,"parent":0,"menu_order":12,"comment_status":"closed","ping_status":"closed","template":"","meta":{"footnotes":""},"class_list":["post-13","page","type-page","status-publish","hentry"],"_links":{"self":[{"href":"http:\/\/eventos.coc.pt\/19gpra4lcrpmcr\/wp-json\/wp\/v2\/pages\/13","targetHints":{"allow":["GET"]}}],"collection":[{"href":"http:\/\/eventos.coc.pt\/19gpra4lcrpmcr\/wp-json\/wp\/v2\/pages"}],"about":[{"href":"http:\/\/eventos.coc.pt\/19gpra4lcrpmcr\/wp-json\/wp\/v2\/types\/page"}],"author":[{"embeddable":true,"href":"http:\/\/eventos.coc.pt\/19gpra4lcrpmcr\/wp-json\/wp\/v2\/users\/1"}],"replies":[{"embeddable":true,"href":"http:\/\/eventos.coc.pt\/19gpra4lcrpmcr\/wp-json\/wp\/v2\/comments?post=13"}],"version-history":[{"count":26,"href":"http:\/\/eventos.coc.pt\/19gpra4lcrpmcr\/wp-json\/wp\/v2\/pages\/13\/revisions"}],"predecessor-version":[{"id":483,"href":"http:\/\/eventos.coc.pt\/19gpra4lcrpmcr\/wp-json\/wp\/v2\/pages\/13\/revisions\/483"}],"wp:attachment":[{"href":"http:\/\/eventos.coc.pt\/19gpra4lcrpmcr\/wp-json\/wp\/v2\/media?parent=13"}],"curies":[{"name":"wp","href":"https:\/\/api.w.org\/{rel}","templated":true}]}}