{"id":21,"date":"2016-09-02T15:32:45","date_gmt":"2016-09-02T15:32:45","guid":{"rendered":"http:\/\/eventos.coc.pt\/piom2018\/?page_id=21"},"modified":"2017-03-30T21:26:49","modified_gmt":"2017-03-30T21:26:49","slug":"organizacao","status":"publish","type":"page","link":"http:\/\/eventos.coc.pt\/19gpra4lcrpmcr\/organizacao\/","title":{"rendered":"Organiza\u00e7\u00e3o"},"content":{"rendered":"<div id=\"comp-is6e9qle\" class=\"s12\" data-reactid=\".0.$SITE_ROOT.$desktop_siteRoot.$PAGES_CONTAINER.1.1.$SITE_PAGES.$ofav6.1.$comp-is6e9qle\">\n<p class=\"font_2\"><span style=\"font-family: helvetica, arial, sans-serif;\"><strong>Clube de Orienta\u00e7\u00e3o do Centro (COC), Regimento de Artilharia N\u00ba4, Federa\u00e7\u00e3o Portuguesa de Orienta\u00e7\u00e3o, C\u00e2mara Municipal de Porto de M\u00f3s e C\u00e2mara Municipal da Leiria<\/strong><\/span><\/p>\n<\/div>\n<div id=\"comp-is6e9qlf\" class=\"s12\" data-reactid=\".0.$SITE_ROOT.$desktop_siteRoot.$PAGES_CONTAINER.1.1.$SITE_PAGES.$ofav6.1.$comp-is6e9qlf\">\n<p class=\"font_8\"><span class=\"color_11\" style=\"font-family: helvetica, arial, sans-serif;\"><strong>Directores da Prova:<\/strong>\u00a0Isabel Monteiro e Carlos Vale<\/span><\/p>\n<p class=\"font_8\"><span class=\"color_11\" style=\"font-family: helvetica, arial, sans-serif;\"><strong>Director T\u00e9cnico:<\/strong>\u00a0<\/span><\/p>\n<p class=\"font_8\"><span class=\"color_11\" style=\"font-family: helvetica, arial, sans-serif;\"><strong>Supervisor:<\/strong>\u00a0<\/span><\/p>\n<p class=\"font_8\"><span class=\"color_11\" style=\"font-family: helvetica, arial, sans-serif;\"><strong>Cart\u00f3grafo:<\/strong>\u00a0<\/span><\/p>\n<p class=\"font_8\"><span class=\"color_11\" style=\"font-family: helvetica, arial, sans-serif;\"><strong>Tra\u00e7ador de Percursos:<\/strong>\u00a0<\/span><\/p>\n<p class=\"font_8\"><span class=\"color_11\" style=\"font-family: helvetica, arial, sans-serif;\"><strong>Inform\u00e1tica:<\/strong>\u00a0<\/span><\/p>\n<p class=\"font_8\"><span class=\"color_11\" style=\"font-family: helvetica, arial, sans-serif;\"><strong>Web e Inscri\u00e7\u00f5es On-line OASIS:<\/strong>\u00a0<\/span><\/p>\n<p class=\"font_8\"><span class=\"color_11\" style=\"font-family: helvetica, arial, sans-serif;\"><strong>Secretariado:<\/strong>\u00a0<\/span><\/p>\n<p class=\"font_8\"><span class=\"color_11\" style=\"font-family: helvetica, arial, sans-serif;\"><strong>Arena:<\/strong>\u00a0<\/span><\/p>\n<p class=\"font_8\"><span class=\"color_11\" style=\"font-family: helvetica, arial, sans-serif;\"><strong>Log\u00edstica:<\/strong>\u00a0<\/span><\/p>\n<p class=\"font_8\"><span class=\"color_11\" style=\"font-family: helvetica, arial, sans-serif;\"><strong>Chegadas:<\/strong>\u00a0<\/span><\/p>\n<p class=\"font_8\"><span class=\"color_11\" style=\"font-family: helvetica, arial, sans-serif;\"><strong>Partidas:<\/strong>\u00a0<\/span><\/p>\n<p class=\"font_8\"><span class=\"color_11\" style=\"font-family: helvetica, arial, sans-serif;\"><strong>Baby Sitting:<\/strong>\u00a0<\/span><\/p>\n<p class=\"font_8\"><span class=\"color_11\" style=\"font-family: helvetica, arial, sans-serif;\"><strong>Servi\u00e7o de Bar:<\/strong>\u00a0<\/span><\/p>\n<p class=\"font_8\"><span class=\"color_11\" style=\"font-family: helvetica, arial, sans-serif;\"><strong>Estacionamentos:<\/strong>\u00a0<\/span><\/p>\n<p class=\"font_8\"><span class=\"color_11\" style=\"font-family: helvetica, arial, sans-serif;\"><strong>Sinaliza\u00e7\u00e3o:<\/strong>\u00a0<\/span><\/p>\n<p class=\"font_8\"><span class=\"color_11\" style=\"font-family: helvetica, arial, sans-serif;\"><strong>Imagem e M\u00eddia:<\/strong>\u00a0<\/span><\/p>\n<\/div>\n","protected":false},"excerpt":{"rendered":"<p>Clube de Orienta\u00e7\u00e3o do Centro (COC), Regimento de Artilharia N\u00ba4, Federa\u00e7\u00e3o Portuguesa de Orienta\u00e7\u00e3o, C\u00e2mara Municipal de Porto de M\u00f3s e C\u00e2mara Municipal da Leiria Directores da Prova:\u00a0Isabel Monteiro e Carlos Vale Director T\u00e9cnico:\u00a0 Supervisor:\u00a0 Cart\u00f3grafo:\u00a0 Tra\u00e7ador de Percursos:\u00a0 Inform\u00e1tica:\u00a0 Web e Inscri\u00e7\u00f5es On-line OASIS:\u00a0 Secretariado:\u00a0 Arena:\u00a0 Log\u00edstica:\u00a0 Chegadas:\u00a0 Partidas:\u00a0 Baby Sitting:\u00a0 Servi\u00e7o de Bar:\u00a0 &hellip; <a href=\"http:\/\/eventos.coc.pt\/19gpra4lcrpmcr\/organizacao\/\" class=\"more-link\">Continuar a ler <span class=\"screen-reader-text\">Organiza\u00e7\u00e3o<\/span><\/a><\/p>\n","protected":false},"author":1,"featured_media":0,"parent":0,"menu_order":8,"comment_status":"closed","ping_status":"closed","template":"","meta":{"footnotes":""},"class_list":["post-21","page","type-page","status-publish","hentry"],"_links":{"self":[{"href":"http:\/\/eventos.coc.pt\/19gpra4lcrpmcr\/wp-json\/wp\/v2\/pages\/21","targetHints":{"allow":["GET"]}}],"collection":[{"href":"http:\/\/eventos.coc.pt\/19gpra4lcrpmcr\/wp-json\/wp\/v2\/pages"}],"about":[{"href":"http:\/\/eventos.coc.pt\/19gpra4lcrpmcr\/wp-json\/wp\/v2\/types\/page"}],"author":[{"embeddable":true,"href":"http:\/\/eventos.coc.pt\/19gpra4lcrpmcr\/wp-json\/wp\/v2\/users\/1"}],"replies":[{"embeddable":true,"href":"http:\/\/eventos.coc.pt\/19gpra4lcrpmcr\/wp-json\/wp\/v2\/comments?post=21"}],"version-history":[{"count":14,"href":"http:\/\/eventos.coc.pt\/19gpra4lcrpmcr\/wp-json\/wp\/v2\/pages\/21\/revisions"}],"predecessor-version":[{"id":430,"href":"http:\/\/eventos.coc.pt\/19gpra4lcrpmcr\/wp-json\/wp\/v2\/pages\/21\/revisions\/430"}],"wp:attachment":[{"href":"http:\/\/eventos.coc.pt\/19gpra4lcrpmcr\/wp-json\/wp\/v2\/media?parent=21"}],"curies":[{"name":"wp","href":"https:\/\/api.w.org\/{rel}","templated":true}]}}