{"id":19,"date":"2016-09-02T15:32:36","date_gmt":"2016-09-02T15:32:36","guid":{"rendered":"http:\/\/eventos.coc.pt\/piom2018\/?page_id=19"},"modified":"2018-06-01T14:32:01","modified_gmt":"2018-06-01T14:32:01","slug":"localizacao","status":"publish","type":"page","link":"http:\/\/eventos.coc.pt\/20gpra4\/localizacao\/","title":{"rendered":"Localiza\u00e7\u00e3o"},"content":{"rendered":"<div id=\"comp-is6iivxo\" class=\"s12\" data-reactid=\".0.$SITE_ROOT.$desktop_siteRoot.$PAGES_CONTAINER.1.1.$SITE_PAGES.$j4l16.1.$comp-is6iivxo\"><span style=\"font-family: helvetica, arial, sans-serif;\">\u00a0<\/span><\/div>\n<div id=\"comp-is6ikaqy\" class=\"s11\" data-reactid=\".0.$SITE_ROOT.$desktop_siteRoot.$PAGES_CONTAINER.1.1.$SITE_PAGES.$j4l16.1.$comp-is6ikaqy\">\n<div id=\"comp-is6ikaqyinlineContent\" class=\"s11inlineContent\" data-reactid=\".0.$SITE_ROOT.$desktop_siteRoot.$PAGES_CONTAINER.1.1.$SITE_PAGES.$j4l16.1.$comp-is6ikaqy.0\">\n<div id=\"comp-is6ikarp\" class=\"s12\" data-reactid=\".0.$SITE_ROOT.$desktop_siteRoot.$PAGES_CONTAINER.1.1.$SITE_PAGES.$j4l16.1.$comp-is6ikaqy.0.$comp-is6ikarp\">\n<p class=\"font_8\"><span style=\"font-family: helvetica, arial, sans-serif;\">\u00a0<\/span><span style=\"font-family: helvetica, arial, sans-serif;\">O mapa localiza-se no Concelho da Figueira da Foz, Freguesia da Leirosa a Oeste da EN 109.<\/span><\/p>\n<\/div>\n<\/div>\n<\/div>\n<div id=\"comp-is6iyjma\" class=\"s11\" data-reactid=\".0.$SITE_ROOT.$desktop_siteRoot.$PAGES_CONTAINER.1.1.$SITE_PAGES.$j4l16.1.$comp-is6iyjma\">\n<div id=\"comp-is6iyjmainlineContent\" class=\"s11inlineContent\" data-reactid=\".0.$SITE_ROOT.$desktop_siteRoot.$PAGES_CONTAINER.1.1.$SITE_PAGES.$j4l16.1.$comp-is6iyjma.0\">\n<div id=\"comp-is6iyjny\" class=\"s12\" data-reactid=\".0.$SITE_ROOT.$desktop_siteRoot.$PAGES_CONTAINER.1.1.$SITE_PAGES.$j4l16.1.$comp-is6iyjma.0.$comp-is6iyjny\">\n<p><span style=\"font-family: helvetica, arial, sans-serif;\">Haver\u00e1 sinaliza\u00e7\u00e3o de orienta\u00e7\u00e3o no cruzamento da EN 109 em direc\u00e7\u00e3o \u00e0 Leirosa.<\/span><\/p>\n<p>Coordenadas acesso ao cruzamento do estacionamento:<\/p>\n<p><a href=\"https:\/\/www.google.com\/maps\/place\/40%C2%B003'21.4%22N+8%C2%B052'55.4%22W\/@40.055953,-8.8842527,17z\/data=!3m1!4b1!4m5!3m4!1s0x0:0x0!8m2!3d40.055953!4d-8.882064?hl=en\">40.055953, -8.882064<\/a><\/p>\n<p><span style=\"font-size: 14pt;\"><strong><span style=\"font-family: helvetica, arial, sans-serif;\">Arena:<\/span><\/strong><\/span><\/p>\n\n\t<ul id=\"slideshowgallery1537\" class=\"slideshowgallery1537\" style=\"display:none;\">\n\t\t\t\t\t<!-- From all slides or gallery slides -->\n\t\t\t\t\t\t\t\n\t\t\t\t<li>\n\t\t\t\t\t<h3 style=\"opacity:70;\">ARENA 1<\/h3>\n\t\t\t\t\t\t\t\t\t\t\t<span data-alt=\"arena-1\">http:\/\/eventos.coc.pt\/20gpra4\/wp-content\/uploads\/sites\/11\/bfi_thumb\/ARENA-1-1-35y73bn3px1x1s9sz2agi2.jpg<\/span>\n\t\t\t\t\t\t\t\t\t\t<p><\/p>\n\t\t\t\t\t\t\t\t\t\t\t\t\t\t\t\t\t\t<a><\/a>\n\t\t\t\t\t\t\t\t\t\t\t\t\t\t\t<\/li>\n\t\t\t\t\t\t\t\n\t\t\t\t<li>\n\t\t\t\t\t<h3 style=\"opacity:70;\">ARENA 2<\/h3>\n\t\t\t\t\t\t\t\t\t\t\t<span data-alt=\"arena-2\">http:\/\/eventos.coc.pt\/20gpra4\/wp-content\/uploads\/sites\/11\/bfi_thumb\/ARENA-2-1-35y73b50cqx5xlabflju2y.jpg<\/span>\n\t\t\t\t\t\t\t\t\t\t<p><\/p>\n\t\t\t\t\t\t\t\t\t\t\t\t\t\t\t\t\t\t<a><\/a>\n\t\t\t\t\t\t\t\t\t\t\t\t\t\t\t<\/li>\n\t\t\t\t\t\t\t\n\t\t\t\t<li>\n\t\t\t\t\t<h3 style=\"opacity:70;\">ARENA_ACESSOS<\/h3>\n\t\t\t\t\t\t\t\t\t\t\t<span data-alt=\"arenaacessos\">http:\/\/eventos.coc.pt\/20gpra4\/wp-content\/uploads\/sites\/11\/bfi_thumb\/ARENA_ACESSOS-35y73be21bzjhos27bx5ai.jpg<\/span>\n\t\t\t\t\t\t\t\t\t\t<p><\/p>\n\t\t\t\t\t\t\t\t\t\t\t\t\t\t\t\t\t\t<a><\/a>\n\t\t\t\t\t\t\t\t\t\t\t\t\t\t\t<\/li>\n\t\t\t\t\t\t<\/ul>\n\t\n\t<div id=\"slideshow-wrappergallery1537\" class=\"slideshow-wrapper\">\n\t\t\t\n\t\t<div class=\"slideshow-fullsize\" id=\"fullsizegallery1537\">\n\t\t\t\t\t\t\t\t\t\t\t\t\t\t<div id=\"imgprevgallery1537\" class=\"slideshow-imgprev imgnav\" title=\"Previous Image\">Previous Image<\/div>\n\t\t\t\t\t\t<a id=\"imglinkgallery1537\" class=\"slideshow-imglink imglink\"><!-- link --><\/a>\n\t\t\t\t\t\t\t\t\t\t\t<div id=\"imgnextgallery1537\" class=\"slideshow-imgnext imgnav\" title=\"Next Image\">Next Image<\/div>\n\t\t\t\t\t\t<div id=\"imagegallery1537\" class=\"slideshow-image\"><\/div>\n\t\t\t<div class=\"slideshow-information infobottom\" id=\"informationgallery1537\">\n\t\t\t\t<h3 class=\"slideshow-info-heading\">info heading<\/h3>\n\t\t\t\t<p class=\"slideshow-info-content\">info content<\/p>\n\t\t\t<\/div>\n\t\t<\/div>\n\t\t\n\t\t\t<\/div>\n\t\n\t\n\t<!-- Slideshow Gallery Javascript BEG -->\t\t<script type=\"text\/javascript\">\tjQuery.noConflict();\ttid('slideshowgallery1537').style.display = \"none\";\ttid('slideshow-wrappergallery1537').style.display = 'block';\ttid('slideshow-wrappergallery1537').style.visibility = 'hidden';\tvar spinnerDiv = document.createElement('div');\tspinnerDiv.setAttribute('id', 'spinnergallery1537');\tspinnerDiv.innerHTML = '<i class=\"fa fa-cog fa-spin\"><\/i>';\tjQuery(spinnerDiv).appendTo('#fullsizegallery1537');\ttid('spinnergallery1537').style.visibility = 'visible';\tvar slideshowgallery1537 = new TINY.slideshow(\"slideshowgallery1537\");\tjQuery(document).ready(function() {\t\tslideshowgallery1537.auto = true;\t\tslideshowgallery1537.speed = 10;\t\tslideshowgallery1537.effect = \"fade\";\t\tslideshowgallery1537.slide_direction = \"lr\";\t\tslideshowgallery1537.easing = \"swing\";\t\tslideshowgallery1537.alwaysauto = true;\t\tslideshowgallery1537.autoheight = false;\t\tslideshowgallery1537.autoheight_max = false;\t\tslideshowgallery1537.imgSpeed = 20;\t\tslideshowgallery1537.navOpacity = 25;\t\tslideshowgallery1537.navHover = 75;\t\tslideshowgallery1537.letterbox = \"#000000\";\t\tslideshowgallery1537.linkclass = \"linkhover\";\t\tslideshowgallery1537.imagesid = \"imagesgallery1537\";\t\tslideshowgallery1537.info = \"informationgallery1537\";\t\tslideshowgallery1537.infoonhover = 0;\t\tslideshowgallery1537.infoSpeed = 10;\t\tslideshowgallery1537.infodelay = 0;\t\tslideshowgallery1537.infofade = 0;\t\tslideshowgallery1537.infofadedelay = 0;\t\tslideshowgallery1537.thumbs = \"\";\t\tslideshowgallery1537.thumbOpacity = 70;\t\tslideshowgallery1537.left = \"slideleftgallery1537\";\t\tslideshowgallery1537.right = \"sliderightgallery1537\";\t\tslideshowgallery1537.scrollSpeed = 5;\t\tslideshowgallery1537.spacing = 5;\t\tslideshowgallery1537.active = \"#ffffff\";\t\tslideshowgallery1537.imagesthickbox = \"false\";\t\tjQuery(\"#spinnergallery1537\").remove();\t\tslideshowgallery1537.init(\"slideshowgallery1537\",\"imagegallery1537\",\"imgprevgallery1537\",\"imgnextgallery1537\",\"imglinkgallery1537\");\t\ttid('slideshow-wrappergallery1537').style.visibility = 'visible';\t\tjQuery(window).trigger('resize');\t\t\t\t\t});\t\t\tjQuery(window).resize(function() {\t\t\tvar width = jQuery('#slideshow-wrappergallery1537').width();\t\t\tvar resheight = 50;\t\t\tvar height = Math.round(((resheight \/ 100) * width));\t\t\tjQuery('#fullsizegallery1537').height(height);\t\t});\t\t<\/script>\t\t<!-- Slideshow Gallery Javascript END --><!-- Slideshow Gallery CSS BEG --><style id=\"style-gallery1537\">        ul.slideshowgallery1537 { list-style:none !important; color:#fff; }\n        ul.slideshowgallery1537 span { display:none; }\n        #slideshow-wrappergallery1537 { overflow: hidden; position:relative; width:100%; background:#000000; padding:0 0 0 0; border:1px solid #CCCCCC; margin:0; display:none; }\n        #slideshow-wrappergallery1537 * { margin:0; padding:0; }\n        #slideshow-wrappergallery1537 #fullsizegallery1537 { position:relative; z-index:1; overflow:hidden; width:100%; height:50%; clear:both; border: none; }\n        #slideshow-wrappergallery1537 #informationgallery1537 { text-align:left; font-family:Verdana, Arial, Helvetica, sans-serif !important; position:absolute; width:100%; height:0; background:#000000; color:#FFFFFF; overflow:hidden; z-index:300; opacity:.7; filter:alpha(opacity=70); }\n        #slideshow-wrappergallery1537 #informationgallery1537 h3 { color:#FFFFFF; padding:4px 8px 3px; margin:0 !important; font-size:16px; font-weight:bold; }\n        #slideshow-wrappergallery1537 #informationgallery1537 a { color:#FFFFFF; }\n        #slideshow-wrappergallery1537 #informationgallery1537 p { color:#FFFFFF; padding:0 8px 8px; margin:0 !important; font-size: 14px; font-weight:normal; }\n        #slideshow-wrappergallery1537 .infotop { margin-bottom:8px !important; top:0!important; }\n        #slideshow-wrappergallery1537 .infobottom { margin-top:8px !important; bottom:0!important; }\n                    #slideshow-wrappergallery1537 #imagegallery1537 { width:100%; }\n            #slideshow-wrappergallery1537 #imagegallery1537 img { border:none; border-radius:0; box-shadow:none; position:absolute; height:auto; width:100%; margin:0 auto; display:block; }\n                #slideshow-wrappergallery1537 .imgnav { position:absolute; width:25%; height:100%; cursor:pointer; z-index:250; }\n        #slideshow-wrappergallery1537 #imgprevgallery1537:before { font-family:FontAwesome; content:\"\\f053\"; font-size:30px; color:white; visibility:visible; left:0; text-align:left; width: auto; height:auto; line-height:160%; top:50%; margin:-30px 0 0 0; border-radius:0 10px 10px 0; background:black; padding:3px 10px 0 10px; position: absolute; display: inline-block; }\n        #slideshow-wrappergallery1537 #imgprevgallery1537 { display:none; -moz-user-select: none; -khtml-user-select: none; -webkit-user-select: none; -o-user-select: none; left:0; font-size:0px; }\n        #slideshow-wrappergallery1537 #imgnextgallery1537:before { font-family:FontAwesome; content:\"\\f054\"; font-size:30px; color:white; visibility:visible; right:0; text-align:right; width: auto; height:auto; line-height:160%; top:50%; margin:-30px 0 0 0; border-radius:10px 0 0 10px; background:black; padding:3px 10px 0 10px; position: absolute; display: inline-block; }\n        #slideshow-wrappergallery1537 #imgnextgallery1537 { display:none; -moz-user-select: none; -khtml-user-select: none; -webkit-user-select: none; -o-user-select: none; right:0; font-size:0px; }\n        #slideshow-wrappergallery1537 #imglinkgallery1537 { position:absolute; zoom:1; background-color:#ffffff; height:100%; width:100%; left:0; z-index:149; opacity:0; filter:alpha(opacity=0); }\n        #slideshow-wrappergallery1537 .linkhover:before { font-family:FontAwesome; content:\"\\f14c\"; font-size:30px; text-align:center; height:auto; line-height:160%; width:auto; top:50%; left:auto; right:auto; margin:-30px 0 0 0; padding:0px 12px; display: inline-block; position: relative; background:black; color:white; border-radius:10px; }\n        #slideshow-wrappergallery1537 .linkhover { background:transparent !important; opacity:.4 !important; filter:alpha(opacity=40) !important; text-align:center; font-size:0px; }\n        #slideshow-wrappergallery1537 #thumbnailsgallery1537 { background:#000000; height:89px; width:100%; position:relative; overflow:hidden; }\n        #slideshow-wrappergallery1537 .thumbstop { margin-bottom:8px !important; }\n        #slideshow-wrappergallery1537 .thumbsbot { margin-top:8px !important; }\n        #slideshow-wrappergallery1537 #slideleftgallery1537:before { font-family:FontAwesome; content: \"\\f104\"; color:#999; position: absolute; height: auto; line-height:160%; width: auto; display: inline-block; top: 50%; font-size: 30px; margin: -30px 0 0 0; padding: 0 5px; }\n        #slideshow-wrappergallery1537 #slideleftgallery1537 { text-align:left; float:left; position:absolute; left:0; z-index:150; width:20px; height:89px; background:#222; }\n        #slideshow-wrappergallery1537 #slideleftgallery1537:hover { background-color:#333; }\n        #slideshow-wrappergallery1537 #sliderightgallery1537:before { font-family:FontAwesome; content: \"\\f105\"; color:#999; position: absolute; height: auto; line-height:160%; width: auto; display: inline-block; top: 50%; font-size: 30px; margin: -30px 0 0 0; padding: 0 5px; }\n        #slideshow-wrappergallery1537 #sliderightgallery1537 { text-align:left; float:right; position:absolute; right:0; z-index:150; width:20px; height:89px; background:#222; }\n        #slideshow-wrappergallery1537 #sliderightgallery1537:hover { background-color:#333; }\n        #slideshow-wrappergallery1537 #slideareagallery1537 { float:left; position:absolute; z-index:149; background:#000000; width:100%; margin:0; height:89px; overflow:hidden; }\n        #slideshow-wrappergallery1537 #slidergallery1537 { position:absolute; width:393px !important; left:0; height:89px; padding:3px 20px 0 25px; }\n        #slideshow-wrappergallery1537 #slidergallery1537 img { width:100px; height:75px; cursor:pointer; border:1px solid #666; padding:2px; float:left !important; }\n        #slideshow-wrappergallery1537 #spinnergallery1537 { position:relative; top:50%; left:45%; text-align:left; font-size:30px; }\n        #slideshow-wrappergallery1537 #spinnergallery1537 img { border:none; }\n                @media (max-width:480px) { \t.slideshow-information { display: none !important; } }\n                        @media (max-width:480px) { \t.slideshow-thumbnails { display: none !important; } }\n            <\/style><!-- Slideshow Gallery CSS END -->\n<\/div>\n<\/div>\n<p><span style=\"font-family: helvetica, arial, sans-serif;\"><a href=\"http:\/\/eventos.coc.pt\/archive\/20gpra4\/localizacao\/20GPRA4_LEIROSA.kmz\">Link para download ficheiro kmz (Google Earth)<\/a><\/span><\/p>\n<p><img loading=\"lazy\" decoding=\"async\" class=\"alignnone size-full wp-image-459\" src=\"http:\/\/eventos.coc.pt\/20gpra4\/wp-content\/uploads\/sites\/11\/2018\/04\/SITES-DO-EVENTO-1.jpg\" alt=\"\" width=\"1357\" height=\"842\" srcset=\"http:\/\/eventos.coc.pt\/20gpra4\/wp-content\/uploads\/sites\/11\/2018\/04\/SITES-DO-EVENTO-1.jpg 1357w, http:\/\/eventos.coc.pt\/20gpra4\/wp-content\/uploads\/sites\/11\/2018\/04\/SITES-DO-EVENTO-1-300x186.jpg 300w, http:\/\/eventos.coc.pt\/20gpra4\/wp-content\/uploads\/sites\/11\/2018\/04\/SITES-DO-EVENTO-1-768x477.jpg 768w, http:\/\/eventos.coc.pt\/20gpra4\/wp-content\/uploads\/sites\/11\/2018\/04\/SITES-DO-EVENTO-1-1024x635.jpg 1024w\" sizes=\"auto, (max-width: 1357px) 100vw, 1357px\" \/><\/p>\n<div id=\"comp-is6iyjmainlineContent\" class=\"s11inlineContent\" data-reactid=\".0.$SITE_ROOT.$desktop_siteRoot.$PAGES_CONTAINER.1.1.$SITE_PAGES.$j4l16.1.$comp-is6iyjma.0\">\n<div id=\"comp-is6iyjny\" class=\"s12\" data-reactid=\".0.$SITE_ROOT.$desktop_siteRoot.$PAGES_CONTAINER.1.1.$SITE_PAGES.$j4l16.1.$comp-is6iyjma.0.$comp-is6iyjny\">\n<p><span style=\"font-family: helvetica, arial, sans-serif;\"><strong>Servi\u00e7os a funcionar na Arena:<\/strong><\/span><\/p>\n<p><span style=\"font-family: helvetica, arial, sans-serif;\">Secretariado<\/span><\/p>\n<p><span style=\"font-family: helvetica, arial, sans-serif;\">Chegadas<\/span><\/p>\n<p><span style=\"font-family: helvetica, arial, sans-serif;\">Baby Sitting<\/span><\/p>\n<p><span style=\"font-size: 14pt;\"><strong><span style=\"font-family: helvetica, arial, sans-serif;\">Estacionamentos:<\/span><\/strong><\/span><\/p>\n<p><span style=\"font-family: helvetica, arial, sans-serif;\">Junto ao parque de merendes na Praia da Leirosa. Depois os atletas deslocam-se a p\u00e9 para a Arena que dista cerca de 500 mts (+\/- 10 minutos a passo)<\/span><\/p>\n<p><span style=\"font-size: 14pt;\"><strong><span style=\"font-family: helvetica, arial, sans-serif;\">Banhos:<\/span><\/strong><\/span><\/p>\n<p><span style=\"font-family: helvetica, arial, sans-serif;\">No campo de futebol do Clube Recreativo da Praia da Leirosa, junto ao Parque de Merendas e ao Estacionamento.<\/span><\/p>\n<p><span style=\"font-size: 14pt;\"><strong><span style=\"font-family: helvetica, arial, sans-serif;\">Almo\u00e7o Volante:<\/span><\/strong><\/span><\/p>\n<p><span style=\"font-family: helvetica, arial, sans-serif;\">Ser\u00e1 servido no Parque de Merendas da Praia da Leirosa, junto aos Estacionamentos.<\/span><\/p>\n<p>&nbsp;<\/p>\n<\/div>\n<\/div>\n<\/div>\n","protected":false},"excerpt":{"rendered":"<p>\u00a0 \u00a0O mapa localiza-se no Concelho da Figueira da Foz, Freguesia da Leirosa a Oeste da EN 109. Haver\u00e1 sinaliza\u00e7\u00e3o de orienta\u00e7\u00e3o no cruzamento da EN 109 em direc\u00e7\u00e3o \u00e0 Leirosa. Coordenadas acesso ao cruzamento do estacionamento: 40.055953, -8.882064 Arena: Link para download ficheiro kmz (Google Earth) Servi\u00e7os a funcionar na Arena: Secretariado Chegadas Baby &hellip; <a href=\"http:\/\/eventos.coc.pt\/20gpra4\/localizacao\/\" class=\"more-link\">Continuar a ler <span class=\"screen-reader-text\">Localiza\u00e7\u00e3o<\/span><\/a><\/p>\n","protected":false},"author":1,"featured_media":0,"parent":0,"menu_order":9,"comment_status":"closed","ping_status":"closed","template":"","meta":{"footnotes":""},"class_list":["post-19","page","type-page","status-publish","hentry"],"_links":{"self":[{"href":"http:\/\/eventos.coc.pt\/20gpra4\/wp-json\/wp\/v2\/pages\/19","targetHints":{"allow":["GET"]}}],"collection":[{"href":"http:\/\/eventos.coc.pt\/20gpra4\/wp-json\/wp\/v2\/pages"}],"about":[{"href":"http:\/\/eventos.coc.pt\/20gpra4\/wp-json\/wp\/v2\/types\/page"}],"author":[{"embeddable":true,"href":"http:\/\/eventos.coc.pt\/20gpra4\/wp-json\/wp\/v2\/users\/1"}],"replies":[{"embeddable":true,"href":"http:\/\/eventos.coc.pt\/20gpra4\/wp-json\/wp\/v2\/comments?post=19"}],"version-history":[{"count":33,"href":"http:\/\/eventos.coc.pt\/20gpra4\/wp-json\/wp\/v2\/pages\/19\/revisions"}],"predecessor-version":[{"id":487,"href":"http:\/\/eventos.coc.pt\/20gpra4\/wp-json\/wp\/v2\/pages\/19\/revisions\/487"}],"wp:attachment":[{"href":"http:\/\/eventos.coc.pt\/20gpra4\/wp-json\/wp\/v2\/media?parent=19"}],"curies":[{"name":"wp","href":"https:\/\/api.w.org\/{rel}","templated":true}]}}