{"id":21,"date":"2016-09-02T15:32:45","date_gmt":"2016-09-02T15:32:45","guid":{"rendered":"http:\/\/eventos.coc.pt\/piom2018\/?page_id=21"},"modified":"2018-03-15T21:23:21","modified_gmt":"2018-03-15T21:23:21","slug":"organizacao","status":"publish","type":"page","link":"http:\/\/eventos.coc.pt\/20gpra4\/organizacao\/","title":{"rendered":"Organiza\u00e7\u00e3o"},"content":{"rendered":"<div id=\"comp-is6e9qle\" class=\"s12\" data-reactid=\".0.$SITE_ROOT.$desktop_siteRoot.$PAGES_CONTAINER.1.1.$SITE_PAGES.$ofav6.1.$comp-is6e9qle\">\n<p class=\"font_2\"><strong>Clube de Orienta\u00e7\u00e3o do Centro (COC), Regimento de Artilharia N\u00ba4 e\u00a0Federa\u00e7\u00e3o Portuguesa de Orienta\u00e7\u00e3o<\/strong><\/p>\n<\/div>\n<div id=\"comp-is6e9qlf\" class=\"s12\" data-reactid=\".0.$SITE_ROOT.$desktop_siteRoot.$PAGES_CONTAINER.1.1.$SITE_PAGES.$ofav6.1.$comp-is6e9qlf\">\n<p class=\"font_8\"><span class=\"color_11\"><strong>Director da Prova:<\/strong>\u00a0Catarina Castel\u00e3o<\/span><\/p>\n<p class=\"font_8\"><span class=\"color_11\"><strong>Supervisor:<\/strong>\u00a0Luis Santos<\/span><\/p>\n<p class=\"font_8\"><span class=\"color_11\"><strong>Cart\u00f3grafo:<\/strong>\u00a0Rui Antunes<\/span><\/p>\n<p class=\"font_8\"><span class=\"color_11\"><strong>Tra\u00e7ador de Percursos:<\/strong>\u00a0Rui Antunes e\u00a0Carlos Monteiro<\/span><\/p>\n<p class=\"font_8\">\n<p class=\"font_8\">\n<\/div>\n","protected":false},"excerpt":{"rendered":"<p>Clube de Orienta\u00e7\u00e3o do Centro (COC), Regimento de Artilharia N\u00ba4 e\u00a0Federa\u00e7\u00e3o Portuguesa de Orienta\u00e7\u00e3o Director da Prova:\u00a0Catarina Castel\u00e3o Supervisor:\u00a0Luis Santos Cart\u00f3grafo:\u00a0Rui Antunes Tra\u00e7ador de Percursos:\u00a0Rui Antunes e\u00a0Carlos Monteiro<\/p>\n","protected":false},"author":1,"featured_media":0,"parent":0,"menu_order":8,"comment_status":"closed","ping_status":"closed","template":"","meta":{"footnotes":""},"class_list":["post-21","page","type-page","status-publish","hentry"],"_links":{"self":[{"href":"http:\/\/eventos.coc.pt\/20gpra4\/wp-json\/wp\/v2\/pages\/21","targetHints":{"allow":["GET"]}}],"collection":[{"href":"http:\/\/eventos.coc.pt\/20gpra4\/wp-json\/wp\/v2\/pages"}],"about":[{"href":"http:\/\/eventos.coc.pt\/20gpra4\/wp-json\/wp\/v2\/types\/page"}],"author":[{"embeddable":true,"href":"http:\/\/eventos.coc.pt\/20gpra4\/wp-json\/wp\/v2\/users\/1"}],"replies":[{"embeddable":true,"href":"http:\/\/eventos.coc.pt\/20gpra4\/wp-json\/wp\/v2\/comments?post=21"}],"version-history":[{"count":11,"href":"http:\/\/eventos.coc.pt\/20gpra4\/wp-json\/wp\/v2\/pages\/21\/revisions"}],"predecessor-version":[{"id":382,"href":"http:\/\/eventos.coc.pt\/20gpra4\/wp-json\/wp\/v2\/pages\/21\/revisions\/382"}],"wp:attachment":[{"href":"http:\/\/eventos.coc.pt\/20gpra4\/wp-json\/wp\/v2\/media?parent=21"}],"curies":[{"name":"wp","href":"https:\/\/api.w.org\/{rel}","templated":true}]}}