{"id":17,"date":"2016-09-02T15:32:21","date_gmt":"2016-09-02T15:32:21","guid":{"rendered":"http:\/\/eventos.coc.pt\/piom2018\/?page_id=17"},"modified":"2019-05-23T09:10:24","modified_gmt":"2019-05-23T09:10:24","slug":"inscricoes","status":"publish","type":"page","link":"http:\/\/eventos.coc.pt\/21gpra4\/inscricoes\/","title":{"rendered":"Inscri\u00e7\u00f5es"},"content":{"rendered":"<p><strong>Prazos de Inscri\u00e7\u00e3o<\/strong><\/p>\n<p><strong>Escal\u00f5es de Competi\u00e7\u00e3o: <\/strong>05 Junho 2019<\/p>\n<p><strong>Escal\u00f5es Abertos, Tur\u00edstica e Ori-Fam\u00edlia<\/strong>: 08 Junho 2019 (condicionada a disponibilidade de mapas. Para assegurar a reserva do mapa deve proceder \u00e0 sua inscri\u00e7\u00e3o).<\/p>\n<p><strong>Como se inscrever<\/strong><\/p>\n<p>Os atletas devem efetuar as suas inscri\u00e7\u00f5es atrav\u00e9s da plataforma <a href=\"http:\/\/www.orioasis.pt\/oasis\/shortcut.php?action=shortcut_events_all_info&amp;\" target=\"_blank\" rel=\"noopener\">OriOasis<\/a> ou atrav\u00e9s de e-mail para <a href=\"mailto:info@coc.pt\">info@coc.pt<\/a> (atletas n\u00e3o federados na FPO)<\/p>\n<p>Em caso de d\u00favidas ou problemas por favor contacte a organiza\u00e7\u00e3o atrav\u00e9s do seguinte e-mail: <a href=\"mailto:info@coc.pt\">info@coc.pt<\/a><\/p>\n<p><strong>Dados obrigat\u00f3rios para inscri\u00e7\u00e3o (individual ou em grupo)<\/strong><\/p>\n<ul>\n<li>Nome completo do (s) participante (s);<\/li>\n<li>Data (s) de nascimento;<\/li>\n<li>Nome do Clube (caso aplic\u00e1vel);<\/li>\n<li>Pa\u00eds;<\/li>\n<li>Escal\u00e3o em que cada pessoa deseja participar;<\/li>\n<li>N\u00famero do SportIdent Card (se n\u00e3o tiver o seu pr\u00f3prio SI ser-lhe-\u00e1 cedido um sem custo, a perda ou n\u00e3o devolu\u00e7\u00e3o de um SI Card alugado implica o pagamento de 50\u20ac.);<\/li>\n<li>N\u00ba de filiado na FPO (caso n\u00e3o seja filiado na FPO, o n\u00ba de Bilhete de identidade ou cart\u00e3o de cidad\u00e3o); e<\/li>\n<li>N\u00ba de telem\u00f3vel.<\/li>\n<li>Inscri\u00e7\u00e3o no solo duro (caso pretenda)<\/li>\n<li>Inscri\u00e7\u00e3o no Baby Sitting (caso pretenda)<\/li>\n<\/ul>\n<p>As inscri\u00e7\u00f5es nos escal\u00f5es abertos, tur\u00edstica e Ori-Fam\u00edlia podem ser efetuadas at\u00e9 ao dia do evento, ficando as mesmas condicionadas ao n\u00famero de mapas dispon\u00edveis.<\/p>\n<p><strong>Nota:<\/strong> Nos escal\u00f5es abertos e tur\u00edsticos os participantes podem efetuar a prova a s\u00f3s ou em grupo. No entanto, mesmo quando a participa\u00e7\u00e3o \u00e9 em grupo cada pessoa paga a sua inscri\u00e7\u00e3o, uma vez que tem direito ao seu mapa e \u00e0 sua classifica\u00e7\u00e3o.<\/p>\n<p><strong>Taxas de Inscri\u00e7\u00e3o:<\/strong><\/p>\n<table>\n<tbody>\n<tr>\n<td width=\"308\"><strong>At\u00e9 20 anos<\/strong><\/td>\n<td width=\"268\">3\u20ac<\/td>\n<\/tr>\n<tr>\n<td width=\"308\"><strong>Maiores de 20 anos<\/strong><\/td>\n<td width=\"268\">5\u20ac<\/td>\n<\/tr>\n<tr>\n<td width=\"308\"><strong>Escolas<\/strong><\/td>\n<td width=\"268\">1,50\u20ac<\/td>\n<\/tr>\n<tr>\n<td width=\"308\"><strong>Mobilidade reduzida (ex: cadeira de rodas\/ carrinho de beb\u00e9)<\/strong><\/td>\n<td width=\"268\">1,50\u20ac<\/td>\n<\/tr>\n<tr>\n<td width=\"308\"><strong>Ori-Fam\u00edlia<\/strong><\/td>\n<td width=\"268\">3\u20ac (por fam\u00edlia, um ou mais percursos)<\/td>\n<\/tr>\n<tr>\n<td width=\"308\"><strong>Comunidade IPL<\/strong><\/td>\n<td width=\"268\">Gratuito<\/p>\n<p>(Mediante inscri\u00e7\u00e3o previa e comprovativo do estabelecimento de ensino)<\/td>\n<\/tr>\n<\/tbody>\n<\/table>\n<p><strong>Seguro desportivo:<\/strong><\/p>\n<ul>\n<li>Os atletas federados na FPO estar\u00e3o segurados pelo seguro da mesma;<\/li>\n<li>Cidad\u00e3os portugueses e estrangeiros residentes em Portugal n\u00e3o federados na FPO tamb\u00e9m estar\u00e3o cobertos pelo seguro da FPO;<\/li>\n<li>Participantes estrangeiros n\u00e3o residentes em Portugal n\u00e3o est\u00e3o cobertos por qualquer seguro, sendo da sua responsabilidade garantir o seu pr\u00f3prio seguro;<\/li>\n<li>Os participantes em nome do Instituto Polit\u00e9cnico de Leiria ser\u00e3o abrangidos pelo seguro escolar, mediante comprovativo do estabelecimento de ensino, sendo necess\u00e1ria inscri\u00e7\u00e3o pr\u00e9via para o efeito.<\/li>\n<\/ul>\n<p><strong>Como pagar:<\/strong><\/p>\n<p>O pagamento das inscri\u00e7\u00f5es poder\u00e1 ser efetuado por transfer\u00eancia banc\u00e1ria ou diretamente no Secretariado em dinheiro.<\/p>\n<p>De forma a facilitar o processo de acredita\u00e7\u00e3o, a organiza\u00e7\u00e3o tem prefer\u00eancia que os pagamentos sejam feitos por transfer\u00eancia banc\u00e1ria.<\/p>\n<p><strong>Dados para pagamento:<\/strong><\/p>\n<p><strong>Banco<\/strong>: Caixa Geral de Dep\u00f3sitos<\/p>\n<p><strong>Ag\u00eancia<\/strong>: Leiria \u2013 Marqu\u00eas de Pombal<\/p>\n<p><strong>IBAN:<\/strong> PT50 0035 0394 00004000030 10<\/p>\n<p><strong>SWIFT CODE BIC<\/strong>: CGDIPTPL<\/p>\n<p><strong>Nome do Destinat\u00e1rio: <\/strong>COC \u2013 Clube de Orienta\u00e7\u00e3o do Centro<\/p>\n<p><strong>Processo de pagamento:<\/strong><\/p>\n<p><strong>Para\u00a0Inscri\u00e7\u00f5es Express do <a href=\"http:\/\/www.orioasis.pt\/oasis\/shortcut.php?action=shortcut_events_all_info&amp;\" target=\"_blank\" rel=\"noopener\">OriOasis<\/a>, por favor coloque o Express Code no descritivo do pagamento.<\/strong><\/p>\n<p>Para<strong>\u00a0pagamentos totais de clubes<\/strong> indiquem sempre o nome do clube no descritivo.<br \/>\nPara\u00a0<strong>pagamentos parciais de clubes<\/strong>, indique nos coment\u00e1rios o clube e a lista de atletas a que se refere o pagamento, ou envie um email (<a href=\"mailto:info@coc.pt\">info@coc.pt<\/a>) \u00e0 organiza\u00e7\u00e3o com a lista de atletas e o comprovativo da transfer\u00eancia.<\/p>\n<p><strong>Notas<\/strong>: Para todas as inscri\u00e7\u00f5es pagas por transfer\u00eancia banc\u00e1ria, \u00e9 necess\u00e1rio enviar comprovativo da opera\u00e7\u00e3o para o email:\u00a0<a href=\"mailto:info@coc.pt\">info@coc.pt<\/a><\/p>\n<p>Todas as despesas inerentes \u00e0s transfer\u00eancias banc\u00e1rias devem ser suportadas pelo ordenante.\u00a0Se alguma despesa\u00a0referente \u00e0s transfer\u00eancias banc\u00e1rias for indevidamente cobrada \u00e0 Organiza\u00e7\u00e3o, as mesmas ser\u00e3o pagas posteriormente pelos clubes ou atletas.<\/p>\n","protected":false},"excerpt":{"rendered":"<p>Prazos de Inscri\u00e7\u00e3o Escal\u00f5es de Competi\u00e7\u00e3o: 05 Junho 2019 Escal\u00f5es Abertos, Tur\u00edstica e Ori-Fam\u00edlia: 08 Junho 2019 (condicionada a disponibilidade de mapas. Para assegurar a reserva do mapa deve proceder \u00e0 sua inscri\u00e7\u00e3o). Como se inscrever Os atletas devem efetuar as suas inscri\u00e7\u00f5es atrav\u00e9s da plataforma OriOasis ou atrav\u00e9s de e-mail para info@coc.pt (atletas n\u00e3o &hellip; <a href=\"http:\/\/eventos.coc.pt\/21gpra4\/inscricoes\/\" class=\"more-link\">Continuar a ler <span class=\"screen-reader-text\">Inscri\u00e7\u00f5es<\/span><\/a><\/p>\n","protected":false},"author":1,"featured_media":0,"parent":0,"menu_order":10,"comment_status":"closed","ping_status":"closed","template":"","meta":{"footnotes":""},"class_list":["post-17","page","type-page","status-publish","hentry"],"_links":{"self":[{"href":"http:\/\/eventos.coc.pt\/21gpra4\/wp-json\/wp\/v2\/pages\/17","targetHints":{"allow":["GET"]}}],"collection":[{"href":"http:\/\/eventos.coc.pt\/21gpra4\/wp-json\/wp\/v2\/pages"}],"about":[{"href":"http:\/\/eventos.coc.pt\/21gpra4\/wp-json\/wp\/v2\/types\/page"}],"author":[{"embeddable":true,"href":"http:\/\/eventos.coc.pt\/21gpra4\/wp-json\/wp\/v2\/users\/1"}],"replies":[{"embeddable":true,"href":"http:\/\/eventos.coc.pt\/21gpra4\/wp-json\/wp\/v2\/comments?post=17"}],"version-history":[{"count":15,"href":"http:\/\/eventos.coc.pt\/21gpra4\/wp-json\/wp\/v2\/pages\/17\/revisions"}],"predecessor-version":[{"id":490,"href":"http:\/\/eventos.coc.pt\/21gpra4\/wp-json\/wp\/v2\/pages\/17\/revisions\/490"}],"wp:attachment":[{"href":"http:\/\/eventos.coc.pt\/21gpra4\/wp-json\/wp\/v2\/media?parent=17"}],"curies":[{"name":"wp","href":"https:\/\/api.w.org\/{rel}","templated":true}]}}