{"id":17,"date":"2016-09-02T15:32:21","date_gmt":"2016-09-02T15:32:21","guid":{"rendered":"http:\/\/eventos.coc.pt\/piom2018\/?page_id=17"},"modified":"2021-09-15T12:43:14","modified_gmt":"2021-09-15T12:43:14","slug":"inscricoes","status":"publish","type":"page","link":"http:\/\/eventos.coc.pt\/22gpra4\/inscricoes\/","title":{"rendered":"Inscri\u00e7\u00f5es"},"content":{"rendered":"<p><img loading=\"lazy\" decoding=\"async\" class=\"aligncenter wp-image-693 size-full\" src=\"http:\/\/eventos.coc.pt\/22gpra4\/wp-content\/uploads\/sites\/24\/2021\/06\/Alerta.jpg\" alt=\"\" width=\"250\" height=\"226\" \/><\/p>\n<p><strong>Nenhum atleta poder\u00e1 participar nas provas sem o preenchimento e entrega do Termo de Responsabilidade.<\/strong><\/p>\n<p><strong>Atletas federados<\/strong> devem carreg\u00e1-lo no link:<\/p>\n<p><a href=\"https:\/\/www.fpo.pt\/index.php\/termo-responsabilidade\">https:\/\/www.fpo.pt\/index.php\/termo-responsabilidade<\/a><\/p>\n<p><strong>Os participantes n\u00e3o federados<\/strong> devem enviar o Termo de Responsabilidade devidamente preenchido e assinado para o e-mail <a href=\"mailto:info@coc.pt\"><strong>info@coc.pt<\/strong><\/a> \u00e0 aten\u00e7\u00e3o do Secretariado da Prova de Orienta\u00e7\u00e3o 22\u00ba GP RA4.<br \/>\nNo corpo do e-mail a enviar para o COC dever\u00e1 escrever o descritivo:<br \/>\n\u2018Tendo em vista a participa\u00e7\u00e3o na prova de orienta\u00e7\u00e3o em assunto, envio, em anexo, termo de responsabilidade \u2013 Anexo 1, solicitado no \u00e2mbito das normas da DGS referentes \u00e0 COVID-19\u2019.<\/p>\n<p>Devem tra\u00e7ar os espa\u00e7os relativos a modalidade federada e clube.<\/p>\n<p>Podem fazer o download do documento aqui:<\/p>\n<p><a href=\"https:\/\/www.fpo.pt\/index.php\/a-federacao\/documentos\/category\/82-covid-19?download=490:termo-responsabilidade-dgs\">https:\/\/www.fpo.pt\/index.php\/a-federacao\/documentos\/category\/82-covid-19?download=490:termo-responsabilidade-dgs<\/a><\/p>\n<p>Em caso de d\u00favidas ou problemas por favor contacte a organiza\u00e7\u00e3o atrav\u00e9s do seguinte e-mail:\u00a0<a href=\"mailto:info@coc.pt\">info@coc.pt<\/a><\/p>\n<p><strong>Prazos de Inscri\u00e7\u00e3o <\/strong><\/p>\n<p><strong>26 Setembro (Domingo at\u00e9 23h59) Data limite das inscri\u00e7\u00f5es dos escal\u00f5es de competi\u00e7\u00e3o <\/strong><\/p>\n<p><strong>28 Setembro 2021 (at\u00e9 23h59) \u2013 Data limite para inscri\u00e7\u00e3o dos percursos de forma\u00e7\u00e3o e escal\u00f5es abertos.<\/strong><\/p>\n<p><strong>\u00a0<\/strong><\/p>\n<p><strong>Como se inscrever<\/strong><\/p>\n<p>As inscri\u00e7\u00f5es s\u00e3o efectuadas\u00a0preferencialmente na plataforma de gest\u00e3o de provas OriOasis da Federa\u00e7\u00e3o Portuguesa de Orienta\u00e7\u00e3o ou atrav\u00e9s de e-mail para\u00a0<a href=\"mailto:info@coc.pt\"><span style=\"color: #0000ff;\"><strong>info@coc.pt<\/strong><\/span><\/a><\/p>\n<p>Para registar inscri\u00e7\u00f5es Online, clicar <a href=\"http:\/\/www.orioasis.pt\/oasis\/entries.php?action=club_class&amp;eventid=2218\"><u><strong><span style=\"color: #0000ff;\">AQUI\u00a0<\/span><\/strong><\/u><\/a><\/p>\n<p><strong>Dados obrigat\u00f3rios para efectuar inscri\u00e7\u00e3o individual ou em equipa por e-mail:<\/strong><\/p>\n<ul>\n<li>Prova e Escal\u00e3o de participa\u00e7\u00e3o;<\/li>\n<li>Nome completo do participante;<\/li>\n<li>Data(s) de nascimento;<\/li>\n<li>N\u00ba(s) de Bilhete(s) de Identidade ou Cart\u00e3o de Cidad\u00e3o (atletas estrangeiros federados );<\/li>\n<li>N\u00ba de filiado na FPO, na FEDO ou outra federa\u00e7\u00e3o membro da IOF;<\/li>\n<li>N\u00ba de SI Card (cart\u00e3o electr\u00f3nico sportIdent &#8211; se n\u00e3o tiver o seu pr\u00f3prio SI ser-lhe-\u00e1 automaticamente atribu\u00eddo um normal. S\u00f3 ser\u00e1 atribu\u00eddo SI Card Air mediante pedido\u00a0 especifico do participante \u2013 custo mais elevado e s\u00f3 se justifica a sua utiliza\u00e7\u00e3o em situa\u00e7\u00e3o de competi\u00e7\u00e3o );<\/li>\n<li>N\u00ba de telem\u00f3vel;<\/li>\n<li>Nenhum atleta poder\u00e1 participar nas provas sem o preenchimento e entrega do Termo de Responsabilidade.<\/li>\n<\/ul>\n<p>Em caso de d\u00favidas ou problemas por favor contacte a organiza\u00e7\u00e3o atrav\u00e9s do seguinte e-mail:\u00a0<a href=\"mailto:info@coc.pt\"><strong><span style=\"color: #0000ff;\">info@coc.pt<\/span><\/strong><\/a><\/p>\n<p><strong>Taxas de Inscri\u00e7\u00e3o por Participantes:<\/strong><\/p>\n<p><img loading=\"lazy\" decoding=\"async\" class=\"aligncenter wp-image-743\" src=\"http:\/\/eventos.coc.pt\/22gpra4\/wp-content\/uploads\/sites\/24\/2021\/09\/Taxas_01.png\" alt=\"\" width=\"800\" height=\"259\" srcset=\"http:\/\/eventos.coc.pt\/22gpra4\/wp-content\/uploads\/sites\/24\/2021\/09\/Taxas_01.png 1004w, http:\/\/eventos.coc.pt\/22gpra4\/wp-content\/uploads\/sites\/24\/2021\/09\/Taxas_01-300x97.png 300w, http:\/\/eventos.coc.pt\/22gpra4\/wp-content\/uploads\/sites\/24\/2021\/09\/Taxas_01-768x249.png 768w\" sizes=\"auto, (max-width: 800px) 100vw, 800px\" \/><\/p>\n<p><strong>Como pagar:<\/strong><\/p>\n<p>O pagamento das inscri\u00e7\u00f5es deve e pode ser efectuado por:<\/p>\n<ul>\n<li style=\"list-style-type: none;\">\n<ul>\n<li>PayPal<\/li>\n<li>Cart\u00e3o de cr\u00e9dito<\/li>\n<li>Refer\u00eancia MB obtida automaticamente quando conclu\u00edda a inscri\u00e7\u00e3o no OriOasis<\/li>\n<\/ul>\n<\/li>\n<\/ul>\n<p>Por transfer\u00eancia banc\u00e1ria, com envio por mail do respectivo comprovativo de pagamento.<\/p>\n<p><strong>Dados para pagamento:<\/strong><\/p>\n<p><strong>Banco<\/strong>: Caixa Geral de Dep\u00f3sitos<\/p>\n<p><strong>Ag\u00eancia<\/strong>: Leiria \u2013 Marqu\u00eas de Pombal<\/p>\n<p><strong>IBAN:<\/strong>\u00a0PT50 0035 0394 00004000030 10<\/p>\n<p><strong>SWIFT CODE BIC<\/strong>: CGDIPTPL<\/p>\n<p><strong>Nome do Destinat\u00e1rio:\u00a0<\/strong>COC \u2013 Clube de Orienta\u00e7\u00e3o do Centro<\/p>\n<p><strong>Processo de pagamento:<\/strong><\/p>\n<p><strong>Para\u00a0Inscri\u00e7\u00f5es Express do\u00a0<\/strong><a href=\"http:\/\/www.orioasis.pt\/oasis\/shortcut.php?action=shortcut_events_all_info&amp;\"><strong>OriOasis<\/strong><\/a><strong>, por favor coloque o Express Code no descritivo do pagamento.<\/strong><\/p>\n<p>Para<strong>\u00a0pagamentos totais de clubes<\/strong>\u00a0indiquem sempre o nome do clube no descritivo.<br \/>\nPara\u00a0<strong>pagamentos parciais de clubes<\/strong>, indique nos coment\u00e1rios o clube e a lista de atletas a que se refere o pagamento, ou envie um email (<a href=\"mailto:info@coc.pt\"><span style=\"color: #0000ff;\"><strong>info@coc.pt<\/strong><\/span><\/a>) \u00e0 organiza\u00e7\u00e3o com a lista de atletas e o comprovativo da transfer\u00eancia.<\/p>\n<p><strong>Notas<\/strong>: Para todas as inscri\u00e7\u00f5es pagas por transfer\u00eancia banc\u00e1ria, \u00e9 necess\u00e1rio enviar comprovativo da opera\u00e7\u00e3o para o email:\u00a0<strong><span style=\"color: #0000ff;\"><a style=\"color: #0000ff;\" href=\"mailto:info@coc.pt\">info@coc.pt<\/a><\/span><\/strong><\/p>\n<p>Todas as despesas inerentes \u00e0s transfer\u00eancias banc\u00e1rias devem ser suportadas pelo ordenante.\u00a0Se alguma despesa\u00a0referente \u00e0s transfer\u00eancias banc\u00e1rias for indevidamente cobrada \u00e0 Organiza\u00e7\u00e3o, as mesmas ser\u00e3o pagas posteriormente pelos clubes ou atletas.<\/p>\n<p><strong>Prazo limite de pagamento<\/strong><\/p>\n<p><strong>23h59m do dia 30 de Setembro 2021<\/strong><\/p>\n<p>Nota: Atletas s\u00f3 poder\u00e3o participar se tiverem a situa\u00e7\u00e3o de pagamento regularizada at\u00e9 \u00e0s 23h59 do dia 30 de Setembro.<\/p>\n","protected":false},"excerpt":{"rendered":"<p>Nenhum atleta poder\u00e1 participar nas provas sem o preenchimento e entrega do Termo de Responsabilidade. Atletas federados devem carreg\u00e1-lo no link: https:\/\/www.fpo.pt\/index.php\/termo-responsabilidade Os participantes n\u00e3o federados devem enviar o Termo de Responsabilidade devidamente preenchido e assinado para o e-mail info@coc.pt \u00e0 aten\u00e7\u00e3o do Secretariado da Prova de Orienta\u00e7\u00e3o 22\u00ba GP RA4. No corpo do e-mail &hellip; <a href=\"http:\/\/eventos.coc.pt\/22gpra4\/inscricoes\/\" class=\"more-link\">Continuar a ler <span class=\"screen-reader-text\">Inscri\u00e7\u00f5es<\/span><\/a><\/p>\n","protected":false},"author":1,"featured_media":0,"parent":0,"menu_order":10,"comment_status":"closed","ping_status":"closed","template":"","meta":{"footnotes":""},"class_list":["post-17","page","type-page","status-publish","hentry"],"_links":{"self":[{"href":"http:\/\/eventos.coc.pt\/22gpra4\/wp-json\/wp\/v2\/pages\/17","targetHints":{"allow":["GET"]}}],"collection":[{"href":"http:\/\/eventos.coc.pt\/22gpra4\/wp-json\/wp\/v2\/pages"}],"about":[{"href":"http:\/\/eventos.coc.pt\/22gpra4\/wp-json\/wp\/v2\/types\/page"}],"author":[{"embeddable":true,"href":"http:\/\/eventos.coc.pt\/22gpra4\/wp-json\/wp\/v2\/users\/1"}],"replies":[{"embeddable":true,"href":"http:\/\/eventos.coc.pt\/22gpra4\/wp-json\/wp\/v2\/comments?post=17"}],"version-history":[{"count":30,"href":"http:\/\/eventos.coc.pt\/22gpra4\/wp-json\/wp\/v2\/pages\/17\/revisions"}],"predecessor-version":[{"id":745,"href":"http:\/\/eventos.coc.pt\/22gpra4\/wp-json\/wp\/v2\/pages\/17\/revisions\/745"}],"wp:attachment":[{"href":"http:\/\/eventos.coc.pt\/22gpra4\/wp-json\/wp\/v2\/media?parent=17"}],"curies":[{"name":"wp","href":"https:\/\/api.w.org\/{rel}","templated":true}]}}