{"id":13,"date":"2016-09-02T15:31:49","date_gmt":"2016-09-02T15:31:49","guid":{"rendered":"http:\/\/eventos.coc.pt\/piom2018\/?page_id=13"},"modified":"2022-06-15T07:56:37","modified_gmt":"2022-06-15T07:56:37","slug":"informacoes-tecnicas","status":"publish","type":"page","link":"http:\/\/eventos.coc.pt\/23gpra4\/informacoes-tecnicas\/","title":{"rendered":"Informa\u00e7\u00f5es T\u00e9cnicas"},"content":{"rendered":"<p><strong>Sprint Relay (Estafeta da Amizade)<\/strong><\/p>\n<p>Mapa de Leiria \u2013 Cartografado e desenhado para a disciplina Sprint segundo norma ISSprOM 2019, escala 1:4.000 e equidist\u00e2ncia de 2,5mts<\/p>\n<p>Trabalho de campo e desenho OCAD de Maio de 2021 pelo cartografo Rui Antunes.<\/p>\n<p>Zona urbana com rendilhado habitacional, jardins e muito pouco declive<\/p>\n<p><img loading=\"lazy\" decoding=\"async\" class=\"aligncenter wp-image-894 size-large\" src=\"http:\/\/eventos.coc.pt\/23gpra4\/wp-content\/uploads\/sites\/26\/2022\/06\/EstafetaAmizade-1024x549.jpg\" alt=\"\" width=\"660\" height=\"354\" srcset=\"http:\/\/eventos.coc.pt\/23gpra4\/wp-content\/uploads\/sites\/26\/2022\/06\/EstafetaAmizade-1024x549.jpg 1024w, http:\/\/eventos.coc.pt\/23gpra4\/wp-content\/uploads\/sites\/26\/2022\/06\/EstafetaAmizade-300x161.jpg 300w, http:\/\/eventos.coc.pt\/23gpra4\/wp-content\/uploads\/sites\/26\/2022\/06\/EstafetaAmizade-768x412.jpg 768w, http:\/\/eventos.coc.pt\/23gpra4\/wp-content\/uploads\/sites\/26\/2022\/06\/EstafetaAmizade.jpg 1195w\" sizes=\"auto, (max-width: 660px) 100vw, 660px\" \/><\/p>\n<p><img loading=\"lazy\" decoding=\"async\" class=\"aligncenter wp-image-903 size-medium\" src=\"http:\/\/eventos.coc.pt\/23gpra4\/wp-content\/uploads\/sites\/26\/2022\/06\/Excerto-mapa-urbano-1-295x300.jpg\" alt=\"\" width=\"295\" height=\"300\" srcset=\"http:\/\/eventos.coc.pt\/23gpra4\/wp-content\/uploads\/sites\/26\/2022\/06\/Excerto-mapa-urbano-1-295x300.jpg 295w, http:\/\/eventos.coc.pt\/23gpra4\/wp-content\/uploads\/sites\/26\/2022\/06\/Excerto-mapa-urbano-1.jpg 581w\" sizes=\"auto, (max-width: 295px) 100vw, 295px\" \/><\/p>\n<p><img loading=\"lazy\" decoding=\"async\" class=\"aligncenter wp-image-904 size-medium\" src=\"http:\/\/eventos.coc.pt\/23gpra4\/wp-content\/uploads\/sites\/26\/2022\/06\/Excerto-mapa-urbano-2-300x288.jpg\" alt=\"\" width=\"300\" height=\"288\" srcset=\"http:\/\/eventos.coc.pt\/23gpra4\/wp-content\/uploads\/sites\/26\/2022\/06\/Excerto-mapa-urbano-2-300x288.jpg 300w, http:\/\/eventos.coc.pt\/23gpra4\/wp-content\/uploads\/sites\/26\/2022\/06\/Excerto-mapa-urbano-2.jpg 615w\" sizes=\"auto, (max-width: 300px) 100vw, 300px\" \/><\/p>\n<p><strong>Prova de Floresta<\/strong><\/p>\n<p>Mapa da Burinhosa \u2013 Cartografado e desenhado em 1999 por Leonid Malankov e Vladimir Pantsir.<\/p>\n<p>O mapa tem sido alvo de v\u00e1rias revis\u00f5es\/actualiza\u00e7\u00f5es, feitas pelo cartografo Rui Antunes, a \u00faltima das quais em janeiro 2020.<\/p>\n<p>Escala 1:10.000 e equidist\u00e2ncia de 2,5 mts. Nos escal\u00f5es Escolas e Infantis ser\u00e1 usada a escala 1:7.500.<\/p>\n<p><img loading=\"lazy\" decoding=\"async\" class=\"aligncenter wp-image-895 size-large\" src=\"http:\/\/eventos.coc.pt\/23gpra4\/wp-content\/uploads\/sites\/26\/2022\/06\/BurinhosaLonga-1024x554.jpg\" alt=\"\" width=\"660\" height=\"357\" srcset=\"http:\/\/eventos.coc.pt\/23gpra4\/wp-content\/uploads\/sites\/26\/2022\/06\/BurinhosaLonga-1024x554.jpg 1024w, http:\/\/eventos.coc.pt\/23gpra4\/wp-content\/uploads\/sites\/26\/2022\/06\/BurinhosaLonga-300x162.jpg 300w, http:\/\/eventos.coc.pt\/23gpra4\/wp-content\/uploads\/sites\/26\/2022\/06\/BurinhosaLonga-768x415.jpg 768w, http:\/\/eventos.coc.pt\/23gpra4\/wp-content\/uploads\/sites\/26\/2022\/06\/BurinhosaLonga.jpg 1263w\" sizes=\"auto, (max-width: 660px) 100vw, 660px\" \/><\/p>\n<p><img loading=\"lazy\" decoding=\"async\" class=\"wp-image-902 size-medium aligncenter\" src=\"http:\/\/eventos.coc.pt\/23gpra4\/wp-content\/uploads\/sites\/26\/2022\/06\/Excerto-mapa-floresta-2-300x206.jpg\" alt=\"\" width=\"300\" height=\"206\" srcset=\"http:\/\/eventos.coc.pt\/23gpra4\/wp-content\/uploads\/sites\/26\/2022\/06\/Excerto-mapa-floresta-2-300x206.jpg 300w, http:\/\/eventos.coc.pt\/23gpra4\/wp-content\/uploads\/sites\/26\/2022\/06\/Excerto-mapa-floresta-2-1024x704.jpg 1024w, http:\/\/eventos.coc.pt\/23gpra4\/wp-content\/uploads\/sites\/26\/2022\/06\/Excerto-mapa-floresta-2-768x528.jpg 768w, http:\/\/eventos.coc.pt\/23gpra4\/wp-content\/uploads\/sites\/26\/2022\/06\/Excerto-mapa-floresta-2.jpg 1160w\" sizes=\"auto, (max-width: 300px) 100vw, 300px\" \/><\/p>\n<p><img loading=\"lazy\" decoding=\"async\" class=\"wp-image-901 size-medium aligncenter\" src=\"http:\/\/eventos.coc.pt\/23gpra4\/wp-content\/uploads\/sites\/26\/2022\/06\/Excerto-mapa-floresta-1-300x206.jpg\" alt=\"\" width=\"300\" height=\"206\" srcset=\"http:\/\/eventos.coc.pt\/23gpra4\/wp-content\/uploads\/sites\/26\/2022\/06\/Excerto-mapa-floresta-1-300x206.jpg 300w, http:\/\/eventos.coc.pt\/23gpra4\/wp-content\/uploads\/sites\/26\/2022\/06\/Excerto-mapa-floresta-1-1024x704.jpg 1024w, http:\/\/eventos.coc.pt\/23gpra4\/wp-content\/uploads\/sites\/26\/2022\/06\/Excerto-mapa-floresta-1-768x528.jpg 768w, http:\/\/eventos.coc.pt\/23gpra4\/wp-content\/uploads\/sites\/26\/2022\/06\/Excerto-mapa-floresta-1.jpg 1160w\" sizes=\"auto, (max-width: 300px) 100vw, 300px\" \/><\/p>\n","protected":false},"excerpt":{"rendered":"<p>Sprint Relay (Estafeta da Amizade) Mapa de Leiria \u2013 Cartografado e desenhado para a disciplina Sprint segundo norma ISSprOM 2019, escala 1:4.000 e equidist\u00e2ncia de 2,5mts Trabalho de campo e desenho OCAD de Maio de 2021 pelo cartografo Rui Antunes. Zona urbana com rendilhado habitacional, jardins e muito pouco declive Prova de Floresta Mapa da &hellip; <a href=\"http:\/\/eventos.coc.pt\/23gpra4\/informacoes-tecnicas\/\" class=\"more-link\">Continuar a ler <span class=\"screen-reader-text\">Informa\u00e7\u00f5es T\u00e9cnicas<\/span><\/a><\/p>\n","protected":false},"author":1,"featured_media":0,"parent":0,"menu_order":12,"comment_status":"closed","ping_status":"closed","template":"","meta":{"footnotes":""},"class_list":["post-13","page","type-page","status-publish","hentry"],"_links":{"self":[{"href":"http:\/\/eventos.coc.pt\/23gpra4\/wp-json\/wp\/v2\/pages\/13","targetHints":{"allow":["GET"]}}],"collection":[{"href":"http:\/\/eventos.coc.pt\/23gpra4\/wp-json\/wp\/v2\/pages"}],"about":[{"href":"http:\/\/eventos.coc.pt\/23gpra4\/wp-json\/wp\/v2\/types\/page"}],"author":[{"embeddable":true,"href":"http:\/\/eventos.coc.pt\/23gpra4\/wp-json\/wp\/v2\/users\/1"}],"replies":[{"embeddable":true,"href":"http:\/\/eventos.coc.pt\/23gpra4\/wp-json\/wp\/v2\/comments?post=13"}],"version-history":[{"count":46,"href":"http:\/\/eventos.coc.pt\/23gpra4\/wp-json\/wp\/v2\/pages\/13\/revisions"}],"predecessor-version":[{"id":906,"href":"http:\/\/eventos.coc.pt\/23gpra4\/wp-json\/wp\/v2\/pages\/13\/revisions\/906"}],"wp:attachment":[{"href":"http:\/\/eventos.coc.pt\/23gpra4\/wp-json\/wp\/v2\/media?parent=13"}],"curies":[{"name":"wp","href":"https:\/\/api.w.org\/{rel}","templated":true}]}}