{"id":240,"date":"2017-01-10T11:34:55","date_gmt":"2017-01-10T11:34:55","guid":{"rendered":"http:\/\/eventos.coc.pt\/piom2018\/?page_id=240"},"modified":"2022-11-11T10:16:16","modified_gmt":"2022-11-11T10:16:16","slug":"partidas","status":"publish","type":"page","link":"http:\/\/eventos.coc.pt\/7oribttcentro\/partidas\/","title":{"rendered":"Partidas"},"content":{"rendered":"<p><strong>Podem consultar as listas de partidas aqui:<\/strong><\/p>\n<p><a href=\"http:\/\/eventos.coc.pt\/7oribttcentro\/partidas-por-clubes\/\">Por Clube<\/a><\/p>\n<p><a href=\"http:\/\/eventos.coc.pt\/7oribttcentro\/partidas-por-escaloes\/\">Por Escal\u00e3o<\/a><\/p>\n<p style=\"font-weight: 400;\"><strong>PROCEDIMENTOS DAS PARTIDAS DAS 2 ETAPAS\u00a0<\/strong><\/p>\n<ul style=\"font-weight: 400;\">\n<li>As Partidas de cada etapa, decorrer\u00e3o em 4 momentos distintos numa janela de tempo de 30 minutos. Os escal\u00f5es ser\u00e3o agrupados em 4 blocos, que partir\u00e3o separados entre si por um intervalo de 10 minutos, em hor\u00e1rios divulgados nesta publica\u00e7\u00e3o;<\/li>\n<li>Chamada dos atletas 10 minutos antes do seu tempo oficial de partida;<\/li>\n<li>Chamada por n\u00famero de federado ou numero de peitoral, por ordem ascendente;<\/li>\n<li>Alinhamento de 11 atletas por cada fila (m\u00e1ximo 4 filas);<\/li>\n<li>Execu\u00e7\u00e3o do procedimento\u00a0<strong>\u201cCLEAR\u201d<\/strong>\u00a0e \u201c<strong>BATTERY TEST<\/strong>\u201d antes da entrada na box de partidas;<\/li>\n<li>Na Entrada na Box de Partidas, execu\u00e7\u00e3o dos procedimentos de verifica\u00e7\u00e3o\u00a0dos SIAC\u2019s, nomeadamente\u00a0<strong>CHECK<\/strong>\u00a0seguido depois do\u00a0<strong>SIAC TESTE<\/strong>\u00a0(<em>passagem do SIAC sobre a esta\u00e7\u00e3o e nunca a sua coloca\u00e7\u00e3o no orif\u00edcio da esta\u00e7\u00e3o<\/em>);<\/li>\n<li>Obrigat\u00f3rio o uso do Peitoral, o qual vai permitir a entrega do mapa que est\u00e1 personalizado com a impress\u00e3o do numero do atleta no seu verso.<\/li>\n<li>Entrega dos mapas 3 minutos antes da partida, colocado\/deixado virado de face para baixo em cima do porta mapas.<\/li>\n<\/ul>\n<p style=\"font-weight: 400;\"><strong><u>ETAPA 1 Campeonato Nacional Mass Start<\/u><\/strong><\/p>\n<ul style=\"font-weight: 400;\">\n<li><u>20 segundos antes da hora oficial de partida<\/u>, ser\u00e1 dada a ordem aos atletas para virarem o mapa, proceder \u00e0 sua fixa\u00e7\u00e3o\/visualiza\u00e7\u00e3o.<\/li>\n<\/ul>\n<p style=\"font-weight: 400;\"><strong><u>ETAPA 2 Mass Start Free Order<\/u><\/strong><\/p>\n<ul style=\"font-weight: 400;\">\n<li><u>2 minutos antes da hora oficial de partida<\/u>, ser\u00e1 dada a ordem aos atletas para virarem o mapa, proceder \u00e1 sua fixa\u00e7\u00e3o\/visualiza\u00e7\u00e3o e definirem a sua estrat\u00e9gia para a execu\u00e7\u00e3o dos seus percursos (o mapa de cada escal\u00e3o ter\u00e1 todos os seus pontos de controle a visitar\/controlar, sendo a ordem de visita\/controle livre, pelo que cada participante dever\u00e1 definir a sua estrat\u00e9gia para a correcta e total execu\u00e7\u00e3o do percurso \u2013 visita\/controle de todos os pontos do seu mapa &#8211; no menor espa\u00e7o de tempo).<\/li>\n<\/ul>\n<p style=\"font-weight: 400;\"><strong>Dia 1 (Campeonato Nacional Mass Start):<\/strong><\/p>\n<ul style=\"font-weight: 400;\">\n<li><strong>14h00m<\/strong>\u00a0[H\/D13\u00a0+ H\/D15\u00a0+ H\/D17\u00a0+ H\/D60\u00a0+ D40\u00a0+ D50\u00a0+ D60\u00a0+ D21A} = 41 atletas (4 filas)<\/li>\n<li><strong>14h10m<\/strong>\u00a0[H40\/H50] = 41 atletas (4 filas)<\/li>\n<li><strong>14h20m<\/strong>\u00a0[H\/DE\u00a0+ H21A\u00a0+ H20] = 22 atletas (2 filas)<\/li>\n<li><strong>14h30m<\/strong>\u00a0[OPEN curto\/m\u00e9dio\/longo] = 20 atletas ( 2 filas)<\/li>\n<\/ul>\n<div>\n<p style=\"font-weight: 400;\"><strong>Dia 2 (Ta\u00e7a Portugal &#8211; Mass Start Free Order):<\/strong><\/p>\n<ul style=\"font-weight: 400;\">\n<li><strong>9h30m<\/strong>\u00a0[H\/D13\u00a0+ H\/D15\u00a0+ H\/D17\u00a0+ H\/D60\u00a0+ D40\u00a0+ D50\u00a0+ D60\u00a0+ D21A} = 40 atletas (4 filas)<\/li>\n<li><strong>9h40m<\/strong>\u00a0[H40\/H50] = 38 atletas (4 filas)<\/li>\n<li><strong>9h50m<\/strong>\u00a0[H\/DE\u00a0+ H21A\u00a0+ H20] = 22 atletas (2 filas)<\/li>\n<li><strong>10h00m<\/strong>\u00a0[OPEN curto\/m\u00e9dio\/longo] = 15 atletas (2 filas)<\/li>\n<\/ul>\n<\/div>\n","protected":false},"excerpt":{"rendered":"<p>Podem consultar as listas de partidas aqui: Por Clube Por Escal\u00e3o PROCEDIMENTOS DAS PARTIDAS DAS 2 ETAPAS\u00a0 As Partidas de cada etapa, decorrer\u00e3o em 4 momentos distintos numa janela de tempo de 30 minutos. Os escal\u00f5es ser\u00e3o agrupados em 4 blocos, que partir\u00e3o separados entre si por um intervalo de 10 minutos, em hor\u00e1rios divulgados &hellip; <a href=\"http:\/\/eventos.coc.pt\/7oribttcentro\/partidas\/\" class=\"more-link\">Continuar a ler <span class=\"screen-reader-text\">Partidas<\/span><\/a><\/p>\n","protected":false},"author":1,"featured_media":0,"parent":0,"menu_order":0,"comment_status":"closed","ping_status":"closed","template":"","meta":{"footnotes":""},"class_list":["post-240","page","type-page","status-publish","hentry"],"_links":{"self":[{"href":"http:\/\/eventos.coc.pt\/7oribttcentro\/wp-json\/wp\/v2\/pages\/240","targetHints":{"allow":["GET"]}}],"collection":[{"href":"http:\/\/eventos.coc.pt\/7oribttcentro\/wp-json\/wp\/v2\/pages"}],"about":[{"href":"http:\/\/eventos.coc.pt\/7oribttcentro\/wp-json\/wp\/v2\/types\/page"}],"author":[{"embeddable":true,"href":"http:\/\/eventos.coc.pt\/7oribttcentro\/wp-json\/wp\/v2\/users\/1"}],"replies":[{"embeddable":true,"href":"http:\/\/eventos.coc.pt\/7oribttcentro\/wp-json\/wp\/v2\/comments?post=240"}],"version-history":[{"count":12,"href":"http:\/\/eventos.coc.pt\/7oribttcentro\/wp-json\/wp\/v2\/pages\/240\/revisions"}],"predecessor-version":[{"id":690,"href":"http:\/\/eventos.coc.pt\/7oribttcentro\/wp-json\/wp\/v2\/pages\/240\/revisions\/690"}],"wp:attachment":[{"href":"http:\/\/eventos.coc.pt\/7oribttcentro\/wp-json\/wp\/v2\/media?parent=240"}],"curies":[{"name":"wp","href":"https:\/\/api.w.org\/{rel}","templated":true}]}}