{"id":4,"date":"2016-08-29T23:31:01","date_gmt":"2016-08-29T23:31:01","guid":{"rendered":"http:\/\/eventos.coc.pt\/piom2018\/?page_id=4"},"modified":"2022-11-09T21:38:36","modified_gmt":"2022-11-09T21:38:36","slug":"programa","status":"publish","type":"page","link":"http:\/\/eventos.coc.pt\/7oribttcentro\/programa\/","title":{"rendered":"Programa"},"content":{"rendered":"<p><strong>Domingo, 6 Novembro<\/strong>\u00a0\u2013 limite inscri\u00e7\u00f5es para todos os escal\u00f5es<\/p>\n<p>Ap\u00f3s esta data, s\u00f3 ser\u00e3o aceites inscri\u00e7\u00f5es em escal\u00f5es abertos, contudo sempre dependentes da disponibilidade de mapas.<\/p>\n<p><strong>Dia 1 \u2013 S\u00e1bado, 12 de Novembro<\/strong>\u00a0\u2013 Associa\u00e7\u00e3o Norte da Vila Benedita<\/p>\n<p>11h00 &#8211; Abertura do Secretariado<\/p>\n<p>14h00 &#8211; Partida &#8211; Campeonato Nacional Mass Start<\/p>\n<p>14h15 &#8211; Partidas &#8211; Escal\u00f5es Abertos (Curto, M\u00e9dio e Longo)<\/p>\n<p>16h30 &#8211; Entrega de Pr\u00e9mios \u2013 Arena<\/p>\n<p><strong>Dia 2 \u2013 Domingo, 13 de Novembro<\/strong>\u00a0\u2013 Associa\u00e7\u00e3o Norte da Vila Benedita<\/p>\n<p>08h00 &#8211; Abertura do Secretariado<\/p>\n<p>09h30 &#8211; Partida Dist\u00e2ncia Longa (Partidas em Massa &#8211; Mass Start)<\/p>\n<p>09h45 &#8211; Partidas &#8211; Escal\u00f5es Abertos (Curto, M\u00e9dio e Longo)<\/p>\n<p>12h30 &#8211; Entrega de Pr\u00e9mios \u2013 Arena<\/p>\n","protected":false},"excerpt":{"rendered":"<p>Domingo, 6 Novembro\u00a0\u2013 limite inscri\u00e7\u00f5es para todos os escal\u00f5es Ap\u00f3s esta data, s\u00f3 ser\u00e3o aceites inscri\u00e7\u00f5es em escal\u00f5es abertos, contudo sempre dependentes da disponibilidade de mapas. Dia 1 \u2013 S\u00e1bado, 12 de Novembro\u00a0\u2013 Associa\u00e7\u00e3o Norte da Vila Benedita 11h00 &#8211; Abertura do Secretariado 14h00 &#8211; Partida &#8211; Campeonato Nacional Mass Start 14h15 &#8211; Partidas &#8211; &hellip; <a href=\"http:\/\/eventos.coc.pt\/7oribttcentro\/programa\/\" class=\"more-link\">Continuar a ler <span class=\"screen-reader-text\">Programa<\/span><\/a><\/p>\n","protected":false},"author":1,"featured_media":0,"parent":0,"menu_order":14,"comment_status":"closed","ping_status":"closed","template":"","meta":{"footnotes":""},"class_list":["post-4","page","type-page","status-publish","hentry"],"_links":{"self":[{"href":"http:\/\/eventos.coc.pt\/7oribttcentro\/wp-json\/wp\/v2\/pages\/4","targetHints":{"allow":["GET"]}}],"collection":[{"href":"http:\/\/eventos.coc.pt\/7oribttcentro\/wp-json\/wp\/v2\/pages"}],"about":[{"href":"http:\/\/eventos.coc.pt\/7oribttcentro\/wp-json\/wp\/v2\/types\/page"}],"author":[{"embeddable":true,"href":"http:\/\/eventos.coc.pt\/7oribttcentro\/wp-json\/wp\/v2\/users\/1"}],"replies":[{"embeddable":true,"href":"http:\/\/eventos.coc.pt\/7oribttcentro\/wp-json\/wp\/v2\/comments?post=4"}],"version-history":[{"count":13,"href":"http:\/\/eventos.coc.pt\/7oribttcentro\/wp-json\/wp\/v2\/pages\/4\/revisions"}],"predecessor-version":[{"id":665,"href":"http:\/\/eventos.coc.pt\/7oribttcentro\/wp-json\/wp\/v2\/pages\/4\/revisions\/665"}],"wp:attachment":[{"href":"http:\/\/eventos.coc.pt\/7oribttcentro\/wp-json\/wp\/v2\/media?parent=4"}],"curies":[{"name":"wp","href":"https:\/\/api.w.org\/{rel}","templated":true}]}}