{"id":405,"date":"2020-04-05T10:45:33","date_gmt":"2020-04-05T10:45:33","guid":{"rendered":"http:\/\/eventos.coc.pt\/7oribttcentro\/?page_id=405"},"modified":"2022-08-16T17:39:29","modified_gmt":"2022-08-16T17:39:29","slug":"boas-vindas-2","status":"publish","type":"page","link":"http:\/\/eventos.coc.pt\/7oribttcentro\/boas-vindas-2\/","title":{"rendered":"Boas Vindas"},"content":{"rendered":"<p><strong>Presidente do COC \u2013 Clube de Orienta\u00e7\u00e3o do Centro\u00a0<\/strong><\/p>\n<p><img loading=\"lazy\" decoding=\"async\" class=\"alignleft size-thumbnail wp-image-529\" src=\"http:\/\/eventos.coc.pt\/7oribttcentro\/wp-content\/uploads\/sites\/17\/2020\/04\/Presidente_COC-150x150.jpg\" alt=\"\" width=\"150\" height=\"150\" \/>Bem-vindos ao 7\u00ba Ori BTT do Centro.<br \/>\nO COC, Clube de Orienta\u00e7\u00e3o do Centro, em parceria com o Clube R\u00f3\u00f3dinha BTT Team, vai organizar o Campeonato Nacional de Mass Start e uma prova de dist\u00e2ncia Longa a<br \/>\ncontar para a Ta\u00e7a de Portugal, no fim de semana de 12 e 13 de novembro de 2022, na Vila da Benedita, Concelho de Alcoba\u00e7a.<br \/>\nO COC convida todos os amantes da Orienta\u00e7\u00e3o e do Ciclismo, desportistas e<br \/>\npopula\u00e7\u00e3o em geral, a competir ou simplesmente a usufruir da beleza desta terra.<br \/>\nTragam a fam\u00edlia e amigos e venham desfrutar de um grande fim de semana de<br \/>\nOrienta\u00e7\u00e3o em BTT. Temos percursos adaptados para todos os diferentes n\u00edveis de participantes e para todas as idades.<br \/>\nEsperamos por v\u00f3s<\/p>\n<p>Bem hajam!<\/p>\n<p>Jos\u00e9 Bolr\u00e3o<\/p>\n<p><strong>Presidente e Diretor Desportivo do R\u00f3\u00f3dinhas Btt Team e Associa\u00e7\u00e3o Norte da Vila Benedita<\/strong><\/p>\n<p><img loading=\"lazy\" decoding=\"async\" class=\"alignleft wp-image-563 size-full\" src=\"http:\/\/eventos.coc.pt\/7oribttcentro\/wp-content\/uploads\/sites\/17\/2020\/04\/Fotos-Passe-L.Mateus.jpg\" alt=\"\" width=\"164\" height=\"208\" \/>Tendo em conta a notoriedade que um acontecimento desta natureza proporciona aos locais onde se realiza, \u00e9 com grande orgulho que esta Associa\u00e7\u00e3o receber\u00e1 este evento na Benedita, onde poderemos desfrutar de uma excelente oportunidade para promover a diversidade do seu territ\u00f3rio e a variedade dos seus recursos naturais, factores que o tornam particularmente convidativo para quem aprecia o contacto com a natureza, como \u00e9 o caso dos praticantes de Orienta\u00e7\u00e3o e de Btt, acrescentando mais um marco importante na j\u00e1 longa hist\u00f3ria organizativa do nosso clube.<\/p>\n<p>Sejam bem-vindos!<\/p>\n<p>Lu\u00eds Mateus<\/p>\n","protected":false},"excerpt":{"rendered":"<p>Presidente do COC \u2013 Clube de Orienta\u00e7\u00e3o do Centro\u00a0 Bem-vindos ao 7\u00ba Ori BTT do Centro. O COC, Clube de Orienta\u00e7\u00e3o do Centro, em parceria com o Clube R\u00f3\u00f3dinha BTT Team, vai organizar o Campeonato Nacional de Mass Start e uma prova de dist\u00e2ncia Longa a contar para a Ta\u00e7a de Portugal, no fim de &hellip; <a href=\"http:\/\/eventos.coc.pt\/7oribttcentro\/boas-vindas-2\/\" class=\"more-link\">Continuar a ler <span class=\"screen-reader-text\">Boas Vindas<\/span><\/a><\/p>\n","protected":false},"author":1,"featured_media":0,"parent":0,"menu_order":0,"comment_status":"closed","ping_status":"closed","template":"","meta":{"footnotes":""},"class_list":["post-405","page","type-page","status-publish","hentry"],"_links":{"self":[{"href":"http:\/\/eventos.coc.pt\/7oribttcentro\/wp-json\/wp\/v2\/pages\/405","targetHints":{"allow":["GET"]}}],"collection":[{"href":"http:\/\/eventos.coc.pt\/7oribttcentro\/wp-json\/wp\/v2\/pages"}],"about":[{"href":"http:\/\/eventos.coc.pt\/7oribttcentro\/wp-json\/wp\/v2\/types\/page"}],"author":[{"embeddable":true,"href":"http:\/\/eventos.coc.pt\/7oribttcentro\/wp-json\/wp\/v2\/users\/1"}],"replies":[{"embeddable":true,"href":"http:\/\/eventos.coc.pt\/7oribttcentro\/wp-json\/wp\/v2\/comments?post=405"}],"version-history":[{"count":8,"href":"http:\/\/eventos.coc.pt\/7oribttcentro\/wp-json\/wp\/v2\/pages\/405\/revisions"}],"predecessor-version":[{"id":602,"href":"http:\/\/eventos.coc.pt\/7oribttcentro\/wp-json\/wp\/v2\/pages\/405\/revisions\/602"}],"wp:attachment":[{"href":"http:\/\/eventos.coc.pt\/7oribttcentro\/wp-json\/wp\/v2\/media?parent=405"}],"curies":[{"name":"wp","href":"https:\/\/api.w.org\/{rel}","templated":true}]}}