{"id":19,"date":"2016-09-02T15:32:36","date_gmt":"2016-09-02T15:32:36","guid":{"rendered":"http:\/\/eventos.coc.pt\/piom2018\/?page_id=19"},"modified":"2018-10-10T21:01:29","modified_gmt":"2018-10-10T21:01:29","slug":"localizacao","status":"publish","type":"page","link":"http:\/\/eventos.coc.pt\/lcr2018\/localizacao\/","title":{"rendered":"Localiza\u00e7\u00e3o"},"content":{"rendered":"<p><span style=\"font-size: 14pt;\"><strong>Arena<\/strong><\/span><\/p>\n<p>A arena da prova ser\u00e1 no Largo Goa Dam\u00e3o e Diu (Fonte Luminosa), onde ter\u00e3o lugar as chegadas das provas.<\/p>\n<p>coordenadas gps:\u00a0<u>39.744034, -8.807007<\/u><\/p>\n<p><iframe loading=\"lazy\" style=\"border: 0;\" src=\"https:\/\/www.google.com\/maps\/embed?pb=!1m18!1m12!1m3!1d912.0658022711168!2d-8.807340874490908!3d39.743885935194385!2m3!1f0!2f0!3f0!3m2!1i1024!2i768!4f13.1!3m3!1m2!1s0x0%3A0x0!2zMznCsDQ0JzM4LjUiTiA4wrA0OCcyNS4yIlc!5e0!3m2!1spt-PT!2spt!4v1539204957443\" width=\"600\" height=\"450\" frameborder=\"0\" allowfullscreen=\"allowfullscreen\"><\/iframe><\/p>\n<p><span style=\"font-size: 14pt;\"><strong>Secretariado<\/strong><\/span><\/p>\n<p>O Secretariado da prova vai estar a funcionar na arena.<\/p>\n<p><span style=\"font-size: 14pt;\"><strong>Estacionamento<\/strong><\/span><\/p>\n<p>Poder\u00e3o ser utilizados os v\u00e1rios parques de estacionamento urbanos de Leiria.<\/p>\n<p>&#8211; Parking em frente \u00e0 Camara Municipal de Leiria a 750 mts da Arena<\/p>\n<p>coordenadas gps:\u00a0<u>39.740841, -8.809977<\/u><\/p>\n<p><iframe loading=\"lazy\" style=\"border: 0;\" src=\"https:\/\/www.google.com\/maps\/embed?pb=!1m18!1m12!1m3!1d2579.7573102469696!2d-8.809337889091733!3d39.742666432527805!2m3!1f0!2f0!3f0!3m2!1i1024!2i768!4f13.1!3m3!1m2!1s0x0%3A0x0!2zMznCsDQ0JzI3LjAiTiA4wrA0OCczNS45Ilc!5e0!3m2!1spt-PT!2spt!4v1539205116414\" width=\"600\" height=\"450\" frameborder=\"0\" allowfullscreen=\"allowfullscreen\"><\/iframe><\/p>\n<p>&#8211; Parking entre o Mercado Municipal e o Rio Lis\/Galerias Jardins do Liz<\/p>\n<p>coordenadas gps:\u00a0<u>39.749801, -8.805988<\/u><\/p>\n<p><iframe loading=\"lazy\" style=\"border: 0;\" src=\"https:\/\/www.google.com\/maps\/embed?pb=!1m18!1m12!1m3!1d3067.6678270825632!2d-8.807093071719223!3d39.74711181757791!2m3!1f0!2f0!3f0!3m2!1i1024!2i768!4f13.1!3m3!1m2!1s0x0%3A0x0!2zMznCsDQ0JzU5LjMiTiA4wrA0OCcyMS42Ilc!5e0!3m2!1spt-PT!2spt!4v1539205188471\" width=\"600\" height=\"450\" frameborder=\"0\" allowfullscreen=\"allowfullscreen\"><\/iframe><\/p>\n<p><span style=\"font-size: 14pt;\"><strong>Banhos<\/strong><\/span><\/p>\n<p>Est\u00e1dio Municipal Porta 2 entre as 11h00 e as 13h00<\/p>\n<p>coordenadas gps:\u00a0<u>39.748993, -8.811170<\/u><\/p>\n<p><iframe loading=\"lazy\" style=\"border: 0;\" src=\"https:\/\/www.google.com\/maps\/embed?pb=!1m18!1m12!1m3!1d3067.5840668206665!2d-8.813358684161237!3d39.74899297944838!2m3!1f0!2f0!3f0!3m2!1i1024!2i768!4f13.1!3m3!1m2!1s0x0%3A0x0!2zMznCsDQ0JzU2LjQiTiA4wrA0OCc0MC4yIlc!5e0!3m2!1spt-PT!2spt!4v1539205271076\" width=\"600\" height=\"450\" frameborder=\"0\" allowfullscreen=\"allowfullscreen\"><\/iframe><\/p>\n","protected":false},"excerpt":{"rendered":"<p>Arena A arena da prova ser\u00e1 no Largo Goa Dam\u00e3o e Diu (Fonte Luminosa), onde ter\u00e3o lugar as chegadas das provas. coordenadas gps:\u00a039.744034, -8.807007 Secretariado O Secretariado da prova vai estar a funcionar na arena. Estacionamento Poder\u00e3o ser utilizados os v\u00e1rios parques de estacionamento urbanos de Leiria. &#8211; Parking em frente \u00e0 Camara Municipal de &hellip; <a href=\"http:\/\/eventos.coc.pt\/lcr2018\/localizacao\/\" class=\"more-link\">Continuar a ler <span class=\"screen-reader-text\">Localiza\u00e7\u00e3o<\/span><\/a><\/p>\n","protected":false},"author":1,"featured_media":0,"parent":0,"menu_order":9,"comment_status":"closed","ping_status":"closed","template":"","meta":{"footnotes":""},"class_list":["post-19","page","type-page","status-publish","hentry"],"_links":{"self":[{"href":"http:\/\/eventos.coc.pt\/lcr2018\/wp-json\/wp\/v2\/pages\/19","targetHints":{"allow":["GET"]}}],"collection":[{"href":"http:\/\/eventos.coc.pt\/lcr2018\/wp-json\/wp\/v2\/pages"}],"about":[{"href":"http:\/\/eventos.coc.pt\/lcr2018\/wp-json\/wp\/v2\/types\/page"}],"author":[{"embeddable":true,"href":"http:\/\/eventos.coc.pt\/lcr2018\/wp-json\/wp\/v2\/users\/1"}],"replies":[{"embeddable":true,"href":"http:\/\/eventos.coc.pt\/lcr2018\/wp-json\/wp\/v2\/comments?post=19"}],"version-history":[{"count":28,"href":"http:\/\/eventos.coc.pt\/lcr2018\/wp-json\/wp\/v2\/pages\/19\/revisions"}],"predecessor-version":[{"id":434,"href":"http:\/\/eventos.coc.pt\/lcr2018\/wp-json\/wp\/v2\/pages\/19\/revisions\/434"}],"wp:attachment":[{"href":"http:\/\/eventos.coc.pt\/lcr2018\/wp-json\/wp\/v2\/media?parent=19"}],"curies":[{"name":"wp","href":"https:\/\/api.w.org\/{rel}","templated":true}]}}