{"id":11,"date":"2016-09-02T15:31:27","date_gmt":"2016-09-02T15:31:27","guid":{"rendered":"http:\/\/eventos.coc.pt\/piom2018\/?page_id=11"},"modified":"2017-11-22T09:51:41","modified_gmt":"2017-11-22T09:51:41","slug":"informacoes-gerais","status":"publish","type":"page","link":"http:\/\/eventos.coc.pt\/piom2018\/informacoes-gerais\/","title":{"rendered":"Informa\u00e7\u00f5es Gerais"},"content":{"rendered":"<p><span style=\"font-family: helvetica, arial, sans-serif; font-size: 12pt;\"><strong>Arenas<\/strong><\/span><\/p>\n<p><span style=\"font-family: helvetica, arial, sans-serif; font-size: 12pt;\">\u2013 Nas arenas os atletas estar\u00e3o \u00e0 sua disposi\u00e7\u00e3o todas as infraestruturas necess\u00e1rias (secretariado, inform\u00e1tica, servi\u00e7o de bar, WC, babysitting, primeiros socorros, resultados, speaker, etc).<\/span><br \/>\n<span style=\"font-family: helvetica, arial, sans-serif; font-size: 12pt;\">\u2013 Nas arena da prova de Sprint Noturno n\u00e3o existir\u00e1 servi\u00e7o de bar.<\/span><br \/>\n<span style=\"font-family: helvetica, arial, sans-serif; font-size: 12pt;\">\u2013 Se est\u00e1 a pensar recorrer ao servi\u00e7o babysitting, por favor assinale essa op\u00e7\u00e3o durante o processo de inscri\u00e7\u00e3o no Ori-Oasis.<\/span><\/p>\n<p><span style=\"font-family: helvetica, arial, sans-serif; font-size: 12pt;\"><strong>Solo Duro<\/strong><\/span><\/p>\n<p><span style=\"font-family: helvetica, arial, sans-serif; font-size: 12pt;\">\u2013 Estar\u00e1 dispon\u00edvel um Solo Duro, no Pavilh\u00e3o Municipal de Penamacor<\/span><br \/>\n<span style=\"font-family: helvetica, arial, sans-serif; font-size: 12pt;\">\u2013 Abertura: 16h00 \u2013 15 de\u00a0Fevereiro;<\/span><br \/>\n<span style=\"font-family: helvetica, arial, sans-serif; font-size: 12pt;\">\u2013 Fecho: 16h00 \u2013 18 de\u00a0Fevereiro.<\/span><br \/>\n<span style=\"font-family: helvetica, arial, sans-serif; font-size: 12pt;\">\u2013 Alojamento em Solo Duro sujeito a pr\u00e9via inscri\u00e7\u00e3o no Ori-Oasis.<\/span><br \/>\n<span style=\"font-family: helvetica, arial, sans-serif; font-size: 12pt;\">&#8211; Os participantes devem trazer o seu saco cama e colch\u00e3o.<\/span><br \/>\n<span style=\"font-family: helvetica, arial, sans-serif; font-size: 12pt;\">&#8211; \u00c9 proibido utilizar sapatos de bicos no interior do recinto.<\/span><br \/>\n<span style=\"font-family: helvetica, arial, sans-serif; font-size: 12pt;\">&#8211;\u00a0\u00c9 proibido cozinhar e comer no interior do recinto.<\/span><\/p>\n<p><span style=\"font-family: helvetica, arial, sans-serif; font-size: 12pt;\"> <strong>Alojamento<\/strong><\/span><\/p>\n<p><span style=\"font-family: helvetica, arial, sans-serif; font-size: 12pt;\">&#8211; Existem v\u00e1rias possibilidades de alojamento na \u00e1rea.<\/span><\/p>\n<p><span style=\"font-family: helvetica, arial, sans-serif; font-size: 12pt;\"><strong>Banhos<\/strong><\/span><\/p>\n<p><span style=\"font-family: helvetica, arial, sans-serif; font-size: 12pt;\">&#8211; Os banhos ser\u00e3o no Pavilh\u00e3o Municipal de Penamacor.<\/span><\/p>\n<p><span style=\"font-family: helvetica, arial, sans-serif; font-size: 12pt;\"><strong>Babysitting<\/strong><\/span><\/p>\n<p><span style=\"font-family: helvetica, arial, sans-serif; font-size: 12pt;\">&#8211; Nas etapas de floresta o Babysitting ser\u00e1 instalado na Arena:<\/span><br \/>\n<span style=\"font-family: helvetica, arial, sans-serif; font-size: 12pt;\"> &#8211; No evento de Sprint Noturno n\u00e3o vai ser montado Babysitting.<\/span><\/p>\n<p><span style=\"font-family: helvetica, arial, sans-serif; font-size: 12pt;\"><strong>Evento Modelo<\/strong><\/span><\/p>\n<p><span style=\"font-family: helvetica, arial, sans-serif; font-size: 12pt;\">\u2013 Os Eventos Modelo ser\u00e3o nos seguintes mapas: Mem\u00f3ria \/ Anascer<\/span><br \/>\n<span style=\"font-family: helvetica, arial, sans-serif; font-size: 12pt;\">\u2013 Os mapas ser\u00e3o distribuidos durante a acredita\u00e7\u00e3o, que ser\u00e1 efectuada no Event Center (centro de evento) em Penamacor; a partir das x horas do dia y.<\/span><br \/>\n<span style=\"font-family: helvetica, arial, sans-serif; font-size: 12pt;\">\u2013 A participa\u00e7\u00e3o nos \u201cModel Event\u201d carece de pr\u00e9via inscri\u00e7\u00e3o no Ori-Oasis.<\/span><\/p>\n<p><span style=\"font-family: helvetica, arial, sans-serif; font-size: 12pt;\"><strong>World Ranking Event<\/strong><\/span><\/p>\n<p><span style=\"font-family: helvetica, arial, sans-serif; font-size: 12pt;\">\u2013 A dist\u00e2ncia Longa no dia 18 de Fevereiro (dia 2) contar\u00e1 para o Ranking Mundial (WRE);<\/span><\/p>\n<p><span style=\"font-family: helvetica, arial, sans-serif; font-size: 12pt;\"><strong>Escal\u00f5es de Elite<\/strong><\/span><\/p>\n<p><span style=\"font-family: helvetica, arial, sans-serif; font-size: 12pt;\">\u2013 Se o n\u00famero de inscri\u00e7\u00f5es nos escal\u00f5es de Elite se verificar excessivo para um \u00fanico percurso, a organiza\u00e7\u00e3o poder\u00e1 dividir esses escal\u00f5es em dois, Super Elite e Elite. No escal\u00e3o de Super Elite participar\u00e3o os atletas que tiverem melhor pontua\u00e7\u00e3o no Ranking da IOF divulgado \u00e0 data de 31 de Janeiro\u00a0de 2018 e os restantes participar\u00e3o no escal\u00e3o de Elite.<\/span><\/p>\n<p><span style=\"font-family: helvetica, arial, sans-serif; font-size: 12pt;\"><strong>Peitoral PIOM 2018<\/strong><\/span><\/p>\n<p><span style=\"font-family: helvetica, arial, sans-serif; font-size: 12pt;\">\u2013 Todos os atletas devem usar o peitoral oficial do PIOM 2018, que ser\u00e1 entregue durante a acredita\u00e7\u00e3o.<\/span><br \/>\n<span style=\"font-family: helvetica, arial, sans-serif; font-size: 12pt;\">\u2013 Apenas ser\u00e1 permitida a partida de atletas com o peitoral correctamente colocado no seu equipamento.<\/span><\/p>\n<p><span style=\"font-family: helvetica, arial, sans-serif; font-size: 12pt;\"><strong>Mudan\u00e7as no n\u00famero do SIcard<\/strong><\/span><\/p>\n<p><span style=\"font-family: helvetica, arial, sans-serif; font-size: 12pt;\">\u2013 Quaisquer mudan\u00e7as no n\u00famero do SIcard devem ser efectuadas no Secretariado antes da partida. N\u00e3o ser\u00e1 permitida a partida de atletas com altera\u00e7\u00f5es n\u00e3o validades previamente no Secretariado.<\/span><\/p>\n<p><span style=\"font-family: helvetica, arial, sans-serif; font-size: 12pt;\"><strong>Horas de Partida<\/strong><\/span><\/p>\n<p><span style=\"font-family: helvetica, arial, sans-serif; font-size: 12pt;\">\u2013 N\u00e3o ser\u00e1 permitida a mudan\u00e7a de horas de partida nos dias de competi\u00e7\u00e3o.<\/span><br \/>\n<span style=\"font-family: helvetica, arial, sans-serif; font-size: 12pt;\">\u2013 Em caso de constrangimentos relacionados com o hor\u00e1rio de partida (exemplo: necessidade de uma hora de partida mais cedo no \u00faltimo dia), por favor assinale-o durante o processo de inscri\u00e7\u00e3o.<\/span><br \/>\n<span style=\"font-family: helvetica, arial, sans-serif; font-size: 12pt;\">\u2013 Nos escal\u00f5es abertos e de forma\u00e7\u00e3o (H\/D 10 e H\/D 12) n\u00e3o existir\u00e3o horas de partida definidas. Os participantes destes escal\u00f5es t\u00eam uma janela de tempo na qual podem iniciar a sua participa\u00e7\u00e3o, recorrendo a uma esta\u00e7\u00e3o \u201cSTART\u201d, que guarda a hora de partida dos mesmos.<\/span><\/p>\n<p><span style=\"font-family: helvetica, arial, sans-serif; font-size: 12pt;\"><strong>Tempo limite por prova<\/strong><\/span><\/p>\n<p><span style=\"font-family: helvetica, arial, sans-serif; font-size: 12pt;\">\u2013 O tempo limite para a realiza\u00e7\u00e3o dos percursos de dist\u00e2ncia longa \u00e9 de 3 horas, de dist\u00e2ncia m\u00e9dia \u00e9 de 2 horas e no Sprint Noturno \u00e9 de 1 hora.<\/span><\/p>\n<p><span style=\"font-family: helvetica, arial, sans-serif; font-size: 12pt;\"><strong>Fair Play<\/strong><\/span><\/p>\n<p><span style=\"font-family: helvetica, arial, sans-serif; font-size: 12pt;\">\u2013 No final de cada percurso os atletas podem manter o seu mapa, apelando-se ao Fair Play de todos no sentido de manter os mapas\/percursos secretos para os atletas que ainda n\u00e3o efectuaram a sua prova.<\/span><\/p>\n<p><span style=\"font-family: helvetica, arial, sans-serif; font-size: 12pt;\"><strong>Controlo eletr\u00f3nico<\/strong><\/span><\/p>\n<p><span style=\"font-family: helvetica, arial, sans-serif; font-size: 12pt;\">&#8211; O Sportident \u00e9 o sistema electr\u00f3nico de controlo de provas oficial da FPO.<\/span><\/p>\n<p><span style=\"font-family: helvetica, arial, sans-serif; font-size: 12pt;\"><strong>Resultados<\/strong><\/span><\/p>\n<p><span style=\"font-family: helvetica, arial, sans-serif; font-size: 12pt;\">\u2013 O resultado final do PIOM 2018 ir\u00e1 ser definido pela soma dos pontos obtidos ao longo das 3 etapas da competi\u00e7\u00e3o (M\u00e9dia, Sprint e Longa).<\/span><\/p>\n<p><span style=\"font-family: helvetica, arial, sans-serif; font-size: 12pt;\"><strong>Pr\u00e9mios<\/strong><\/span><\/p>\n<p><span style=\"font-family: helvetica, arial, sans-serif; font-size: 12pt;\">WRE:<\/span><br \/>\n<span style=\"font-family: helvetica, arial, sans-serif;\">&#8211;<span style=\"font-size: 12pt;\"> Pr\u00e9mio para os 5 primeiros atletas nos escal\u00f5es W21E e M21SE.<\/span><\/span><\/p>\n<p><span style=\"font-family: helvetica, arial, sans-serif; font-size: 12pt;\">PIOM 2018:<\/span><br \/>\n<span style=\"font-family: helvetica, arial, sans-serif; font-size: 12pt;\">&#8211; Pr\u00e9mio para os 5 primeiros atletas nos escal\u00f5es de Elite<\/span><br \/>\n<span style=\"font-family: helvetica, arial, sans-serif; font-size: 12pt;\">&#8211; Pr\u00e9mio para os 3 primeiros atletas de cada escal\u00e3o de competi\u00e7\u00e3o;<\/span><br \/>\n<span style=\"font-family: helvetica, arial, sans-serif; font-size: 12pt;\">&#8211; Pr\u00e9mio para os 3 melhores clubes.<\/span><br \/>\n<span style=\"font-family: helvetica, arial, sans-serif; font-size: 12pt;\">&#8211; Pr\u00e9mio para o primeiro classificado de cada escal\u00e3o Aberto (F\u00e1cil Curto, Dif\u00edcil Curto, F\u00e1cil Longo e Dif\u00edcil Longo);<\/span><br \/>\n<span style=\"font-family: helvetica, arial, sans-serif; font-size: 12pt;\"> &#8211; Todos os atletas dos escal\u00f5es de forma\u00e7\u00e3o (W\/M10 e W\/M12) ir\u00e3o receber uma lembran\u00e7a, independentemente da sua classifica\u00e7\u00e3o.<\/span><\/p>\n<p><span style=\"font-family: helvetica, arial, sans-serif; font-size: 12pt;\"><strong>Seguro desportivo<\/strong><\/span><\/p>\n<p><span style=\"font-family: helvetica, arial, sans-serif; font-size: 12pt;\">\u2013 Os atletas federados na FPO estar\u00e3o segurados pelo seguro da mesma.<\/span><br \/>\n<span style=\"font-family: helvetica, arial, sans-serif; font-size: 12pt;\">\u2013 Cidad\u00e3os portugueses e residentes em Portugal n\u00e3o federados na FPO tamb\u00e9m estar\u00e3o cobertos pelo seguro da FPO.<\/span><br \/>\n<span style=\"font-family: helvetica, arial, sans-serif; font-size: 12pt;\">\u2013 Participantes estrangeiros e\/ou n\u00e3o residentes em Portugal n\u00e3o est\u00e3o cobertos por qualquer seguro, sendo da sua responsabilidade garantir o seu pr\u00f3prio seguro.<\/span><\/p>\n<p><span style=\"font-family: helvetica, arial, sans-serif; font-size: 12pt;\"><strong>Regras<\/strong><\/span><\/p>\n<p><span style=\"font-family: helvetica, arial, sans-serif; font-size: 12pt;\">\u2013 A competi\u00e7\u00e3o rege-se pelo Regulamento de Competi\u00e7\u00f5es da FPO em vigor. Perante qualquer caso omisso no regulamento da FPO ser\u00e1 aplicado o regulamento da IOF.<\/span><\/p>\n<p><span style=\"font-family: helvetica, arial, sans-serif; font-size: 12pt;\"><strong>Reclama\u00e7\u00f5es<\/strong><\/span><\/p>\n<p><span style=\"font-family: helvetica, arial, sans-serif; font-size: 12pt;\">\u2013 O prazo para a apresenta\u00e7\u00e3o das reclama\u00e7\u00f5es expira 30 minutos ap\u00f3s o t\u00e9rmino da prova do atleta.<\/span><\/p>\n<p><span style=\"font-family: helvetica, arial, sans-serif; font-size: 12pt;\"><strong>Contactos da Organiza\u00e7\u00e3o<\/strong><\/span><\/p>\n<p><span style=\"font-family: helvetica, arial, sans-serif; font-size: 12pt;\">Email: <a href=\"mailto:piom2018.contact@gmail.com\">piom2018.contact@gmail.com<\/a><\/span><\/p>","protected":false},"excerpt":{"rendered":"<p>Arenas \u2013 Nas arenas os atletas estar\u00e3o \u00e0 sua disposi\u00e7\u00e3o todas as infraestruturas necess\u00e1rias (secretariado, inform\u00e1tica, servi\u00e7o de bar, WC, babysitting, primeiros socorros, resultados, speaker, etc). \u2013 Nas arena da prova de Sprint Noturno n\u00e3o existir\u00e1 servi\u00e7o de bar. \u2013 Se est\u00e1 a pensar recorrer ao servi\u00e7o babysitting, por favor assinale essa op\u00e7\u00e3o durante o &hellip; <a href=\"http:\/\/eventos.coc.pt\/piom2018\/informacoes-gerais\/\" class=\"more-link\">Continuar a ler <span class=\"screen-reader-text\">Informa\u00e7\u00f5es Gerais<\/span><\/a><\/p>\n","protected":false},"author":1,"featured_media":0,"parent":0,"menu_order":13,"comment_status":"closed","ping_status":"closed","template":"","meta":{"footnotes":""},"class_list":["post-11","page","type-page","status-publish","hentry"],"_links":{"self":[{"href":"http:\/\/eventos.coc.pt\/piom2018\/wp-json\/wp\/v2\/pages\/11","targetHints":{"allow":["GET"]}}],"collection":[{"href":"http:\/\/eventos.coc.pt\/piom2018\/wp-json\/wp\/v2\/pages"}],"about":[{"href":"http:\/\/eventos.coc.pt\/piom2018\/wp-json\/wp\/v2\/types\/page"}],"author":[{"embeddable":true,"href":"http:\/\/eventos.coc.pt\/piom2018\/wp-json\/wp\/v2\/users\/1"}],"replies":[{"embeddable":true,"href":"http:\/\/eventos.coc.pt\/piom2018\/wp-json\/wp\/v2\/comments?post=11"}],"version-history":[{"count":36,"href":"http:\/\/eventos.coc.pt\/piom2018\/wp-json\/wp\/v2\/pages\/11\/revisions"}],"predecessor-version":[{"id":776,"href":"http:\/\/eventos.coc.pt\/piom2018\/wp-json\/wp\/v2\/pages\/11\/revisions\/776"}],"wp:attachment":[{"href":"http:\/\/eventos.coc.pt\/piom2018\/wp-json\/wp\/v2\/media?parent=11"}],"curies":[{"name":"wp","href":"https:\/\/api.w.org\/{rel}","templated":true}]}}