{"id":21,"date":"2016-09-02T15:32:45","date_gmt":"2016-09-02T15:32:45","guid":{"rendered":"http:\/\/eventos.coc.pt\/piom2018\/?page_id=21"},"modified":"2017-07-25T22:16:48","modified_gmt":"2017-07-25T22:16:48","slug":"organizacao","status":"publish","type":"page","link":"http:\/\/eventos.coc.pt\/piom2018\/organizacao\/","title":{"rendered":"Organiza\u00e7\u00e3o"},"content":{"rendered":"<p><\/p>\n<div id=\"comp-is6e9qle\" class=\"s12\" data-reactid=\".0.$SITE_ROOT.$desktop_siteRoot.$PAGES_CONTAINER.1.1.$SITE_PAGES.$ofav6.1.$comp-is6e9qle\">\n<p class=\"font_2\"><span style=\"font-family: helvetica, arial, sans-serif;\"><strong>Clube de Orienta\u00e7\u00e3o do Centro (COC), C\u00e2mara Municipal de Penamacor e\u00a0Federa\u00e7\u00e3o Portuguesa de Orienta\u00e7\u00e3o<\/strong><\/span><\/p>\n<\/div>\n<div id=\"comp-is6e9qlf\" class=\"s12\" data-reactid=\".0.$SITE_ROOT.$desktop_siteRoot.$PAGES_CONTAINER.1.1.$SITE_PAGES.$ofav6.1.$comp-is6e9qlf\">\n<p class=\"font_8\"><span class=\"color_11\" style=\"font-family: helvetica, arial, sans-serif;\"><strong>Director da Prova:<\/strong>\u00a0Jos\u00e9 Bolr\u00e3o<\/span><\/p>\n<p class=\"font_8\"><span class=\"color_11\" style=\"font-family: helvetica, arial, sans-serif;\"><strong>Director T\u00e9cnico:<\/strong>\u00a0Rui Antunes<\/span><\/p>\n<p class=\"font_8\"><span class=\"color_11\" style=\"font-family: helvetica, arial, sans-serif;\"><strong>Supervisor IOF:<\/strong>\u00a0Cripim Junior<\/span><\/p>\n<p class=\"font_8\"><span class=\"color_11\" style=\"font-family: helvetica, arial, sans-serif;\"><strong>Cart\u00f3grafo:<\/strong>\u00a0Rui Antunes<\/span><\/p>\n<p class=\"font_8\"><span class=\"color_11\" style=\"font-family: helvetica, arial, sans-serif;\"><strong>Tra\u00e7ador de Percursos:<\/strong>\u00a0Rui Antunes: Longa e M\u00e9dia &#8211; Patr\u00edcia Casalinho:\u00a0Sprint<\/span><\/p>\n<p class=\"font_8\"><span class=\"color_11\" style=\"font-family: helvetica, arial, sans-serif;\"><strong>Inform\u00e1tica:<\/strong>\u00a0Rui Bot\u00e3o e Susana Domingos<\/span><\/p>\n<p class=\"font_8\"><span class=\"color_11\" style=\"font-family: helvetica, arial, sans-serif;\"><strong>Web e Inscri\u00e7\u00f5es On-line OASIS:<\/strong>\u00a0Paulo Franco<\/span><\/p>\n<p class=\"font_8\"><span class=\"color_11\" style=\"font-family: helvetica, arial, sans-serif;\"><strong>Secretariado:<\/strong>\u00a0Paulo Olaio<\/span><\/p>\n<p class=\"font_8\"><span class=\"color_11\" style=\"font-family: helvetica, arial, sans-serif;\"><strong>Arena:<\/strong>\u00a0Carlos Monteiro<\/span><\/p>\n<p class=\"font_8\"><span class=\"color_11\" style=\"font-family: helvetica, arial, sans-serif;\"><strong>Log\u00edstica:<\/strong>\u00a0Manuel Domingues e Catarina Castel\u00e3o<\/span><\/p>\n<p class=\"font_8\"><span class=\"color_11\" style=\"font-family: helvetica, arial, sans-serif;\"><strong>Chegadas:<\/strong>\u00a0Nuno Ferreira<\/span><\/p>\n<p class=\"font_8\"><span class=\"color_11\" style=\"font-family: helvetica, arial, sans-serif;\"><strong>Partidas:<\/strong>\u00a0Il\u00eddio Coelho e Jorge Almeida<\/span><\/p>\n<p class=\"font_8\"><span class=\"color_11\" style=\"font-family: helvetica, arial, sans-serif;\"><strong>Baby Sitting:<\/strong>\u00a0Marisa Barroso &#8211; Ori Anima<\/span><\/p>\n<p class=\"font_8\"><span class=\"color_11\" style=\"font-family: helvetica, arial, sans-serif;\"><strong>Servi\u00e7o de Bar:<\/strong>\u00a0Isabel Monteiro<\/span><\/p>\n<p class=\"font_8\"><span class=\"color_11\" style=\"font-family: helvetica, arial, sans-serif;\"><strong>Estacionamentos:<\/strong>\u00a0Jorge Silva<\/span><\/p>\n<p class=\"font_8\"><span class=\"color_11\" style=\"font-family: helvetica, arial, sans-serif;\"><strong>Sinaliza\u00e7\u00e3o:<\/strong>\u00a0Ant\u00f3nio Cotovio<\/span><\/p>\n<p class=\"font_8\"><span class=\"color_11\" style=\"font-family: helvetica, arial, sans-serif;\"><strong>Imagem e M\u00eddia:<\/strong>\u00a0Leonel Vieito<\/span><\/p>\n<\/div>\n<p><\/p>","protected":false},"excerpt":{"rendered":"<p>Clube de Orienta\u00e7\u00e3o do Centro (COC), C\u00e2mara Municipal de Penamacor e\u00a0Federa\u00e7\u00e3o Portuguesa de Orienta\u00e7\u00e3o Director da Prova:\u00a0Jos\u00e9 Bolr\u00e3o Director T\u00e9cnico:\u00a0Rui Antunes Supervisor IOF:\u00a0Cripim Junior Cart\u00f3grafo:\u00a0Rui Antunes Tra\u00e7ador de Percursos:\u00a0Rui Antunes: Longa e M\u00e9dia &#8211; Patr\u00edcia Casalinho:\u00a0Sprint Inform\u00e1tica:\u00a0Rui Bot\u00e3o e Susana Domingos Web e Inscri\u00e7\u00f5es On-line OASIS:\u00a0Paulo Franco Secretariado:\u00a0Paulo Olaio Arena:\u00a0Carlos Monteiro Log\u00edstica:\u00a0Manuel Domingues e Catarina &hellip; <a href=\"http:\/\/eventos.coc.pt\/piom2018\/organizacao\/\" class=\"more-link\">Continuar a ler <span class=\"screen-reader-text\">Organiza\u00e7\u00e3o<\/span><\/a><\/p>\n","protected":false},"author":1,"featured_media":0,"parent":0,"menu_order":8,"comment_status":"closed","ping_status":"closed","template":"","meta":{"footnotes":""},"class_list":["post-21","page","type-page","status-publish","hentry"],"_links":{"self":[{"href":"http:\/\/eventos.coc.pt\/piom2018\/wp-json\/wp\/v2\/pages\/21","targetHints":{"allow":["GET"]}}],"collection":[{"href":"http:\/\/eventos.coc.pt\/piom2018\/wp-json\/wp\/v2\/pages"}],"about":[{"href":"http:\/\/eventos.coc.pt\/piom2018\/wp-json\/wp\/v2\/types\/page"}],"author":[{"embeddable":true,"href":"http:\/\/eventos.coc.pt\/piom2018\/wp-json\/wp\/v2\/users\/1"}],"replies":[{"embeddable":true,"href":"http:\/\/eventos.coc.pt\/piom2018\/wp-json\/wp\/v2\/comments?post=21"}],"version-history":[{"count":16,"href":"http:\/\/eventos.coc.pt\/piom2018\/wp-json\/wp\/v2\/pages\/21\/revisions"}],"predecessor-version":[{"id":612,"href":"http:\/\/eventos.coc.pt\/piom2018\/wp-json\/wp\/v2\/pages\/21\/revisions\/612"}],"wp:attachment":[{"href":"http:\/\/eventos.coc.pt\/piom2018\/wp-json\/wp\/v2\/media?parent=21"}],"curies":[{"name":"wp","href":"https:\/\/api.w.org\/{rel}","templated":true}]}}