{"id":141,"date":"2016-09-16T12:54:39","date_gmt":"2016-09-16T12:54:39","guid":{"rendered":"http:\/\/eventos.coc.pt\/piom2018\/?page_id=141"},"modified":"2019-10-01T23:33:36","modified_gmt":"2019-10-01T23:33:36","slug":"resultados","status":"publish","type":"page","link":"http:\/\/eventos.coc.pt\/piom2019cim\/resultados\/","title":{"rendered":"Resultados"},"content":{"rendered":"<p><strong>PIOM 2019<\/strong><\/p>\n<p>Etapa 1 &#8211; Dist\u00e2ncia M\u00e9dia: <a href=\"http:\/\/eventos.coc.pt\/archive\/piom2019\/results\/results1_classes.html\" target=\"_blank\" rel=\"noopener\">Escal\u00f5es<\/a> | <a href=\"http:\/\/eventos.coc.pt\/archive\/piom2019\/results\/results1_classes_splits.html\" target=\"_blank\" rel=\"noopener\">Splits<\/a> |<a href=\"http:\/\/obasen.orientering.se\/winsplits\/online\/en\/default.asp?page=classes&amp;databaseId=65839\" target=\"_blank\" rel=\"noopener\">Winsplits<\/a><\/p>\n<p>Etapa 2 &#8211; Sprint: <a href=\"http:\/\/eventos.coc.pt\/archive\/piom2019\/results\/results2_classes.html\" target=\"_blank\" rel=\"noopener\">Escal\u00f5es<\/a> | <a href=\"http:\/\/eventos.coc.pt\/archive\/piom2019\/results\/results2_classes_splits.html\" target=\"_blank\" rel=\"noopener\">Splits<\/a>\u00a0|<a href=\"http:\/\/obasen.orientering.se\/winsplits\/online\/en\/default.asp?page=classes&amp;databaseId=65840\" target=\"_blank\" rel=\"noopener\">Winsplits<\/a><\/p>\n<p>Etapa 3 &#8211; Dist\u00e2ncia Longa:\u00a0\u00a0<a href=\"http:\/\/eventos.coc.pt\/archive\/piom2019\/results\/results3_classes.html\" target=\"_blank\" rel=\"noopener\">Escal\u00f5es<\/a>\u00a0| <a href=\"http:\/\/eventos.coc.pt\/archive\/piom2019\/results\/results3_classes_splits.html\" target=\"_blank\" rel=\"noopener\">Splits<\/a>\u00a0|<a href=\"http:\/\/obasen.orientering.se\/winsplits\/online\/en\/default.asp?page=classes&amp;databaseId=65875\" target=\"_blank\" rel=\"noopener\">Winsplits<\/a><\/p>\n<p>Final:\u00a0<a href=\"http:\/\/eventos.coc.pt\/archive\/piom2019\/results\/overall3.html\" target=\"_blank\" rel=\"noopener\">Categorias<\/a>\u00a0| <a href=\"http:\/\/eventos.coc.pt\/archive\/piom2019\/results\/clubes.htm\" target=\"_blank\" rel=\"noopener\">Clubes<\/a><\/p>\n<p><strong>CIMO 2019<\/strong><\/p>\n<p><a href=\"http:\/\/eventos.coc.pt\/archive\/piom2019\/results\/iberico_total_podios.html\" target=\"_blank\" rel=\"noopener\">P\u00f3dios<\/a><\/p>\n<p><a href=\"http:\/\/eventos.coc.pt\/archive\/piom2019\/results\/iberico_total_todos.html\" target=\"_blank\" rel=\"noopener\">Todos os resultados<\/a><\/p>","protected":false},"excerpt":{"rendered":"<p>PIOM 2019 Etapa 1 &#8211; Dist\u00e2ncia M\u00e9dia: Escal\u00f5es | Splits |Winsplits Etapa 2 &#8211; Sprint: Escal\u00f5es | Splits\u00a0|Winsplits Etapa 3 &#8211; Dist\u00e2ncia Longa:\u00a0\u00a0Escal\u00f5es\u00a0| Splits\u00a0|Winsplits Final:\u00a0Categorias\u00a0| Clubes CIMO 2019 P\u00f3dios Todos os resultados<\/p>\n","protected":false},"author":1,"featured_media":0,"parent":0,"menu_order":1,"comment_status":"closed","ping_status":"closed","template":"","meta":{"footnotes":""},"class_list":["post-141","page","type-page","status-publish","hentry"],"_links":{"self":[{"href":"http:\/\/eventos.coc.pt\/piom2019cim\/wp-json\/wp\/v2\/pages\/141","targetHints":{"allow":["GET"]}}],"collection":[{"href":"http:\/\/eventos.coc.pt\/piom2019cim\/wp-json\/wp\/v2\/pages"}],"about":[{"href":"http:\/\/eventos.coc.pt\/piom2019cim\/wp-json\/wp\/v2\/types\/page"}],"author":[{"embeddable":true,"href":"http:\/\/eventos.coc.pt\/piom2019cim\/wp-json\/wp\/v2\/users\/1"}],"replies":[{"embeddable":true,"href":"http:\/\/eventos.coc.pt\/piom2019cim\/wp-json\/wp\/v2\/comments?post=141"}],"version-history":[{"count":17,"href":"http:\/\/eventos.coc.pt\/piom2019cim\/wp-json\/wp\/v2\/pages\/141\/revisions"}],"predecessor-version":[{"id":1024,"href":"http:\/\/eventos.coc.pt\/piom2019cim\/wp-json\/wp\/v2\/pages\/141\/revisions\/1024"}],"wp:attachment":[{"href":"http:\/\/eventos.coc.pt\/piom2019cim\/wp-json\/wp\/v2\/media?parent=141"}],"curies":[{"name":"wp","href":"https:\/\/api.w.org\/{rel}","templated":true}]}}