{"id":13,"date":"2016-09-02T15:31:49","date_gmt":"2016-09-02T15:31:49","guid":{"rendered":"http:\/\/eventos.coc.pt\/piom2018\/?page_id=13"},"modified":"2020-10-14T18:54:38","modified_gmt":"2020-10-14T18:54:38","slug":"informacoes-tecnicas","status":"publish","type":"page","link":"http:\/\/eventos.coc.pt\/piom2021\/informacoes-tecnicas\/","title":{"rendered":"Informa\u00e7\u00f5es T\u00e9cnicas"},"content":{"rendered":"<p><\/p>\n<div id=\"comp-is6i97xa\" class=\"s11\" data-reactid=\".0.$SITE_ROOT.$desktop_siteRoot.$PAGES_CONTAINER.1.1.$SITE_PAGES.$lxlqy.1.$comp-is6i97xa\">\n<div id=\"comp-is6i97xainlineContent\" class=\"s11inlineContent\" data-reactid=\".0.$SITE_ROOT.$desktop_siteRoot.$PAGES_CONTAINER.1.1.$SITE_PAGES.$lxlqy.1.$comp-is6i97xa.0\">\n<div id=\"comp-is6i97yh\" class=\"s12\" data-reactid=\".0.$SITE_ROOT.$desktop_siteRoot.$PAGES_CONTAINER.1.1.$SITE_PAGES.$lxlqy.1.$comp-is6i97xa.0.$comp-is6i97yh\"><\/div>\n<\/div>\n<\/div>\n<div id=\"comp-is6icf1c\" class=\"s11\" data-reactid=\".0.$SITE_ROOT.$desktop_siteRoot.$PAGES_CONTAINER.1.1.$SITE_PAGES.$lxlqy.1.$comp-is6icf1c\">\n<div id=\"comp-is6icf1cinlineContent\" class=\"s11inlineContent\" data-reactid=\".0.$SITE_ROOT.$desktop_siteRoot.$PAGES_CONTAINER.1.1.$SITE_PAGES.$lxlqy.1.$comp-is6icf1c.0\">\n<div id=\"comp-is6icf29\" class=\"s12\" data-reactid=\".0.$SITE_ROOT.$desktop_siteRoot.$PAGES_CONTAINER.1.1.$SITE_PAGES.$lxlqy.1.$comp-is6icf1c.0.$comp-is6icf29\">\n<div id=\"comp-is6icf29\" class=\"s12\" data-reactid=\".0.$SITE_ROOT.$desktop_siteRoot.$PAGES_CONTAINER.1.1.$SITE_PAGES.$lxlqy.1.$comp-is6icf1c.0.$comp-is6icf29\">\n<div id=\"comp-is6icf28\" class=\"s12\" data-reactid=\".0.$SITE_ROOT.$desktop_siteRoot.$PAGES_CONTAINER.1.1.$SITE_PAGES.$lxlqy.1.$comp-is6icf1c.0.$comp-is6icf28\">\n<p><span style=\"font-size: 14pt;\"><strong>MODEL EVENTS<\/strong><\/span><\/p>\n<p>Pontos de controlo: Ser\u00e3o colocados no terreno pontos de controlo que replicam as zonas de competi\u00e7\u00e3o. Os pontos de controlo estar\u00e3o materializados no terreno por uma fita de cor laranja, identificada pelo numero do ponto de controlo.<\/p>\n<p style=\"text-align: justify;\"><span style=\"font-size: 14pt;\"><strong>Model Events Sprint<\/strong><\/span><\/p>\n<p style=\"text-align: justify;\">Cart\u00f3grafo dos 2 mapas de sprint: Rui Antunes<\/p>\n<p style=\"text-align: justify;\">Escalas 1:4.000 |Equidist\u00e2ncia: 5 mts<\/p>\n<p style=\"text-align: justify;\"><strong>Mapa de Penamacor<\/strong><\/p>\n<p><img loading=\"lazy\" decoding=\"async\" class=\"alignleft wp-image-488\" src=\"http:\/\/eventos.coc.pt\/piom2021\/wp-content\/uploads\/sites\/19\/2020\/05\/PenamacorExcertoMapaI-150x150.jpg\" alt=\"\" width=\"120\" height=\"120\" \/> <img loading=\"lazy\" decoding=\"async\" class=\"alignleft wp-image-489\" src=\"http:\/\/eventos.coc.pt\/piom2021\/wp-content\/uploads\/sites\/19\/2020\/05\/PenamacorExcertoMapaII-150x150.jpg\" alt=\"\" width=\"120\" height=\"120\" \/><\/p>\n<p>&nbsp;<\/p>\n<p>&nbsp;<\/p>\n<p>&nbsp;<\/p>\n<p>&nbsp;<\/p>\n<p style=\"text-align: justify;\">Produ\u00e7\u00e3o de 2016 e atualiza\u00e7\u00e3o em Janeiro de 2018<\/p>\n<p style=\"text-align: justify;\">Zona urbana, maioritariamente pavimentada a paralelos, consider\u00e1vel desn\u00edvel, alternando zona hist\u00f3rica de irregular tra\u00e7ado de ruas com zonas mais recentes e mais regulares. Consider\u00e1vel desn\u00edvel.<\/p>\n<p style=\"text-align: justify;\">Estacionamento: No terreiro de Santo Ant\u00f3nio junto ao Edif\u00edcio da C\u00e2mara Municipal de Penamacor. Coordenadas 40.167989\u00a0 -7.172010<\/p>\n<p style=\"text-align: justify;\"><strong>Mapa da Meimoa<\/strong><\/p>\n<p><img loading=\"lazy\" decoding=\"async\" class=\"alignleft wp-image-501\" src=\"http:\/\/eventos.coc.pt\/piom2021\/wp-content\/uploads\/sites\/19\/2020\/05\/Meimoa-1-150x150.jpg\" alt=\"\" width=\"120\" height=\"120\" \/> <img loading=\"lazy\" decoding=\"async\" class=\"alignleft wp-image-502\" src=\"http:\/\/eventos.coc.pt\/piom2021\/wp-content\/uploads\/sites\/19\/2020\/05\/Meimoa-2-150x150.jpg\" alt=\"\" width=\"120\" height=\"120\" \/> <img loading=\"lazy\" decoding=\"async\" class=\"alignleft wp-image-503\" src=\"http:\/\/eventos.coc.pt\/piom2021\/wp-content\/uploads\/sites\/19\/2020\/05\/Meimoa-3-150x150.jpg\" alt=\"\" width=\"120\" height=\"120\" \/><\/p>\n<p>&nbsp;<\/p>\n<p>&nbsp;<\/p>\n<p>&nbsp;<\/p>\n<p>&nbsp;<\/p>\n<p style=\"text-align: justify;\">Produ\u00e7\u00e3o em 2018 em atualiza\u00e7\u00e3o Agosto de 2019<\/p>\n<p style=\"text-align: justify;\">Terreno misto com zona rural aberta e zona urbana pavimentada a paralelos com algum desn\u00edvel, ruas e escadarias estreitas.<\/p>\n<p style=\"text-align: justify;\">Estacionamento: Coordenadas 40.226022, -7.188425 (Zona envolvente praia fluvial da Meimoa)<\/p>\n<p style=\"text-align: justify;\"><span style=\"font-size: 14pt;\"><strong>Model Events Floresta <\/strong><\/span><\/p>\n<p style=\"text-align: justify;\"><strong>Rach\u00e3 &amp; Dongalinho<\/strong><\/p>\n<p><span style=\"font-size: 10pt;\">Rach\u00e3<\/span><\/p>\n<p><img loading=\"lazy\" decoding=\"async\" class=\"alignleft wp-image-496\" src=\"http:\/\/eventos.coc.pt\/piom2021\/wp-content\/uploads\/sites\/19\/2020\/05\/Rach\u00e3-1-150x150.jpg\" alt=\"\" width=\"120\" height=\"120\" \/> <img loading=\"lazy\" decoding=\"async\" class=\"alignleft wp-image-497\" src=\"http:\/\/eventos.coc.pt\/piom2021\/wp-content\/uploads\/sites\/19\/2020\/05\/Rach\u00e3-2-150x150.jpg\" alt=\"\" width=\"120\" height=\"120\" \/> <img loading=\"lazy\" decoding=\"async\" class=\"alignleft wp-image-498\" src=\"http:\/\/eventos.coc.pt\/piom2021\/wp-content\/uploads\/sites\/19\/2020\/05\/Rach\u00e3-3-150x150.jpg\" alt=\"\" width=\"120\" height=\"120\" \/><\/p>\n<p>&nbsp;<\/p>\n<p>&nbsp;<\/p>\n<p>&nbsp;<\/p>\n<p>&nbsp;<\/p>\n<p><span style=\"font-size: 10pt;\">Dongalinho<\/span><\/p>\n<p><img loading=\"lazy\" decoding=\"async\" class=\"alignleft wp-image-492\" src=\"http:\/\/eventos.coc.pt\/piom2021\/wp-content\/uploads\/sites\/19\/2020\/05\/Dongalinho-1-150x150.jpg\" alt=\"\" width=\"120\" height=\"120\" \/> <img loading=\"lazy\" decoding=\"async\" class=\"alignleft wp-image-493\" src=\"http:\/\/eventos.coc.pt\/piom2021\/wp-content\/uploads\/sites\/19\/2020\/05\/Dongalinho-2-150x150.jpg\" alt=\"\" width=\"120\" height=\"120\" \/><\/p>\n<p>&nbsp;<\/p>\n<p>&nbsp;<\/p>\n<p>&nbsp;<\/p>\n<p>&nbsp;<\/p>\n<p style=\"text-align: justify;\">Produ\u00e7\u00e3o em 2015 e atualizado \u00faltimo trimestre de 2017<\/p>\n<p style=\"text-align: justify;\">Dongalinho com \u00e1rea nova de 2.6 Km2 cartografada em 2017<\/p>\n<p style=\"text-align: justify;\">Cart\u00f3grafo: Rui Antunes<\/p>\n<p style=\"text-align: justify;\">Escalas 1:7500, 1:10.000 e 1:15.000 |Equidist\u00e2ncia: 5 mts<\/p>\n<p style=\"text-align: justify;\">Estacionamento: Ser\u00e1 efetuado no interior do mapa. Os condutores devem seguir as coordenadas indicadas no mapa. Coordenadas 40.090810, -7.207569<\/p>\n<p style=\"text-align: justify;\"><strong>Anascer \u00a0<\/strong><\/p>\n<p><img loading=\"lazy\" decoding=\"async\" class=\"alignleft wp-image-471\" src=\"http:\/\/eventos.coc.pt\/piom2021\/wp-content\/uploads\/sites\/19\/2020\/03\/Anascer-1-150x150.jpg\" alt=\"\" width=\"119\" height=\"119\" \/> <img loading=\"lazy\" decoding=\"async\" class=\"alignleft wp-image-472\" src=\"http:\/\/eventos.coc.pt\/piom2021\/wp-content\/uploads\/sites\/19\/2020\/03\/Anascer-2-150x150.jpg\" alt=\"\" width=\"120\" height=\"120\" \/> <img loading=\"lazy\" decoding=\"async\" class=\"alignleft wp-image-473\" src=\"http:\/\/eventos.coc.pt\/piom2021\/wp-content\/uploads\/sites\/19\/2020\/03\/Anascer-3-150x150.jpg\" alt=\"\" width=\"120\" height=\"120\" \/><\/p>\n<p>&nbsp;<\/p>\n<p>&nbsp;<\/p>\n<p>&nbsp;<\/p>\n<p>&nbsp;<\/p>\n<p style=\"text-align: justify;\">Produ\u00e7\u00e3o em 2015 e atualiza\u00e7\u00e3o em 2020<\/p>\n<p style=\"text-align: justify;\">Cart\u00f3grafo: Rui Antunes &amp; Jos\u00e9 Batista<\/p>\n<p style=\"text-align: justify;\">Escala do mapa: 1:7.500 e 1:10 000 |Equidist\u00e2ncia: 5m<\/p>\n<p style=\"text-align: justify;\">Terreno de baixo-relevo, reduzida vegeta\u00e7\u00e3o rasteira, maioritariamente aberto (sem arvoredo) e com bastantes detalhes rochosos.<\/p>\n<p style=\"text-align: justify;\">Estacionamento: 40.273318, -7.247537<\/p>\n<p style=\"text-align: justify;\"><strong>Serrinha &amp; Aldeia do Bispo<\/strong><\/p>\n<\/div>\n<\/div>\n<\/div>\n<p><img loading=\"lazy\" decoding=\"async\" class=\"alignleft wp-image-507\" src=\"http:\/\/eventos.coc.pt\/piom2021\/wp-content\/uploads\/sites\/19\/2020\/05\/Serrinha-1-150x150.jpg\" alt=\"\" width=\"120\" height=\"120\" \/> <img loading=\"lazy\" decoding=\"async\" class=\"alignleft wp-image-509\" src=\"http:\/\/eventos.coc.pt\/piom2021\/wp-content\/uploads\/sites\/19\/2020\/05\/Serrinha-3-150x150.jpg\" alt=\"\" width=\"120\" height=\"120\" \/> <img loading=\"lazy\" decoding=\"async\" class=\"alignleft wp-image-510\" src=\"http:\/\/eventos.coc.pt\/piom2021\/wp-content\/uploads\/sites\/19\/2020\/05\/Serrinha-4-150x150.jpg\" alt=\"\" width=\"120\" height=\"120\" \/><\/p>\n<div id=\"comp-is6icf29\" class=\"s12\" data-reactid=\".0.$SITE_ROOT.$desktop_siteRoot.$PAGES_CONTAINER.1.1.$SITE_PAGES.$lxlqy.1.$comp-is6icf1c.0.$comp-is6icf29\">\n<div id=\"comp-is6icf29\" class=\"s12\" data-reactid=\".0.$SITE_ROOT.$desktop_siteRoot.$PAGES_CONTAINER.1.1.$SITE_PAGES.$lxlqy.1.$comp-is6icf1c.0.$comp-is6icf29\">\n<div id=\"comp-is6icf28\" class=\"s12\" data-reactid=\".0.$SITE_ROOT.$desktop_siteRoot.$PAGES_CONTAINER.1.1.$SITE_PAGES.$lxlqy.1.$comp-is6icf1c.0.$comp-is6icf28\">\n<p>&nbsp;<\/p>\n<p>&nbsp;<\/p>\n<p>&nbsp;<\/p>\n<p>&nbsp;<\/p>\n<p style=\"text-align: justify;\">Produ\u00e7\u00e3o em 2015 e atualiza\u00e7\u00e3o em 2020<\/p>\n<p style=\"text-align: justify;\">Cart\u00f3grafo: Rui Antunes<\/p>\n<p style=\"text-align: justify;\">Escalas 1:7500, 1:10.000 e 1:15.000 | Equidist\u00e2ncia: 5 mts<\/p>\n<p style=\"text-align: justify;\">Terreno com consider\u00e1vel desn\u00edvel, rico em detalhes rochosos, alternando zonas de boa progress\u00e3o com outras de menor velocidade de progress\u00e3o ora pelo desn\u00edvel ora pela vegeta\u00e7\u00e3o. Proporciona bons desafios t\u00e9cnicos principalmente na escolha de op\u00e7\u00f5es, o que \u00e9 importante numa Dist\u00e2ncia Longa.<\/p>\n<p style=\"text-align: justify;\">Estacionamento: a divulgar oportunamente.<\/p>\n<p class=\"x_MsoNormal\"><strong><i>Mem\u00f3ria\u00a0<\/i><\/strong><\/p>\n<p><img loading=\"lazy\" decoding=\"async\" class=\"wp-image-478 alignleft\" src=\"http:\/\/eventos.coc.pt\/piom2021\/wp-content\/uploads\/sites\/19\/2020\/04\/Mem\u00f3ria-1-150x150.jpg\" alt=\"\" width=\"119\" height=\"119\" \/> <img loading=\"lazy\" decoding=\"async\" class=\"wp-image-479 alignleft\" src=\"http:\/\/eventos.coc.pt\/piom2021\/wp-content\/uploads\/sites\/19\/2020\/04\/Mem\u00f3ria-2-150x150.jpg\" alt=\"\" width=\"120\" height=\"120\" \/> <img loading=\"lazy\" decoding=\"async\" class=\"wp-image-480 alignleft\" src=\"http:\/\/eventos.coc.pt\/piom2021\/wp-content\/uploads\/sites\/19\/2020\/04\/Mem\u00f3ria-3-150x150.jpg\" alt=\"\" width=\"120\" height=\"120\" \/><\/p>\n<p>&nbsp;<\/p>\n<p>&nbsp;<\/p>\n<p>&nbsp;<\/p>\n<p>&nbsp;<\/p>\n<p><i>Produ\u00e7\u00e3o em 2015 e atualiza\u00e7\u00e3o em 2020<\/i><\/p>\n<p class=\"x_MsoNormal\"><i>Cart\u00f3grafo: Rui Antunes<\/i><\/p>\n<p class=\"x_MsoNormal\"><i>Escalas: 1:7.500 e 1:10 000 | Equidist\u00e2ncia: 5 mts<\/i><\/p>\n<p class=\"x_MsoNormal\"><i>Terreno de baixo-relevo, reduzida vegeta\u00e7\u00e3o rasteira, com detalhes rochosos.<\/i><\/p>\n<p class=\"x_MsoNormal\"><i>Estacionamento<\/i>: 40.133041, -7.207646<\/p>\n<p><span style=\"font-size: 14pt;\"><strong>COMPETI\u00c7\u00c3O &#8211; <\/strong><\/span><span style=\"font-size: 14pt;\"><strong>DIST\u00c2NCIA M\u00c9DIA &#8211; WRE (etapa 1)<\/strong><\/span><\/p>\n<p><strong>Mapa: <\/strong>Carvalhal<\/p>\n<p><img loading=\"lazy\" decoding=\"async\" class=\"alignleft wp-image-469\" src=\"http:\/\/eventos.coc.pt\/piom2021\/wp-content\/uploads\/sites\/19\/2020\/03\/Carvalhal1-150x150.jpg\" alt=\"\" width=\"120\" height=\"120\" \/><\/p>\n<p><img loading=\"lazy\" decoding=\"async\" class=\"alignleft wp-image-464\" src=\"http:\/\/eventos.coc.pt\/piom2021\/wp-content\/uploads\/sites\/19\/2020\/03\/Carvalhal-1-150x150.jpg\" alt=\"\" width=\"121\" height=\"120\" srcset=\"http:\/\/eventos.coc.pt\/piom2021\/wp-content\/uploads\/sites\/19\/2020\/03\/Carvalhal-1-150x150.jpg 150w, http:\/\/eventos.coc.pt\/piom2021\/wp-content\/uploads\/sites\/19\/2020\/03\/Carvalhal-1-300x298.jpg 300w, http:\/\/eventos.coc.pt\/piom2021\/wp-content\/uploads\/sites\/19\/2020\/03\/Carvalhal-1.jpg 399w\" sizes=\"auto, (max-width: 121px) 100vw, 121px\" \/> <img loading=\"lazy\" decoding=\"async\" class=\"alignleft wp-image-465\" src=\"http:\/\/eventos.coc.pt\/piom2021\/wp-content\/uploads\/sites\/19\/2020\/03\/Carvalhal-2-150x150.jpg\" alt=\"\" width=\"122\" height=\"120\" srcset=\"http:\/\/eventos.coc.pt\/piom2021\/wp-content\/uploads\/sites\/19\/2020\/03\/Carvalhal-2-300x295.jpg 300w, http:\/\/eventos.coc.pt\/piom2021\/wp-content\/uploads\/sites\/19\/2020\/03\/Carvalhal-2.jpg 332w\" sizes=\"auto, (max-width: 122px) 100vw, 122px\" \/><\/p>\n<p>&nbsp;<\/p>\n<p>&nbsp;<\/p>\n<p>&nbsp;<\/p>\n<\/div>\n<\/div>\n<p>&nbsp;<\/p>\n<div id=\"comp-is6icf29\" class=\"s12\" data-reactid=\".0.$SITE_ROOT.$desktop_siteRoot.$PAGES_CONTAINER.1.1.$SITE_PAGES.$lxlqy.1.$comp-is6icf1c.0.$comp-is6icf29\">\n<div id=\"comp-is6icf28\" class=\"s12\" data-reactid=\".0.$SITE_ROOT.$desktop_siteRoot.$PAGES_CONTAINER.1.1.$SITE_PAGES.$lxlqy.1.$comp-is6icf1c.0.$comp-is6icf28\">\n<p style=\"text-align: justify;\"><strong>Terreno: <\/strong>caracterizado por \u00e1reas abertas e semiabertas, com elementos rochosos e detalhes de relevo. Boa progress\u00e3o e visibilidade.<\/p>\n<p><strong>Cart\u00f3grafo: <\/strong>Rui Antunes<\/p>\n<p><strong>Escalas: <\/strong>1:7.500 | 1:10.000<\/p>\n<p><strong>Equidist\u00e2ncia: <\/strong>5 metros<\/p>\n<p><strong>Tra\u00e7ador de percursos: <\/strong>Carlos Monteiro\/Rui Antunes<\/p>\n<p><strong>Estacionamentos (2 M\u00e9dias):<\/strong> Ligeiros, Autocaravanas e Autocarros. Coordenadas: 40.100591, -7.152407<\/p>\n<p><strong>Partidas: <\/strong>A divulgar oportunamente<\/p>\n<p><strong>Esquema da Arena: <\/strong>A divulgar oportunamente<\/p>\n<p><span style=\"font-size: 14pt;\"><strong>COMPETI\u00c7\u00c3O &#8211; SPRINT NOCTURNO (etapa 2)<\/strong><\/span><\/p>\n<p><strong>Mapa: <\/strong>Pedr\u00f3g\u00e3o de S\u00e3o Pedro &#8211; 2020<\/p>\n<p><img loading=\"lazy\" decoding=\"async\" class=\"alignleft wp-image-520\" src=\"http:\/\/eventos.coc.pt\/piom2021\/wp-content\/uploads\/sites\/19\/2020\/05\/P-S-Pedro-1-150x150.jpg\" alt=\"\" width=\"120\" height=\"120\" \/> <img loading=\"lazy\" decoding=\"async\" class=\"alignleft wp-image-521\" src=\"http:\/\/eventos.coc.pt\/piom2021\/wp-content\/uploads\/sites\/19\/2020\/05\/P-S-Pedro-5-150x150.jpg\" alt=\"\" width=\"120\" height=\"120\" \/> <img loading=\"lazy\" decoding=\"async\" class=\"alignleft wp-image-522\" src=\"http:\/\/eventos.coc.pt\/piom2021\/wp-content\/uploads\/sites\/19\/2020\/05\/P-S-Pedro-6-150x150.jpg\" alt=\"\" width=\"120\" height=\"120\" \/><\/p>\n<p>&nbsp;<\/p>\n<p>&nbsp;<\/p>\n<p>&nbsp;<\/p>\n<p>&nbsp;<\/p>\n<p><strong>Cart\u00f3grafo: <\/strong>Rui Antunes<\/p>\n<p><strong>Escala: <\/strong>1:4.000<\/p>\n<p><strong>Equidist\u00e2ncia: <\/strong>2,5 metros<\/p>\n<p><strong>Tra\u00e7ador de percursos: <\/strong>Tom\u00e1s Lima\/Rafael Lima<\/p>\n<p><strong>Estacionamento<\/strong>: Rua Tenente Manuel Morais (zona envolvente ao Campo de Futebol). Coordenadas 40.091101, -7.238152<\/p>\n<p><strong>Esquema da Arena: <\/strong>A divulgar oportunamente<\/p>\n<p><span style=\"font-size: 14pt;\"><strong>COMPETI\u00c7\u00c3O &#8211; DIST\u00c2NCIA M\u00c9DIA (etapa 3)<\/strong><\/span><\/p>\n<p><strong>Mapa: <\/strong>Carvalhal<\/p>\n<p><img loading=\"lazy\" decoding=\"async\" class=\"alignleft wp-image-468\" src=\"http:\/\/eventos.coc.pt\/piom2021\/wp-content\/uploads\/sites\/19\/2020\/03\/Cabe\u00e7a-Velho-150x150.jpg\" alt=\"\" width=\"120\" height=\"120\" \/><\/p>\n<p><img loading=\"lazy\" decoding=\"async\" class=\"alignleft wp-image-466\" src=\"http:\/\/eventos.coc.pt\/piom2021\/wp-content\/uploads\/sites\/19\/2020\/03\/Carvalhal-3-150x150.jpg\" alt=\"\" width=\"117\" height=\"120\" srcset=\"http:\/\/eventos.coc.pt\/piom2021\/wp-content\/uploads\/sites\/19\/2020\/03\/Carvalhal-3-291x300.jpg 291w, http:\/\/eventos.coc.pt\/piom2021\/wp-content\/uploads\/sites\/19\/2020\/03\/Carvalhal-3.jpg 337w\" sizes=\"auto, (max-width: 117px) 100vw, 117px\" \/><\/p>\n<p><strong><img loading=\"lazy\" decoding=\"async\" class=\"alignleft wp-image-467\" src=\"http:\/\/eventos.coc.pt\/piom2021\/wp-content\/uploads\/sites\/19\/2020\/03\/Carvalhal-4-150x150.jpg\" alt=\"\" width=\"120\" height=\"120\" \/><\/strong><\/p>\n<p>&nbsp;<\/p>\n<p>&nbsp;<\/p>\n<p>&nbsp;<\/p>\n<p>&nbsp;<\/p>\n<p style=\"text-align: justify;\"><strong>Terreno:\u00a0<\/strong>Terreno com vegeta\u00e7\u00e3o variada entre sobreiros e carvalhos, alternando com \u00e1reas abertas e semiabertas, apresentando algum relevo e elementos rochosos. No geral proporciona boa progress\u00e3o, alternando zona com maior ou menor visibilidade.<\/p>\n<p><strong>Cart\u00f3grafos: <\/strong>Rui Antunes<\/p>\n<p><strong>Escalas:\u00a0<\/strong>1:7.500 |\u00a01:10.000<\/p>\n<p><strong>Equidist\u00e2ncia:\u00a0<\/strong>5 metros<\/p>\n<p><strong>Tra\u00e7ador de percursos:\u00a0<\/strong>Carlos Monteiro \/ Rui Antunes<\/p>\n<p><strong>Estacionamento (2 M\u00e9dias):<\/strong> Ligeiros, Autocaravanas e Autocarros. Coordenadas: 40.100591, -7.152407<\/p>\n<p><strong>Partidas: <\/strong>A divulgar oportunamente<\/p>\n<p><strong>Esquema da Arena: <\/strong>A divulgar oportunamente<\/p>\n<\/div>\n<div id=\"comp-is6icf29\" class=\"s12\" data-reactid=\".0.$SITE_ROOT.$desktop_siteRoot.$PAGES_CONTAINER.1.1.$SITE_PAGES.$lxlqy.1.$comp-is6icf1c.0.$comp-is6icf29\"><\/div>\n<\/div>\n<\/div>\n<\/div>\n<\/div>\n<p><\/p>","protected":false},"excerpt":{"rendered":"<p>MODEL EVENTS Pontos de controlo: Ser\u00e3o colocados no terreno pontos de controlo que replicam as zonas de competi\u00e7\u00e3o. Os pontos de controlo estar\u00e3o materializados no terreno por uma fita de cor laranja, identificada pelo numero do ponto de controlo. Model Events Sprint Cart\u00f3grafo dos 2 mapas de sprint: Rui Antunes Escalas 1:4.000 |Equidist\u00e2ncia: 5 mts &hellip; <a href=\"http:\/\/eventos.coc.pt\/piom2021\/informacoes-tecnicas\/\" class=\"more-link\">Continuar a ler <span class=\"screen-reader-text\">Informa\u00e7\u00f5es T\u00e9cnicas<\/span><\/a><\/p>\n","protected":false},"author":1,"featured_media":0,"parent":0,"menu_order":12,"comment_status":"closed","ping_status":"closed","template":"","meta":{"footnotes":""},"class_list":["post-13","page","type-page","status-publish","hentry"],"_links":{"self":[{"href":"http:\/\/eventos.coc.pt\/piom2021\/wp-json\/wp\/v2\/pages\/13","targetHints":{"allow":["GET"]}}],"collection":[{"href":"http:\/\/eventos.coc.pt\/piom2021\/wp-json\/wp\/v2\/pages"}],"about":[{"href":"http:\/\/eventos.coc.pt\/piom2021\/wp-json\/wp\/v2\/types\/page"}],"author":[{"embeddable":true,"href":"http:\/\/eventos.coc.pt\/piom2021\/wp-json\/wp\/v2\/users\/1"}],"replies":[{"embeddable":true,"href":"http:\/\/eventos.coc.pt\/piom2021\/wp-json\/wp\/v2\/comments?post=13"}],"version-history":[{"count":55,"href":"http:\/\/eventos.coc.pt\/piom2021\/wp-json\/wp\/v2\/pages\/13\/revisions"}],"predecessor-version":[{"id":553,"href":"http:\/\/eventos.coc.pt\/piom2021\/wp-json\/wp\/v2\/pages\/13\/revisions\/553"}],"wp:attachment":[{"href":"http:\/\/eventos.coc.pt\/piom2021\/wp-json\/wp\/v2\/media?parent=13"}],"curies":[{"name":"wp","href":"https:\/\/api.w.org\/{rel}","templated":true}]}}