{"id":21,"date":"2016-09-02T15:32:45","date_gmt":"2016-09-02T15:32:45","guid":{"rendered":"http:\/\/eventos.coc.pt\/piom2018\/?page_id=21"},"modified":"2020-02-21T09:48:15","modified_gmt":"2020-02-21T09:48:15","slug":"organizacao","status":"publish","type":"page","link":"http:\/\/eventos.coc.pt\/piom2021\/organizacao\/","title":{"rendered":"Organiza\u00e7\u00e3o"},"content":{"rendered":"<p><\/p>\n<div id=\"comp-is6e9qle\" class=\"s12\" data-reactid=\".0.$SITE_ROOT.$desktop_siteRoot.$PAGES_CONTAINER.1.1.$SITE_PAGES.$ofav6.1.$comp-is6e9qle\">\n<p class=\"font_2\"><strong>Organiza\u00e7\u00e3o: <\/strong>Clube de Orienta\u00e7\u00e3o do Centro (COC), C\u00e2mara Municipal de Penamacor e Federa\u00e7\u00e3o Portuguesa de Orienta\u00e7\u00e3o.<\/p>\n<\/div>\n<div id=\"comp-is6e9qlf\" class=\"s12\" data-reactid=\".0.$SITE_ROOT.$desktop_siteRoot.$PAGES_CONTAINER.1.1.$SITE_PAGES.$ofav6.1.$comp-is6e9qlf\">\n<p><strong>Diretor do Evento: <\/strong>Cesar Concei\u00e7\u00e3o<\/p>\n<p><strong>Diretor Adjunto: <\/strong>Jos\u00e9 Bolr\u00e3o<\/p>\n<p><strong>Supervisor IOF: <\/strong>Rui Morais<\/p>\n<p><strong>Cartografo: <\/strong>Rui Antunes<\/p>\n<p><strong>Tra\u00e7adores de Percursos:<\/strong><\/p>\n<p style=\"padding-left: 40px;\">M\u00e9dias: Carlos Monteiro | Rui Antunes<\/p>\n<p style=\"padding-left: 40px;\">Sprint: Rafael Lima | Tom\u00e1s Lima<\/p>\n<p><strong>Inform\u00e1tica: <\/strong>Rui Bot\u00e3o<\/p>\n<p><strong>Partidas: <\/strong>Ant\u00f3nio Cotovio<\/p>\n<p><strong>Chegadas: <\/strong>Duarte Santo<\/p>\n<p><strong>Secretariado: <\/strong>Silvia Gon\u00e7alves<\/p>\n<\/div>\n<p><\/p>","protected":false},"excerpt":{"rendered":"<p>Organiza\u00e7\u00e3o: Clube de Orienta\u00e7\u00e3o do Centro (COC), C\u00e2mara Municipal de Penamacor e Federa\u00e7\u00e3o Portuguesa de Orienta\u00e7\u00e3o. Diretor do Evento: Cesar Concei\u00e7\u00e3o Diretor Adjunto: Jos\u00e9 Bolr\u00e3o Supervisor IOF: Rui Morais Cartografo: Rui Antunes Tra\u00e7adores de Percursos: M\u00e9dias: Carlos Monteiro | Rui Antunes Sprint: Rafael Lima | Tom\u00e1s Lima Inform\u00e1tica: Rui Bot\u00e3o Partidas: Ant\u00f3nio Cotovio Chegadas: Duarte &hellip; <a href=\"http:\/\/eventos.coc.pt\/piom2021\/organizacao\/\" class=\"more-link\">Continuar a ler <span class=\"screen-reader-text\">Organiza\u00e7\u00e3o<\/span><\/a><\/p>\n","protected":false},"author":1,"featured_media":0,"parent":0,"menu_order":8,"comment_status":"closed","ping_status":"closed","template":"","meta":{"footnotes":""},"class_list":["post-21","page","type-page","status-publish","hentry"],"_links":{"self":[{"href":"http:\/\/eventos.coc.pt\/piom2021\/wp-json\/wp\/v2\/pages\/21","targetHints":{"allow":["GET"]}}],"collection":[{"href":"http:\/\/eventos.coc.pt\/piom2021\/wp-json\/wp\/v2\/pages"}],"about":[{"href":"http:\/\/eventos.coc.pt\/piom2021\/wp-json\/wp\/v2\/types\/page"}],"author":[{"embeddable":true,"href":"http:\/\/eventos.coc.pt\/piom2021\/wp-json\/wp\/v2\/users\/1"}],"replies":[{"embeddable":true,"href":"http:\/\/eventos.coc.pt\/piom2021\/wp-json\/wp\/v2\/comments?post=21"}],"version-history":[{"count":14,"href":"http:\/\/eventos.coc.pt\/piom2021\/wp-json\/wp\/v2\/pages\/21\/revisions"}],"predecessor-version":[{"id":454,"href":"http:\/\/eventos.coc.pt\/piom2021\/wp-json\/wp\/v2\/pages\/21\/revisions\/454"}],"wp:attachment":[{"href":"http:\/\/eventos.coc.pt\/piom2021\/wp-json\/wp\/v2\/media?parent=21"}],"curies":[{"name":"wp","href":"https:\/\/api.w.org\/{rel}","templated":true}]}}