{"id":384,"date":"2020-02-18T17:27:59","date_gmt":"2020-02-18T17:27:59","guid":{"rendered":"http:\/\/eventos.coc.pt\/piom2021\/?page_id=384"},"modified":"2020-12-22T17:48:57","modified_gmt":"2020-12-22T17:48:57","slug":"boas-vindas","status":"publish","type":"page","link":"http:\/\/eventos.coc.pt\/piom2021\/boas-vindas\/","title":{"rendered":"Boas Vindas"},"content":{"rendered":"<p><b>Presidente da C\u00e2mara Municipal de Penamacor<\/b><\/p>\n<p><img loading=\"lazy\" decoding=\"async\" class=\"alignleft size-thumbnail wp-image-438\" src=\"http:\/\/eventos.coc.pt\/piom2021\/wp-content\/uploads\/sites\/19\/2020\/02\/Antonio-Luis-297x300-2-150x150.jpg\" alt=\"\" width=\"150\" height=\"150\" \/><\/p>\n<p style=\"text-align: justify;\">Em 2021, Penamacor volta a ser palco de uma prova de orienta\u00e7\u00e3o para o World Ranking Event. Depois de em 2019, o Campeonato Ib\u00e9rico de Orienta\u00e7\u00e3o ter trazido cerca de oito centenas e meia de atletas ao concelho, \u00e9 com entusiasmo que recebemos, novamente, os melhores atletas do mundo da modalidade na nossa \u201ccasa\u201d, na certeza que, desde que formalizamos a parceria com o Clube de Orienta\u00e7\u00e3o do Centro &#8211; COC, em 2016, as provas que decorreram no Munic\u00edpio foram carregadas de um imenso sucesso, trazendo j\u00e1 milhares de atletas ao concelho e afirmando Penamacor como destino de refer\u00eancia para atletas nacionais e internacionais. Mas a aposta n\u00e3o \u00e9 somente desportiva. Atletas, comitivas e familiares divulgam o que aqui viram e sentiram fora de portas, pelos quatro cantos do Mundo, na certeza que o concelho de Penamacor, situado no centro raiano de Portugal, \u00e9 uma terra de gente boa e hospitaleira. As suas aldeias, notas coloridas inseridas no patrim\u00f3nio natural, preservam muito do pitoresco e encanto que o tempo e a hist\u00f3ria conferem aos lugares. A vila de Penamacor, com mais de oito s\u00e9culos de exist\u00eancia, \u00e9 quase t\u00e3o antiga quanto a pr\u00f3pria na\u00e7\u00e3o portuguesa. O seu castelo medieval e as suas igrejas, as suas ruelas e casario estendido pelas encostas parecem sa\u00eddos de um aut\u00eantico postal ilustrado. O cen\u00e1rio \u00e9 fant\u00e1stico! Aguardamos-vos para o PIOM 2021!<\/p>\n<p><strong>Presidente do COC<\/strong><\/p>\n<p style=\"text-align: justify;\"><img loading=\"lazy\" decoding=\"async\" class=\"alignleft size-thumbnail wp-image-439\" src=\"http:\/\/eventos.coc.pt\/piom2021\/wp-content\/uploads\/sites\/19\/2020\/02\/JB-266x300-1-150x150.jpg\" alt=\"\" width=\"150\" height=\"150\" \/>Depois do POM 2016, PIOM-WRE 2018, e do PIOM-CIMO 2019, o COC \u2013 Clube de Orienta\u00e7\u00e3o do Centro, volta a Penamacor em Fevereiro de 2021 para a realiza\u00e7\u00e3o de mais uma prova internacional de Orienta\u00e7\u00e3o Pedestre, o III PIOM &#8211; Penamacor Internacional O\u2019 Meeting, com uma das etapas, a pontuar para o ranking mundial da modalidade &#8211; WRE (world ranking event).<\/p>\n<p style=\"text-align: justify;\">Com o apoio da Federa\u00e7\u00e3o Portuguesa de Orienta\u00e7\u00e3o e do suporte da C\u00e2mara Municipal de Penamacor, est\u00e3o reunidas todas as condi\u00e7\u00f5es para o COC apresentar um conjunto de provas de elevada qualidade em terrenos de excel\u00eancia, com cartografia e percursos desenvolvidos pelos melhores int\u00e9rpretes da modalidade, que certamente ir\u00e3o deliciar os amantes deste fant\u00e1stico desporto de Natureza e consolidar a marca PIOM.<\/p>\n<p style=\"text-align: justify;\">Contamos com a participa\u00e7\u00e3o de toda a comunidade orientista, familiares, amigos e popula\u00e7\u00e3o em geral. Ir\u00e3o certamente viver momentos inesquec\u00edveis a competir e a desfrutar da beleza natural desta linda regi\u00e3o de Penamacor.<\/p>\n<p>Bem hajam<\/p>\n<p>Jos\u00e9 Bolr\u00e3o<\/p>\n<p><strong>Presidente da FPO<\/strong><\/p>\n<p class=\"x_MsoNormal\"><img loading=\"lazy\" decoding=\"async\" class=\"alignleft size-thumbnail wp-image-440\" src=\"http:\/\/eventos.coc.pt\/piom2021\/wp-content\/uploads\/sites\/19\/2020\/02\/fotoAA-300x267-1-150x150.jpg\" alt=\"\" width=\"150\" height=\"150\" \/>O Clube de Orienta\u00e7\u00e3o do Centro \u2013 COC com o excelente apoio da C\u00e2mara Municipal de Penamacor volta a organizar um dos mais importantes eventos do calend\u00e1rio Portugu\u00eas de 2021.<\/p>\n<p class=\"x_MsoNormal\" style=\"text-align: justify;\">A qualidade organizativa do Clube nas suas v\u00e1rias vertentes, os excelentes apoios que sempre conseguem trazer aos seus eventos e n\u00e3o menos importante a excecional qualidade t\u00e9cnica dos terrenos e o bem receber de toda a comunidade local d\u00e3o-nos garantia e total confian\u00e7a que este ser\u00e1 mais um evento que ficar\u00e1 na mem\u00f3ria de todos os participantes pelos melhores raz\u00f5es.<\/p>\n<p class=\"x_MsoNormal\" style=\"text-align: justify;\">\u00c9 neste sentido que convidamos toda a comunidade deste nosso desporto a participar neste evento que certamente ficar\u00e1 marcado em cada participante quer na vertente competitiva quer na de lazer incluindo nas quest\u00f5es culturais e gastron\u00f3micas da regi\u00e3o.<\/p>\n<p><\/p>","protected":false},"excerpt":{"rendered":"<p>Presidente da C\u00e2mara Municipal de Penamacor Em 2021, Penamacor volta a ser palco de uma prova de orienta\u00e7\u00e3o para o World Ranking Event. Depois de em 2019, o Campeonato Ib\u00e9rico de Orienta\u00e7\u00e3o ter trazido cerca de oito centenas e meia de atletas ao concelho, \u00e9 com entusiasmo que recebemos, novamente, os melhores atletas do mundo &hellip; <a href=\"http:\/\/eventos.coc.pt\/piom2021\/boas-vindas\/\" class=\"more-link\">Continuar a ler <span class=\"screen-reader-text\">Boas Vindas<\/span><\/a><\/p>\n","protected":false},"author":1,"featured_media":0,"parent":0,"menu_order":0,"comment_status":"closed","ping_status":"closed","template":"","meta":{"footnotes":""},"class_list":["post-384","page","type-page","status-publish","hentry"],"_links":{"self":[{"href":"http:\/\/eventos.coc.pt\/piom2021\/wp-json\/wp\/v2\/pages\/384","targetHints":{"allow":["GET"]}}],"collection":[{"href":"http:\/\/eventos.coc.pt\/piom2021\/wp-json\/wp\/v2\/pages"}],"about":[{"href":"http:\/\/eventos.coc.pt\/piom2021\/wp-json\/wp\/v2\/types\/page"}],"author":[{"embeddable":true,"href":"http:\/\/eventos.coc.pt\/piom2021\/wp-json\/wp\/v2\/users\/1"}],"replies":[{"embeddable":true,"href":"http:\/\/eventos.coc.pt\/piom2021\/wp-json\/wp\/v2\/comments?post=384"}],"version-history":[{"count":10,"href":"http:\/\/eventos.coc.pt\/piom2021\/wp-json\/wp\/v2\/pages\/384\/revisions"}],"predecessor-version":[{"id":555,"href":"http:\/\/eventos.coc.pt\/piom2021\/wp-json\/wp\/v2\/pages\/384\/revisions\/555"}],"wp:attachment":[{"href":"http:\/\/eventos.coc.pt\/piom2021\/wp-json\/wp\/v2\/media?parent=384"}],"curies":[{"name":"wp","href":"https:\/\/api.w.org\/{rel}","templated":true}]}}