{"id":4,"date":"2016-08-29T23:31:01","date_gmt":"2016-08-29T23:31:01","guid":{"rendered":"http:\/\/eventos.coc.pt\/piom2018\/?page_id=4"},"modified":"2020-10-16T10:45:24","modified_gmt":"2020-10-16T10:45:24","slug":"programa","status":"publish","type":"page","link":"http:\/\/eventos.coc.pt\/piom2021\/programa\/","title":{"rendered":"Programa"},"content":{"rendered":"<p><strong>08 de Fevereiro\u00a0 (segunda feira)<\/strong><\/p>\n<p style=\"padding-left: 40px;\">Data limite para inscri\u00e7\u00f5es a pre\u00e7os com desconto<\/p>\n<p><strong>15 de Fevereiro (segunda feira<\/strong>)<\/p>\n<p style=\"padding-left: 40px;\">Data limite para inscri\u00e7\u00f5es em Escal\u00f5es de Competi\u00e7\u00e3o<\/p>\n<p style=\"padding-left: 40px;\">Nota: As inscri\u00e7\u00f5es em Escal\u00f5es Abertos devem ser feitas tamb\u00e9m at\u00e9 15 de Fevereiro, podendo ser aceites at\u00e9 \u00e0 data da prova, mas ficando sempre dependentes da disponibilidade de mapas.<\/p>\n<p><span style=\"font-size: 14pt;\"><strong>Dia -3 &#8211; Model Events<\/strong><\/span><\/p>\n<p><strong>17 de Fevereiro (quarta feira)<\/strong><\/p>\n<p style=\"padding-left: 40px;\">09h00 Abertura dos Model Event<\/p>\n<p><u>FLORESTA<\/u><\/p>\n<p style=\"padding-left: 40px;\">Rach\u00e3 &amp; Dongalinho &#8211; Escala 1: 7.500, 1:10.000 e 1:15.000<\/p>\n<p style=\"padding-left: 40px;\">Anascer &#8211; Escala 1.7.500 e 1:10.000<\/p>\n<p style=\"padding-left: 40px;\">Serrinha &amp; Aldeia do Bispo &#8211; Escala 1:7,500, 1.10.000 e 1: 15.000<\/p>\n<p style=\"padding-left: 40px;\">Mem\u00f3ria &#8211; Escala <i>1:7.500 e 1:10 000<\/i><\/p>\n<p><u>SPRINT<\/u><\/p>\n<p style=\"padding-left: 40px;\">Penamacor &#8211; Escala 1:4.000<\/p>\n<p style=\"padding-left: 40px;\">Meimoa &#8211; Escala 1:4.000<\/p>\n<p>Mapas dispon\u00edveis para venda\/entrega durante o POM 2021<\/p>\n<p><span style=\"font-size: 14pt;\"><strong>Dia 0<\/strong><\/span><\/p>\n<p><strong>19 de Fevereiro (sexta feira)<\/strong><\/p>\n<p style=\"padding-left: 40px;\">09h00 Abertura do Secretariado (Casa do Povo de Penamacor)<\/p>\n<p style=\"padding-left: 40px;\">18h00 Abertura do Solo Duro (Pavilh\u00e3o gimnodesportivo de Penamacor)<\/p>\n<p style=\"padding-left: 40px;\">20h00 Encerramento do Secretariado<\/p>\n<p><span style=\"font-size: 14pt;\"><strong>Dia 1 &#8211; Dist\u00e2ncia M\u00e9dia (WRE) e Sprint<\/strong><\/span><\/p>\n<p><strong>20 de Fevereiro (s\u00e1bado)<\/strong><\/p>\n<p><u>MANH\u00c3 \u2013 Dist\u00e2ncia M\u00e9dia (Carvalhal)<\/u><\/p>\n<p style=\"padding-left: 40px;\">08h30 Abertura do Secretariado na Arena<\/p>\n<p style=\"padding-left: 40px;\">10h00 In\u00edcio das Partidas<\/p>\n<p style=\"padding-left: 40px;\">10h10 \/ 11h10 Partidas dos Escal\u00f5es Abertos, D\/H10 e D\/H12<\/p>\n<p><u>TARDE \u2013 Sprint (Pedr\u00f3g\u00e3o de S\u00e3o Pedro)<\/u><\/p>\n<p style=\"padding-left: 40px;\">17h30 Abertura do Secretariado (Zona desportiva de Pedr\u00f3g\u00e3o de S\u00e3o Pedro)<\/p>\n<p style=\"padding-left: 40px;\">18h45 In\u00edcio das Partidas<\/p>\n<p style=\"padding-left: 40px;\">18h50 &#8211; 19h50 Partidas dos Escal\u00f5es Abertos, D\/H10 e D\/H12<\/p>\n<p><span style=\"font-size: 14pt;\"><strong>Dia 2 &#8211; Dist\u00e2ncia M\u00e9dia<\/strong><\/span><\/p>\n<p><strong>21 de Fevereiro (domingo) &#8211; Carvalhal<\/strong><\/p>\n<p style=\"padding-left: 40px;\">08h00 Abertura do Secretariado na Arena<\/p>\n<p style=\"padding-left: 40px;\">09h30 In\u00edcio das Partidas<\/p>\n<p style=\"padding-left: 40px;\">09h35 &#8211; 10h45 Partidas dos Escal\u00f5es Abertos, D\/H10 e D\/H12<\/p>\n<p style=\"padding-left: 40px;\">13h30 Cerim\u00f3nia de Entrega de Pr\u00e9mios<\/p>\n<p style=\"padding-left: 40px;\">16h00 Encerramento do Solo Duro<\/p>\n<p><\/p>","protected":false},"excerpt":{"rendered":"<p>08 de Fevereiro\u00a0 (segunda feira) Data limite para inscri\u00e7\u00f5es a pre\u00e7os com desconto 15 de Fevereiro (segunda feira) Data limite para inscri\u00e7\u00f5es em Escal\u00f5es de Competi\u00e7\u00e3o Nota: As inscri\u00e7\u00f5es em Escal\u00f5es Abertos devem ser feitas tamb\u00e9m at\u00e9 15 de Fevereiro, podendo ser aceites at\u00e9 \u00e0 data da prova, mas ficando sempre dependentes da disponibilidade de &hellip; <a href=\"http:\/\/eventos.coc.pt\/piom2021\/programa\/\" class=\"more-link\">Continuar a ler <span class=\"screen-reader-text\">Programa<\/span><\/a><\/p>\n","protected":false},"author":1,"featured_media":0,"parent":0,"menu_order":14,"comment_status":"closed","ping_status":"closed","template":"","meta":{"footnotes":""},"class_list":["post-4","page","type-page","status-publish","hentry"],"_links":{"self":[{"href":"http:\/\/eventos.coc.pt\/piom2021\/wp-json\/wp\/v2\/pages\/4","targetHints":{"allow":["GET"]}}],"collection":[{"href":"http:\/\/eventos.coc.pt\/piom2021\/wp-json\/wp\/v2\/pages"}],"about":[{"href":"http:\/\/eventos.coc.pt\/piom2021\/wp-json\/wp\/v2\/types\/page"}],"author":[{"embeddable":true,"href":"http:\/\/eventos.coc.pt\/piom2021\/wp-json\/wp\/v2\/users\/1"}],"replies":[{"embeddable":true,"href":"http:\/\/eventos.coc.pt\/piom2021\/wp-json\/wp\/v2\/comments?post=4"}],"version-history":[{"count":16,"href":"http:\/\/eventos.coc.pt\/piom2021\/wp-json\/wp\/v2\/pages\/4\/revisions"}],"predecessor-version":[{"id":561,"href":"http:\/\/eventos.coc.pt\/piom2021\/wp-json\/wp\/v2\/pages\/4\/revisions\/561"}],"wp:attachment":[{"href":"http:\/\/eventos.coc.pt\/piom2021\/wp-json\/wp\/v2\/media?parent=4"}],"curies":[{"name":"wp","href":"https:\/\/api.w.org\/{rel}","templated":true}]}}

<p><strong>08 de Fevereiro  (segunda feira)</strong></p>
<p style="padding-left: 40px;">Data limite para inscrições a preços com desconto</p>
<p><strong>15 de Fevereiro (segunda feira</strong>)</p>
<p style="padding-left: 40px;">Data limite para inscrições em Escalões de Competição</p>
<p style="padding-left: 40px;">Nota: As inscrições em Escalões Abertos devem ser feitas também até 15 de Fevereiro, podendo ser aceites até à data da prova, mas ficando sempre dependentes da disponibilidade de mapas.</p>
<p><span style="font-size: 14pt;"><strong>Dia -3 &#8211; Model Events</strong></span></p>
<p><strong>17 de Fevereiro (quarta feira)</strong></p>
<p style="padding-left: 40px;">09h00 Abertura dos Model Event</p>
<p><u>FLORESTA</u></p>
<p style="padding-left: 40px;">Rachã &amp; Dongalinho &#8211; Escala 1: 7.500, 1:10.000 e 1:15.000</p>
<p style="padding-left: 40px;">Anascer &#8211; Escala 1.7.500 e 1:10.000</p>
<p style="padding-left: 40px;">Serrinha &amp; Aldeia do Bispo &#8211; Escala 1:7,500, 1.10.000 e 1: 15.000</p>
<p style="padding-left: 40px;">Memória &#8211; Escala <i>1:7.500 e 1:10 000</i></p>
<p><u>SPRINT</u></p>
<p style="padding-left: 40px;">Penamacor &#8211; Escala 1:4.000</p>
<p style="padding-left: 40px;">Meimoa &#8211; Escala 1:4.000</p>
<p>Mapas disponíveis para venda/entrega durante o POM 2021</p>
<p><span style="font-size: 14pt;"><strong>Dia 0</strong></span></p>
<p><strong>19 de Fevereiro (sexta feira)</strong></p>
<p style="padding-left: 40px;">09h00 Abertura do Secretariado (Casa do Povo de Penamacor)</p>
<p style="padding-left: 40px;">18h00 Abertura do Solo Duro (Pavilhão gimnodesportivo de Penamacor)</p>
<p style="padding-left: 40px;">20h00 Encerramento do Secretariado</p>
<p><span style="font-size: 14pt;"><strong>Dia 1 &#8211; Distância Média (WRE) e Sprint</strong></span></p>
<p><strong>20 de Fevereiro (sábado)</strong></p>
<p><u>MANHÃ – Distância Média (Carvalhal)</u></p>
<p style="padding-left: 40px;">08h30 Abertura do Secretariado na Arena</p>
<p style="padding-left: 40px;">10h00 Início das Partidas</p>
<p style="padding-left: 40px;">10h10 / 11h10 Partidas dos Escalões Abertos, D/H10 e D/H12</p>
<p><u>TARDE – Sprint (Pedrógão de São Pedro)</u></p>
<p style="padding-left: 40px;">17h30 Abertura do Secretariado (Zona desportiva de Pedrógão de São Pedro)</p>
<p style="padding-left: 40px;">18h45 Início das Partidas</p>
<p style="padding-left: 40px;">18h50 &#8211; 19h50 Partidas dos Escalões Abertos, D/H10 e D/H12</p>
<p><span style="font-size: 14pt;"><strong>Dia 2 &#8211; Distância Média</strong></span></p>
<p><strong>21 de Fevereiro (domingo) &#8211; Carvalhal</strong></p>
<p style="padding-left: 40px;">08h00 Abertura do Secretariado na Arena</p>
<p style="padding-left: 40px;">09h30 Início das Partidas</p>
<p style="padding-left: 40px;">09h35 &#8211; 10h45 Partidas dos Escalões Abertos, D/H10 e D/H12</p>
<p style="padding-left: 40px;">13h30 Cerimónia de Entrega de Prémios</p>
<p style="padding-left: 40px;">16h00 Encerramento do Solo Duro</p>
<p></p>

<p>08 de Fevereiro  (segunda feira) Data limite para inscrições a preços com desconto 15 de Fevereiro (segunda feira) Data limite para inscrições em Escalões de Competição Nota: As inscrições em Escalões Abertos devem ser feitas também até 15 de Fevereiro, podendo ser aceites até à data da prova, mas ficando sempre dependentes da disponibilidade de &hellip; <a href="http://eventos.coc.pt/piom2021/programa/" class="more-link">Continuar a ler <span class="screen-reader-text">Programa</span></a></p>
