{"id":21,"date":"2016-09-02T15:32:45","date_gmt":"2016-09-02T15:32:45","guid":{"rendered":"http:\/\/eventos.coc.pt\/15moc\/?page_id=21"},"modified":"2017-01-01T16:35:59","modified_gmt":"2017-01-01T16:35:59","slug":"organizacao","status":"publish","type":"page","link":"https:\/\/eventos.coc.pt\/15moc\/organizacao\/","title":{"rendered":"Organiza\u00e7\u00e3o"},"content":{"rendered":"<div id=\"comp-is6e9qle\" class=\"s12\" data-reactid=\".0.$SITE_ROOT.$desktop_siteRoot.$PAGES_CONTAINER.1.1.$SITE_PAGES.$ofav6.1.$comp-is6e9qle\">\n<p class=\"font_2\"><strong>Clube de Orienta\u00e7\u00e3o do Centro (COC), C\u00e2mara Municipal da Leiria e\u00a0Federa\u00e7\u00e3o Portuguesa de Orienta\u00e7\u00e3o<\/strong><\/p>\n<\/div>\n<div id=\"comp-is6e9qlf\" class=\"s12\" data-reactid=\".0.$SITE_ROOT.$desktop_siteRoot.$PAGES_CONTAINER.1.1.$SITE_PAGES.$ofav6.1.$comp-is6e9qlf\">\n<p class=\"font_8\"><span class=\"color_11\"><strong>Director da Prova:<\/strong> Jos\u00e9 Bolr\u00e3o<\/span><\/p>\n<p class=\"font_8\"><span class=\"color_11\"><strong>Director T\u00e9cnico:<\/strong> Rui Antunes<\/span><\/p>\n<p class=\"font_8\"><span class=\"color_11\"><strong>Supervisor:<\/strong> Crispim J\u00fanior<\/span><\/p>\n<p class=\"font_8\"><span class=\"color_11\"><strong>Cart\u00f3grafo:<\/strong> Rui Antunes\u00a0<\/span><\/p>\n<p class=\"font_8\"><span class=\"color_11\"><strong>Tra\u00e7ador de Percursos:<\/strong> Rui Antunes<\/span><\/p>\n<p class=\"font_8\"><span class=\"color_11\"><strong>Inform\u00e1tica:<\/strong> Susana Domingos \/ Rui Bot\u00e3o<\/span><\/p>\n<p class=\"font_8\"><span class=\"color_11\"><strong>Web e Inscri\u00e7\u00f5es On-line OASIS:<\/strong> Paulo Franco<\/span><\/p>\n<p class=\"font_8\"><span class=\"color_11\"><strong>Secretariado:<\/strong> Paulo Olaio<\/span><\/p>\n<p class=\"font_8\"><span class=\"color_11\"><strong>Arena:<\/strong> Carlos Monteiro<\/span><\/p>\n<p class=\"font_8\"><span class=\"color_11\"><strong>Log\u00edstica:<\/strong> Manuel Domingues \/ Catarina Castel\u00e3o<\/span><\/p>\n<p class=\"font_8\"><span class=\"color_11\"><strong>Chegadas:<\/strong> Nuno Ferreira<\/span><\/p>\n<p class=\"font_8\"><span class=\"color_11\"><strong>Partidas:<\/strong> Il\u00eddio Coelho \/ Rui Tenreiro<\/span><\/p>\n<p class=\"font_8\"><span class=\"color_11\"><strong>Baby Sitting:<\/strong> Marisa Barroso \u2013 Ori Anima<\/span><\/p>\n<p class=\"font_8\"><span class=\"color_11\"><strong>Servi\u00e7o de Bar:<\/strong> Ros\u00e1rio Barros \/ Isabel Ant\u00f3nio<\/span><\/p>\n<p class=\"font_8\"><span class=\"color_11\"><strong>Estacionamentos:<\/strong> Ant\u00f3nio Bastos<\/span><\/p>\n<p class=\"font_8\"><span class=\"color_11\"><strong>Sinaliza\u00e7\u00e3o:<\/strong> Rui Tenreiro \/ Rui Roberto<\/span><\/p>\n<p class=\"font_8\"><span class=\"color_11\"><strong>Imagem e M\u00eddia:<\/strong> Leonel Vieito<\/span><\/p>\n<\/div>\n","protected":false},"excerpt":{"rendered":"<p>Clube de Orienta\u00e7\u00e3o do Centro (COC), C\u00e2mara Municipal da Leiria e\u00a0Federa\u00e7\u00e3o Portuguesa de Orienta\u00e7\u00e3o Director da Prova: Jos\u00e9 Bolr\u00e3o Director T\u00e9cnico: Rui Antunes Supervisor: Crispim J\u00fanior Cart\u00f3grafo: Rui Antunes\u00a0 Tra\u00e7ador de Percursos: Rui Antunes Inform\u00e1tica: Susana Domingos \/ Rui Bot\u00e3o Web e Inscri\u00e7\u00f5es On-line OASIS: Paulo Franco Secretariado: Paulo Olaio Arena: Carlos Monteiro Log\u00edstica: Manuel &hellip; <a href=\"https:\/\/eventos.coc.pt\/15moc\/organizacao\/\" class=\"more-link\">Continuar a ler <span class=\"screen-reader-text\">Organiza\u00e7\u00e3o<\/span><\/a><\/p>\n","protected":false},"author":1,"featured_media":0,"parent":0,"menu_order":8,"comment_status":"closed","ping_status":"closed","template":"","meta":{"footnotes":""},"class_list":["post-21","page","type-page","status-publish","hentry"],"_links":{"self":[{"href":"https:\/\/eventos.coc.pt\/15moc\/wp-json\/wp\/v2\/pages\/21","targetHints":{"allow":["GET"]}}],"collection":[{"href":"https:\/\/eventos.coc.pt\/15moc\/wp-json\/wp\/v2\/pages"}],"about":[{"href":"https:\/\/eventos.coc.pt\/15moc\/wp-json\/wp\/v2\/types\/page"}],"author":[{"embeddable":true,"href":"https:\/\/eventos.coc.pt\/15moc\/wp-json\/wp\/v2\/users\/1"}],"replies":[{"embeddable":true,"href":"https:\/\/eventos.coc.pt\/15moc\/wp-json\/wp\/v2\/comments?post=21"}],"version-history":[{"count":9,"href":"https:\/\/eventos.coc.pt\/15moc\/wp-json\/wp\/v2\/pages\/21\/revisions"}],"predecessor-version":[{"id":234,"href":"https:\/\/eventos.coc.pt\/15moc\/wp-json\/wp\/v2\/pages\/21\/revisions\/234"}],"wp:attachment":[{"href":"https:\/\/eventos.coc.pt\/15moc\/wp-json\/wp\/v2\/media?parent=21"}],"curies":[{"name":"wp","href":"https:\/\/api.w.org\/{rel}","templated":true}]}}