{"id":4,"date":"2016-08-29T23:31:01","date_gmt":"2016-08-29T23:31:01","guid":{"rendered":"http:\/\/eventos.coc.pt\/15moc\/?page_id=4"},"modified":"2016-09-09T19:22:55","modified_gmt":"2016-09-09T19:22:55","slug":"programa","status":"publish","type":"page","link":"https:\/\/eventos.coc.pt\/15moc\/programa\/","title":{"rendered":"Programa"},"content":{"rendered":"<p class=\"font_8\"><strong><span class=\"color_11\">Dia\u00a002 Janeiro 2017 (Segunda-feira)<\/span><\/strong><\/p>\n<p class=\"font_8\"><span class=\"color_11\">\u00a0 \u00a0 \u00a0Data limite para inscri\u00e7\u00f5es nos escal\u00f5es de competi\u00e7\u00e3o sem agravamento.<\/span><\/p>\n<p class=\"font_8\"><strong><span class=\"color_11\">Dia 09 Janeiro 2017 (Segunda-feira)<\/span><\/strong><\/p>\n<p class=\"font_8\"><span class=\"color_11\">\u00a0 \u00a0 \u00a0Encerramento das inscri\u00e7\u00f5es para escal\u00f5es de competi\u00e7\u00e3o.<\/span><\/p>\n<p class=\"font_8\"><span class=\"color_11\">\u00a0 \u00a0 \u00a0As inscri\u00e7\u00f5es em escal\u00f5es abertos s<\/span><span class=\"color_11\">er\u00e3o aceites at\u00e9 ao dia da prova mediante a disponibilidade de mapas.<\/span><\/p>\n<p class=\"font_8\"><strong><span class=\"color_11\">Dia\u00a013 Janeiro 2017 \u2013 \u00a0(Sexta feira) Dia zero<\/span><\/strong><\/p>\n<p class=\"font_8\"><span class=\"color_11\">\u00a0 \u00a0 \u00a020h00 \u2013 \u00a0Abertura do solo duro<\/span><\/p>\n<p class=\"font_8\"><strong><span class=\"color_11\">Dia 14 Janeiro 2017 \u2013\u00a0Dia 1 (S\u00e1bado)<\/span><\/strong><\/p>\n<p class=\"font_8\"><span class=\"color_11\">\u00a0 \u00a0 \u00a008h00 \u2013 \u00a0Abertura do Secretariado, na Arena \u2013 \u00a0Lagoa da Ervedeira<\/span><\/p>\n<p class=\"font_8\"><span class=\"color_11\">\u00a0 \u00a0 \u00a010h30 \u2013 \u00a0Abertura Baby Sitting<\/span><\/p>\n<p class=\"font_8\"><span class=\"color_11\">\u00a0 \u00a0 \u00a011h00 \u2013 \u00a0Primeira partida XV MOC Distancia M\u00e9dia<\/span><\/p>\n<p class=\"font_8\"><span class=\"color_11\"><span class=\"wixGuard\">\u00a0<\/span><\/span><\/p>\n<p class=\"font_8\"><strong><span class=\"color_11\">Dia 15\u00a0Janeiro 2017 \u00a0\u2013\u00a0Dia 2 (Domingo)<\/span><\/strong><\/p>\n<p class=\"font_8\"><span class=\"color_11\">\u00a0 \u00a0 \u00a008h00 \u2013 \u00a0Abertura do Secretariado, na Arena \u2013 Lagoa da Ervedeira \u00a0<\/span><\/p>\n<p class=\"font_8\"><span class=\"color_11\">\u00a0 \u00a0 \u00a009h00 \u2013 \u00a0Abertura Baby Sitting<\/span><\/p>\n<p class=\"font_8\"><span class=\"color_11\">\u00a0 \u00a0 \u00a009h30 \u2013 \u00a0Primeira partida XV MOC Distancia M\u00e9dia<\/span><\/p>\n<p class=\"font_8\"><span class=\"color_11\">\u00a0 \u00a0 \u00a013h00 \u2013 \u00a0Cerim\u00f3nia de entrega de pr\u00e9mios<\/span><\/p>\n","protected":false},"excerpt":{"rendered":"<p>Dia\u00a002 Janeiro 2017 (Segunda-feira) \u00a0 \u00a0 \u00a0Data limite para inscri\u00e7\u00f5es nos escal\u00f5es de competi\u00e7\u00e3o sem agravamento. Dia 09 Janeiro 2017 (Segunda-feira) \u00a0 \u00a0 \u00a0Encerramento das inscri\u00e7\u00f5es para escal\u00f5es de competi\u00e7\u00e3o. \u00a0 \u00a0 \u00a0As inscri\u00e7\u00f5es em escal\u00f5es abertos ser\u00e3o aceites at\u00e9 ao dia da prova mediante a disponibilidade de mapas. Dia\u00a013 Janeiro 2017 \u2013 \u00a0(Sexta feira) &hellip; <a href=\"https:\/\/eventos.coc.pt\/15moc\/programa\/\" class=\"more-link\">Continuar a ler <span class=\"screen-reader-text\">Programa<\/span><\/a><\/p>\n","protected":false},"author":1,"featured_media":0,"parent":0,"menu_order":14,"comment_status":"closed","ping_status":"closed","template":"","meta":{"footnotes":""},"class_list":["post-4","page","type-page","status-publish","hentry"],"_links":{"self":[{"href":"https:\/\/eventos.coc.pt\/15moc\/wp-json\/wp\/v2\/pages\/4","targetHints":{"allow":["GET"]}}],"collection":[{"href":"https:\/\/eventos.coc.pt\/15moc\/wp-json\/wp\/v2\/pages"}],"about":[{"href":"https:\/\/eventos.coc.pt\/15moc\/wp-json\/wp\/v2\/types\/page"}],"author":[{"embeddable":true,"href":"https:\/\/eventos.coc.pt\/15moc\/wp-json\/wp\/v2\/users\/1"}],"replies":[{"embeddable":true,"href":"https:\/\/eventos.coc.pt\/15moc\/wp-json\/wp\/v2\/comments?post=4"}],"version-history":[{"count":3,"href":"https:\/\/eventos.coc.pt\/15moc\/wp-json\/wp\/v2\/pages\/4\/revisions"}],"predecessor-version":[{"id":74,"href":"https:\/\/eventos.coc.pt\/15moc\/wp-json\/wp\/v2\/pages\/4\/revisions\/74"}],"wp:attachment":[{"href":"https:\/\/eventos.coc.pt\/15moc\/wp-json\/wp\/v2\/media?parent=4"}],"curies":[{"name":"wp","href":"https:\/\/api.w.org\/{rel}","templated":true}]}}