{"id":141,"date":"2016-09-16T12:54:39","date_gmt":"2016-09-16T12:54:39","guid":{"rendered":"http:\/\/eventos.coc.pt\/piom2018\/?page_id=141"},"modified":"2024-04-28T12:41:04","modified_gmt":"2024-04-28T12:41:04","slug":"resultados","status":"publish","type":"page","link":"https:\/\/eventos.coc.pt\/25gpra4\/resultados\/","title":{"rendered":"Resultados"},"content":{"rendered":"<p><strong>S\u00e1bado &#8211; Dist\u00e2ncia M\u00e9dia: <\/strong><a href=\"https:\/\/eventos.coc.pt\/archive\/25gpra4\/results_media.html\" target=\"_blank\" rel=\"noopener\">Escal\u00f5es<\/a> \/ <a href=\"https:\/\/eventos.coc.pt\/archive\/25gpra4\/results_media_splits.html\" target=\"_blank\" rel=\"noopener\">Splits<\/a> \/ <a href=\"https:\/\/www.orioasis.pt\/oasis\/results.php?action=view_stages&amp;eventid=2808\" target=\"_blank\" rel=\"noopener\">OriOasis<\/a><\/p>\n<p><strong>Domingo &#8211; Dist\u00e2ncia M\u00e9dia: <\/strong><a href=\"https:\/\/eventos.coc.pt\/archive\/25gpra4\/results_longa.html\" target=\"_blank\" rel=\"noopener\">Escal\u00f5es<\/a> \/ <a href=\"https:\/\/eventos.coc.pt\/archive\/25gpra4\/results_longa_splits.html\" target=\"_blank\" rel=\"noopener\">Splits<\/a> \/ <a href=\"https:\/\/www.orioasis.pt\/oasis\/results.php?action=view_stages&amp;eventid=2808\" target=\"_blank\" rel=\"noopener\">OriOasis<\/a><\/p>\n<p><strong>Geral:<\/strong> <a href=\"https:\/\/eventos.coc.pt\/archive\/25gpra4\/results_escaloes_25gpra4.html\" target=\"_blank\" rel=\"noopener\">Escal\u00f5es<\/a> \/ <a href=\"https:\/\/eventos.coc.pt\/archive\/25gpra4\/classificacoes_clubes.html\" target=\"_blank\" rel=\"noopener\">Clubes<\/a><\/p>\n<p>&nbsp;<\/p>\n","protected":false},"excerpt":{"rendered":"<p>S\u00e1bado &#8211; Dist\u00e2ncia M\u00e9dia: Escal\u00f5es \/ Splits \/ OriOasis Domingo &#8211; Dist\u00e2ncia M\u00e9dia: Escal\u00f5es \/ Splits \/ OriOasis Geral: Escal\u00f5es \/ Clubes &nbsp;<\/p>\n","protected":false},"author":1,"featured_media":0,"parent":0,"menu_order":1,"comment_status":"closed","ping_status":"closed","template":"","meta":{"footnotes":""},"class_list":["post-141","page","type-page","status-publish","hentry"],"_links":{"self":[{"href":"https:\/\/eventos.coc.pt\/25gpra4\/wp-json\/wp\/v2\/pages\/141","targetHints":{"allow":["GET"]}}],"collection":[{"href":"https:\/\/eventos.coc.pt\/25gpra4\/wp-json\/wp\/v2\/pages"}],"about":[{"href":"https:\/\/eventos.coc.pt\/25gpra4\/wp-json\/wp\/v2\/types\/page"}],"author":[{"embeddable":true,"href":"https:\/\/eventos.coc.pt\/25gpra4\/wp-json\/wp\/v2\/users\/1"}],"replies":[{"embeddable":true,"href":"https:\/\/eventos.coc.pt\/25gpra4\/wp-json\/wp\/v2\/comments?post=141"}],"version-history":[{"count":22,"href":"https:\/\/eventos.coc.pt\/25gpra4\/wp-json\/wp\/v2\/pages\/141\/revisions"}],"predecessor-version":[{"id":1252,"href":"https:\/\/eventos.coc.pt\/25gpra4\/wp-json\/wp\/v2\/pages\/141\/revisions\/1252"}],"wp:attachment":[{"href":"https:\/\/eventos.coc.pt\/25gpra4\/wp-json\/wp\/v2\/media?parent=141"}],"curies":[{"name":"wp","href":"https:\/\/api.w.org\/{rel}","templated":true}]}}