{"id":19,"date":"2016-09-02T15:32:36","date_gmt":"2016-09-02T15:32:36","guid":{"rendered":"http:\/\/eventos.coc.pt\/piom2018\/?page_id=19"},"modified":"2024-04-16T20:59:47","modified_gmt":"2024-04-16T20:59:47","slug":"localizacao","status":"publish","type":"page","link":"https:\/\/eventos.coc.pt\/25gpra4\/localizacao\/","title":{"rendered":"Localiza\u00e7\u00e3o"},"content":{"rendered":"<p>Mapa Google do 25\u00ba Grande Pr\u00e9mio do RA4<\/p>\n<p><span style=\"font-size: 14pt;\"><strong><span style=\"color: #0000ff;\"><a style=\"color: #0000ff;\" href=\"https:\/\/www.google.com\/maps\/d\/edit?mid=13MU5OddG5TUoPmBbxb0ZPHxMcrfn9Ws&amp;usp=sharing\">Mapa GOOGLE<\/a><\/span><\/strong><\/span><\/p>\n<p><strong>Arena<\/strong><\/p>\n<p>Todos os locais do evento, como <strong>secretariado, inform\u00e1tica, instala\u00e7\u00f5es sanit\u00e1rias, chegadas e entrega de pr\u00e9mios<\/strong>, funcionar\u00e3o na Arena ou nas suas imedia\u00e7\u00f5es.<\/p>\n<p><img loading=\"lazy\" decoding=\"async\" class=\"aligncenter wp-image-1200 size-full\" src=\"http:\/\/eventos.coc.pt\/25gpra4\/wp-content\/uploads\/sites\/29\/2024\/04\/Fotografia-aerea-arena_reduzida-scaled.jpg\" alt=\"\" width=\"2560\" height=\"1205\" srcset=\"https:\/\/eventos.coc.pt\/25gpra4\/wp-content\/uploads\/sites\/29\/2024\/04\/Fotografia-aerea-arena_reduzida-scaled.jpg 2560w, https:\/\/eventos.coc.pt\/25gpra4\/wp-content\/uploads\/sites\/29\/2024\/04\/Fotografia-aerea-arena_reduzida-scaled-300x141.jpg 300w, https:\/\/eventos.coc.pt\/25gpra4\/wp-content\/uploads\/sites\/29\/2024\/04\/Fotografia-aerea-arena_reduzida-scaled-1024x482.jpg 1024w, https:\/\/eventos.coc.pt\/25gpra4\/wp-content\/uploads\/sites\/29\/2024\/04\/Fotografia-aerea-arena_reduzida-768x362.jpg 768w, https:\/\/eventos.coc.pt\/25gpra4\/wp-content\/uploads\/sites\/29\/2024\/04\/Fotografia-aerea-arena_reduzida-scaled-1536x723.jpg 1536w, https:\/\/eventos.coc.pt\/25gpra4\/wp-content\/uploads\/sites\/29\/2024\/04\/Fotografia-aerea-arena_reduzida-scaled-2048x964.jpg 2048w\" sizes=\"auto, (max-width: 2560px) 100vw, 2560px\" \/><\/p>\n<p>Coordenadas GPS:\u00a0 <a href=\"https:\/\/www.google.com\/maps\/place\/39%C2%B045'27.1%22N+9%C2%B001'44.2%22W\/@39.757528,-9.0295997,152m\/data=!3m2!1e3!4b1!4m4!3m3!8m2!3d39.757527!4d-9.028956?entry=ttu\"><strong>39.757246, -9.028377<\/strong><\/a><\/p>\n<p><strong>Estacionamento<\/strong><\/p>\n<p>Estacionamentos p\u00fablicos espalhados pelas imedia\u00e7\u00f5es da arena<\/p>\n<p><strong>Partidas<\/strong><\/p>\n<p>Indica\u00e7\u00f5es a partir da arena<\/p>\n<p><strong>Banhos e solo duro<\/strong><\/p>\n<p>Pavilh\u00e3o Gimnodesportivo da escola\u00a0Guilherme Stephens<\/p>\n<p>Coordenadas GPS: <a href=\"https:\/\/www.google.com\/maps\/@39.7429212,-8.9338351,54m\/data=!3m1!1e3?entry=ttu\"><strong>39.742877, -8.933686<\/strong><\/a><\/p>\n<p>&nbsp;<\/p>\n","protected":false},"excerpt":{"rendered":"<p>Mapa Google do 25\u00ba Grande Pr\u00e9mio do RA4 Mapa GOOGLE Arena Todos os locais do evento, como secretariado, inform\u00e1tica, instala\u00e7\u00f5es sanit\u00e1rias, chegadas e entrega de pr\u00e9mios, funcionar\u00e3o na Arena ou nas suas imedia\u00e7\u00f5es. Coordenadas GPS:\u00a0 39.757246, -9.028377 Estacionamento Estacionamentos p\u00fablicos espalhados pelas imedia\u00e7\u00f5es da arena Partidas Indica\u00e7\u00f5es a partir da arena Banhos e solo duro &hellip; <a href=\"https:\/\/eventos.coc.pt\/25gpra4\/localizacao\/\" class=\"more-link\">Continuar a ler <span class=\"screen-reader-text\">Localiza\u00e7\u00e3o<\/span><\/a><\/p>\n","protected":false},"author":1,"featured_media":0,"parent":0,"menu_order":9,"comment_status":"closed","ping_status":"closed","template":"","meta":{"footnotes":""},"class_list":["post-19","page","type-page","status-publish","hentry"],"_links":{"self":[{"href":"https:\/\/eventos.coc.pt\/25gpra4\/wp-json\/wp\/v2\/pages\/19","targetHints":{"allow":["GET"]}}],"collection":[{"href":"https:\/\/eventos.coc.pt\/25gpra4\/wp-json\/wp\/v2\/pages"}],"about":[{"href":"https:\/\/eventos.coc.pt\/25gpra4\/wp-json\/wp\/v2\/types\/page"}],"author":[{"embeddable":true,"href":"https:\/\/eventos.coc.pt\/25gpra4\/wp-json\/wp\/v2\/users\/1"}],"replies":[{"embeddable":true,"href":"https:\/\/eventos.coc.pt\/25gpra4\/wp-json\/wp\/v2\/comments?post=19"}],"version-history":[{"count":55,"href":"https:\/\/eventos.coc.pt\/25gpra4\/wp-json\/wp\/v2\/pages\/19\/revisions"}],"predecessor-version":[{"id":1221,"href":"https:\/\/eventos.coc.pt\/25gpra4\/wp-json\/wp\/v2\/pages\/19\/revisions\/1221"}],"wp:attachment":[{"href":"https:\/\/eventos.coc.pt\/25gpra4\/wp-json\/wp\/v2\/media?parent=19"}],"curies":[{"name":"wp","href":"https:\/\/api.w.org\/{rel}","templated":true}]}}