{"id":13,"date":"2016-09-02T15:31:49","date_gmt":"2016-09-02T15:31:49","guid":{"rendered":"http:\/\/eventos.coc.pt\/piom2018\/?page_id=13"},"modified":"2025-10-28T18:49:25","modified_gmt":"2025-10-28T18:49:25","slug":"informacoes-tecnicas","status":"publish","type":"page","link":"https:\/\/eventos.coc.pt\/26gpra4\/informacoes-tecnicas\/","title":{"rendered":"Informa\u00e7\u00f5es T\u00e9cnicas"},"content":{"rendered":"<p><strong>MAPAS \/ TERRENO<\/strong><\/p>\n<p>Floresta de pinheiro, com pouca vegeta\u00e7\u00e3o rasteira, consider\u00e1vel rede de caminhos, na sua generalidade de f\u00e1cil corrida e boa visibilidade<\/p>\n<p>Mapa da Burinhosa &#8211; Reg. FPO 043\/2020<\/p>\n<p>Cartografia &#8211; Rui Antunes<\/p>\n<p>Revis\u00e3o &#8211; Setembro 2025 (Alexandre Reis)<\/p>\n<p><strong>Imagens do Mapa<\/strong><\/p>\n<p><img loading=\"lazy\" decoding=\"async\" class=\"alignnone wp-image-1351\" src=\"http:\/\/eventos.coc.pt\/26gpra4\/wp-content\/uploads\/sites\/31\/2025\/10\/Pedestre-3-300x293.jpg\" alt=\"\" width=\"241\" height=\"235\" srcset=\"https:\/\/eventos.coc.pt\/26gpra4\/wp-content\/uploads\/sites\/31\/2025\/10\/Pedestre-3-300x293.jpg 300w, https:\/\/eventos.coc.pt\/26gpra4\/wp-content\/uploads\/sites\/31\/2025\/10\/Pedestre-3.jpg 407w\" sizes=\"auto, (max-width: 241px) 100vw, 241px\" \/>\u00a0 \u00a0 \u00a0 <img loading=\"lazy\" decoding=\"async\" class=\"alignnone wp-image-1352\" src=\"http:\/\/eventos.coc.pt\/26gpra4\/wp-content\/uploads\/sites\/31\/2025\/10\/Pedestre-5-300x272.jpg\" alt=\"\" width=\"260\" height=\"236\" srcset=\"https:\/\/eventos.coc.pt\/26gpra4\/wp-content\/uploads\/sites\/31\/2025\/10\/Pedestre-5-300x272.jpg 300w, https:\/\/eventos.coc.pt\/26gpra4\/wp-content\/uploads\/sites\/31\/2025\/10\/Pedestre-5.jpg 388w\" sizes=\"auto, (max-width: 260px) 100vw, 260px\" \/><\/p>\n<p><strong>Escalas Mapa<\/strong><\/p>\n<p>1:7 500 \u2013 T10, H\/D 12, H\/D65, H\/D70, H75, H80, Branco e Verde<\/p>\n<p>1:10 000 \u2013 H\/D14, H\/D16, H\/D21B, H\/D45 at\u00e9 H\/D60, Amarelo e Vermelho<\/p>\n<p>1:15 000 \u2013 H\/D18, H\/D20, H\/D21A, H\/DE, H\/D35 e H\/D40<\/p>\n<p><strong>Informa\u00e7\u00e3o T\u00e9cnica<\/strong><\/p>\n<p><img loading=\"lazy\" decoding=\"async\" class=\"aligncenter wp-image-1348 size-full\" src=\"http:\/\/eventos.coc.pt\/26gpra4\/wp-content\/uploads\/sites\/31\/2025\/10\/26o-GPRA4_Informacao-Tecnica_2025_10_22-1-scaled.jpg\" alt=\"\" width=\"1631\" height=\"2560\" srcset=\"https:\/\/eventos.coc.pt\/26gpra4\/wp-content\/uploads\/sites\/31\/2025\/10\/26o-GPRA4_Informacao-Tecnica_2025_10_22-1-scaled.jpg 1631w, https:\/\/eventos.coc.pt\/26gpra4\/wp-content\/uploads\/sites\/31\/2025\/10\/26o-GPRA4_Informacao-Tecnica_2025_10_22-1-191x300.jpg 191w, https:\/\/eventos.coc.pt\/26gpra4\/wp-content\/uploads\/sites\/31\/2025\/10\/26o-GPRA4_Informacao-Tecnica_2025_10_22-1-653x1024.jpg 653w, https:\/\/eventos.coc.pt\/26gpra4\/wp-content\/uploads\/sites\/31\/2025\/10\/26o-GPRA4_Informacao-Tecnica_2025_10_22-1-768x1205.jpg 768w, https:\/\/eventos.coc.pt\/26gpra4\/wp-content\/uploads\/sites\/31\/2025\/10\/26o-GPRA4_Informacao-Tecnica_2025_10_22-1-979x1536.jpg 979w, https:\/\/eventos.coc.pt\/26gpra4\/wp-content\/uploads\/sites\/31\/2025\/10\/26o-GPRA4_Informacao-Tecnica_2025_10_22-1-1305x2048.jpg 1305w\" sizes=\"auto, (max-width: 1631px) 100vw, 1631px\" \/><\/p>\n","protected":false},"excerpt":{"rendered":"<p>MAPAS \/ TERRENO Floresta de pinheiro, com pouca vegeta\u00e7\u00e3o rasteira, consider\u00e1vel rede de caminhos, na sua generalidade de f\u00e1cil corrida e boa visibilidade Mapa da Burinhosa &#8211; Reg. FPO 043\/2020 Cartografia &#8211; Rui Antunes Revis\u00e3o &#8211; Setembro 2025 (Alexandre Reis) Imagens do Mapa \u00a0 \u00a0 \u00a0 Escalas Mapa 1:7 500 \u2013 T10, H\/D 12, H\/D65, &hellip; <a href=\"https:\/\/eventos.coc.pt\/26gpra4\/informacoes-tecnicas\/\" class=\"more-link\">Continuar a ler <span class=\"screen-reader-text\">Informa\u00e7\u00f5es T\u00e9cnicas<\/span><\/a><\/p>\n","protected":false},"author":1,"featured_media":0,"parent":0,"menu_order":12,"comment_status":"closed","ping_status":"closed","template":"","meta":{"footnotes":""},"class_list":["post-13","page","type-page","status-publish","hentry"],"_links":{"self":[{"href":"https:\/\/eventos.coc.pt\/26gpra4\/wp-json\/wp\/v2\/pages\/13","targetHints":{"allow":["GET"]}}],"collection":[{"href":"https:\/\/eventos.coc.pt\/26gpra4\/wp-json\/wp\/v2\/pages"}],"about":[{"href":"https:\/\/eventos.coc.pt\/26gpra4\/wp-json\/wp\/v2\/types\/page"}],"author":[{"embeddable":true,"href":"https:\/\/eventos.coc.pt\/26gpra4\/wp-json\/wp\/v2\/users\/1"}],"replies":[{"embeddable":true,"href":"https:\/\/eventos.coc.pt\/26gpra4\/wp-json\/wp\/v2\/comments?post=13"}],"version-history":[{"count":87,"href":"https:\/\/eventos.coc.pt\/26gpra4\/wp-json\/wp\/v2\/pages\/13\/revisions"}],"predecessor-version":[{"id":1354,"href":"https:\/\/eventos.coc.pt\/26gpra4\/wp-json\/wp\/v2\/pages\/13\/revisions\/1354"}],"wp:attachment":[{"href":"https:\/\/eventos.coc.pt\/26gpra4\/wp-json\/wp\/v2\/media?parent=13"}],"curies":[{"name":"wp","href":"https:\/\/api.w.org\/{rel}","templated":true}]}}

Informações Técnicas

<p><strong>MAPAS / TERRENO</strong></p>
<p>Floresta de pinheiro, com pouca vegetação rasteira, considerável rede de caminhos, na sua generalidade de fácil corrida e boa visibilidade</p>
<p>Mapa da Burinhosa &#8211; Reg. FPO 043/2020</p>
<p>Cartografia &#8211; Rui Antunes</p>
<p>Revisão &#8211; Setembro 2025 (Alexandre Reis)</p>
<p><strong>Imagens do Mapa</strong></p>
<p><img loading="lazy" decoding="async" class="alignnone wp-image-1351" src="http://eventos.coc.pt/26gpra4/wp-content/uploads/sites/31/2025/10/Pedestre-3-300x293.jpg" alt="" width="241" height="235" srcset="https://eventos.coc.pt/26gpra4/wp-content/uploads/sites/31/2025/10/Pedestre-3-300x293.jpg 300w, https://eventos.coc.pt/26gpra4/wp-content/uploads/sites/31/2025/10/Pedestre-3.jpg 407w" sizes="auto, (max-width: 241px) 100vw, 241px" />      <img loading="lazy" decoding="async" class="alignnone wp-image-1352" src="http://eventos.coc.pt/26gpra4/wp-content/uploads/sites/31/2025/10/Pedestre-5-300x272.jpg" alt="" width="260" height="236" srcset="https://eventos.coc.pt/26gpra4/wp-content/uploads/sites/31/2025/10/Pedestre-5-300x272.jpg 300w, https://eventos.coc.pt/26gpra4/wp-content/uploads/sites/31/2025/10/Pedestre-5.jpg 388w" sizes="auto, (max-width: 260px) 100vw, 260px" /></p>
<p><strong>Escalas Mapa</strong></p>
<p>1:7 500 – T10, H/D 12, H/D65, H/D70, H75, H80, Branco e Verde</p>
<p>1:10 000 – H/D14, H/D16, H/D21B, H/D45 até H/D60, Amarelo e Vermelho</p>
<p>1:15 000 – H/D18, H/D20, H/D21A, H/DE, H/D35 e H/D40</p>
<p><strong>Informação Técnica</strong></p>
<p><img loading="lazy" decoding="async" class="aligncenter wp-image-1348 size-full" src="http://eventos.coc.pt/26gpra4/wp-content/uploads/sites/31/2025/10/26o-GPRA4_Informacao-Tecnica_2025_10_22-1-scaled.jpg" alt="" width="1631" height="2560" srcset="https://eventos.coc.pt/26gpra4/wp-content/uploads/sites/31/2025/10/26o-GPRA4_Informacao-Tecnica_2025_10_22-1-scaled.jpg 1631w, https://eventos.coc.pt/26gpra4/wp-content/uploads/sites/31/2025/10/26o-GPRA4_Informacao-Tecnica_2025_10_22-1-191x300.jpg 191w, https://eventos.coc.pt/26gpra4/wp-content/uploads/sites/31/2025/10/26o-GPRA4_Informacao-Tecnica_2025_10_22-1-653x1024.jpg 653w, https://eventos.coc.pt/26gpra4/wp-content/uploads/sites/31/2025/10/26o-GPRA4_Informacao-Tecnica_2025_10_22-1-768x1205.jpg 768w, https://eventos.coc.pt/26gpra4/wp-content/uploads/sites/31/2025/10/26o-GPRA4_Informacao-Tecnica_2025_10_22-1-979x1536.jpg 979w, https://eventos.coc.pt/26gpra4/wp-content/uploads/sites/31/2025/10/26o-GPRA4_Informacao-Tecnica_2025_10_22-1-1305x2048.jpg 1305w" sizes="auto, (max-width: 1631px) 100vw, 1631px" /></p>

<p>MAPAS / TERRENO Floresta de pinheiro, com pouca vegetação rasteira, considerável rede de caminhos, na sua generalidade de fácil corrida e boa visibilidade Mapa da Burinhosa &#8211; Reg. FPO 043/2020 Cartografia &#8211; Rui Antunes Revisão &#8211; Setembro 2025 (Alexandre Reis) Imagens do Mapa       Escalas Mapa 1:7 500 – T10, H/D 12, H/D65, &hellip; <a href="https://eventos.coc.pt/26gpra4/informacoes-tecnicas/" class="more-link">Continuar a ler <span class="screen-reader-text">Informações Técnicas</span></a></p>
