{"id":846,"date":"2022-04-12T17:40:44","date_gmt":"2022-04-12T17:40:44","guid":{"rendered":"http:\/\/eventos.coc.pt\/26gpra4\/?page_id=846"},"modified":"2025-11-11T13:42:15","modified_gmt":"2025-11-11T13:42:15","slug":"partidas-2","status":"publish","type":"page","link":"https:\/\/eventos.coc.pt\/26gpra4\/partidas-2\/","title":{"rendered":"Partidas"},"content":{"rendered":"<p><strong>Partida em massa competi\u00e7\u00e3o<\/strong><\/p>\n<p>Abertura \u201ccaixa\u201d de partida \u2013 12:45<\/p>\n<p>Partidas Horas 0 \u2013 13:00<\/p>\n<p>Os escal\u00f5es de Forma\u00e7\u00e3o (T10 e H\/D12) e Abertos com partidas em linha, ter\u00e3o uma janela de tempos de partida de 60 minutos e com in\u00edcio 10 minutos depois da hora 0 da competi\u00e7\u00e3o.<\/p>\n<p><strong>Lista de partidas:<\/strong><\/p>\n<p><a href=\"https:\/\/eventos.coc.pt\/archive\/26gpra4\/PartClubs.html\">Por clubes<\/a><\/p>\n<p><a href=\"https:\/\/eventos.coc.pt\/archive\/26gpra4\/PartCla.html\">Por Classes<\/a><\/p>\n<p><a href=\"http:\/\/eventos.coc.pt\/archive\/26gpra4\/Lista%20Partidas%20TempO%2026\u00baGPRA4.pdf\">Ordem de partida Temp-O<\/a><\/p>\n<p>&nbsp;<\/p>\n","protected":false},"excerpt":{"rendered":"<p>Partida em massa competi\u00e7\u00e3o Abertura \u201ccaixa\u201d de partida \u2013 12:45 Partidas Horas 0 \u2013 13:00 Os escal\u00f5es de Forma\u00e7\u00e3o (T10 e H\/D12) e Abertos com partidas em linha, ter\u00e3o uma janela de tempos de partida de 60 minutos e com in\u00edcio 10 minutos depois da hora 0 da competi\u00e7\u00e3o. Lista de partidas: Por clubes Por &hellip; <a href=\"https:\/\/eventos.coc.pt\/26gpra4\/partidas-2\/\" class=\"more-link\">Continuar a ler <span class=\"screen-reader-text\">Partidas<\/span><\/a><\/p>\n","protected":false},"author":1,"featured_media":0,"parent":0,"menu_order":0,"comment_status":"closed","ping_status":"closed","template":"","meta":{"footnotes":""},"class_list":["post-846","page","type-page","status-publish","hentry"],"_links":{"self":[{"href":"https:\/\/eventos.coc.pt\/26gpra4\/wp-json\/wp\/v2\/pages\/846","targetHints":{"allow":["GET"]}}],"collection":[{"href":"https:\/\/eventos.coc.pt\/26gpra4\/wp-json\/wp\/v2\/pages"}],"about":[{"href":"https:\/\/eventos.coc.pt\/26gpra4\/wp-json\/wp\/v2\/types\/page"}],"author":[{"embeddable":true,"href":"https:\/\/eventos.coc.pt\/26gpra4\/wp-json\/wp\/v2\/users\/1"}],"replies":[{"embeddable":true,"href":"https:\/\/eventos.coc.pt\/26gpra4\/wp-json\/wp\/v2\/comments?post=846"}],"version-history":[{"count":23,"href":"https:\/\/eventos.coc.pt\/26gpra4\/wp-json\/wp\/v2\/pages\/846\/revisions"}],"predecessor-version":[{"id":1376,"href":"https:\/\/eventos.coc.pt\/26gpra4\/wp-json\/wp\/v2\/pages\/846\/revisions\/1376"}],"wp:attachment":[{"href":"https:\/\/eventos.coc.pt\/26gpra4\/wp-json\/wp\/v2\/media?parent=846"}],"curies":[{"name":"wp","href":"https:\/\/api.w.org\/{rel}","templated":true}]}}