{"id":11,"date":"2016-09-02T15:31:27","date_gmt":"2016-09-02T15:31:27","guid":{"rendered":"http:\/\/eventos.coc.pt\/piom2018\/?page_id=11"},"modified":"2025-04-20T10:52:27","modified_gmt":"2025-04-20T10:52:27","slug":"informacoes-gerais","status":"publish","type":"page","link":"https:\/\/eventos.coc.pt\/liom2025\/informacoes-gerais\/","title":{"rendered":"Informa\u00e7\u00f5es Gerais"},"content":{"rendered":"<p><strong>INFORMA\u00c7\u00c3O GERAL<\/strong><\/p>\n<p>O LIOM\/CIMO 2025 \u00e9 um evento de Orienta\u00e7\u00e3o, pontu\u00e1vel para as Ta\u00e7as de Portugal, pedestre e sprint e para a Liga Nacional de Espanha. O evento \u00e9 aberto a pessoas de qualquer idade, podendo participar nos escal\u00f5es de competi\u00e7\u00e3o ou nos escal\u00f5es abertos, nestes \u00faltimos escal\u00f5es poder\u00e1 optar por participar individualmente ou em grupo.<\/p>\n<p>Simultaneamente, ser\u00e1 disputado o CIMO nos escal\u00f5es: H14, H16, H18, H20, H21Elite, H35, H40, H45, H50, H55, H60, H65, H70, H75 e H80.<\/p>\n<p>Qualquer participante masculino, federado na FPO e FEDO, que se inscreva em qualquer escal\u00e3o diferente dos identificados no par\u00e1grafo acima, fica exclu\u00eddo de disputar o t\u00edtulo ib\u00e9rico.<\/p>\n<p>Ser\u00e3o apurados e premiados os vencedores do LIOM (em todos os escal\u00f5es) e os vencedores do CIMO (apenas nos escal\u00f5es acima identificados) atrav\u00e9s do somat\u00f3rio dos pontos das tr\u00eas etapas que se disputar\u00e3o S\u00e1bado e Domingo.<\/p>\n<p><strong>REGULAMENTOS E REGRAS<\/strong><\/p>\n<p>O Campeonato Ib\u00e9rico Masculino de Orienta\u00e7\u00e3o 2025, no que respeita aos escal\u00f5es de competi\u00e7\u00e3o e atribui\u00e7\u00e3o de t\u00edtulos, rege-se pelo Protocolo FPO\/FEDO dispon\u00edvel\u00a0<span style=\"color: #0000ff;\"><a style=\"color: #0000ff;\" href=\"https:\/\/eventos.coc.pt\/archive\/2025\/LIOM\/Protocolo_FPO_FEDO_2017_Abril.pdf\"><strong>AQUI<\/strong><\/a><\/span><strong>.<\/strong><\/p>\n<p>Os t\u00edtulos ib\u00e9ricos s\u00e3o atribu\u00eddos nos seguintes escal\u00f5es:<\/p>\n<p>H14, H16, H18, H20, H21Elite, H35, H40, H45, H50, H55, H60, H65, H70, H75 e H80<\/p>\n<p>A competi\u00e7\u00e3o rege-se pelo Regulamento de Competi\u00e7\u00f5es pedestre da FPO 2025, que pode ser consultado<span style=\"color: #0000ff;\">\u00a0<a style=\"color: #0000ff;\" href=\"https:\/\/eventos.coc.pt\/archive\/2025\/LIOM\/02_Regulamento_Competicoes_Pedestre.pdf\"><strong>AQUI<\/strong><\/a><\/span><\/p>\n<p>Em casos omissos ser\u00e1 aplicado o regulamento da IOF.<\/p>\n<p><strong>SOLO DURO e BANHOS<\/strong><\/p>\n<p><strong>Solo Duro 1<\/strong><\/p>\n<p>Pavilh\u00e3o Gimnodesportivo do Agrupamento de Escolas do Sabugal<\/p>\n<p>Abertura: 6\u00aa feira &#8211; 18h30 \/ Fecho: S\u00e1bado &#8211; 15h00<\/p>\n<p><strong>Solo Duro 2<\/strong><\/p>\n<p>Pavilh\u00e3o Gimnodesportivo de Penamacor<\/p>\n<p>Abertura: S\u00e1bado &#8211; 14h30 \/ Fecho:<strong> Domingo &#8211; 8h00 (Por realiza\u00e7\u00e3o de atividade desportiva no pavilh\u00e3o na manh\u00e3 de domingo, este ter\u00e1 que estar totalmente desocupado pelas 08h00 de domingo)<\/strong><\/p>\n<p><strong>Solo Duro 3<\/strong><\/p>\n<p>Pavilh\u00e3o Gimnodesportivo do Agrupamento de Escolas 2\/3 Ribeiro Sanches em Penamacor<\/p>\n<p>Abertura: S\u00e1bado 14h30 \/ Domingo &#8211; 16h00<\/p>\n<p><u>Notas:<\/u><\/p>\n<p>\u00c9 proibido utilizar sapatos de bicos no interior dos recintos (pavilh\u00f5es \u2013 solos duro)<\/p>\n<p>\u00c9 proibido cozinhar e comer no interior dos pavilh\u00f5es.<\/p>\n<p><strong>PARQUEAMENTO E PERNOITA DE AUTOCARAVANAS <\/strong><\/p>\n<p>Noite de 25 para 26\/04 e de 26 para 27\/04 &#8211; Permitida a pernoita em autocaravana em Vila do Touro<\/p>\n<p>Noite de 26 para 27\/04 &#8211; Permitida a pernoita em autocaravanas junto ao Solo Duro 2 (Pavilh\u00e3o Gimnodesportivo de Penamacor) e no Parking da etapa de domingo (Rach\u00e3)<\/p>\n<p><strong>SERVI\u00c7O DE CATERING | BAR e ALIMENTA\u00c7\u00c3O<\/strong><\/p>\n<p><strong>Vila do Touro<\/strong><\/p>\n<p><strong>A organiza\u00e7\u00e3o n\u00e3o ter\u00e1 servi\u00e7o de catering, <\/strong>nas etapas que se realizar\u00e3o em<strong> Vila do Touro,<\/strong> na tarde do dia 25\/04 M\u00e9dia e na manh\u00e3 do dia 26\/04 Longa.<\/p>\n<p>Estar\u00e1 aberto ao p\u00fablico e participantes o caf\u00e9 \u201cBoletos\u201d, localizado em Vila do Touro, nas imedia\u00e7\u00f5es do Centro do Evento, onde podem ser adquiridas bebidas e alguma alimenta\u00e7\u00e3o.<\/p>\n<p>Na etapa de dist\u00e2ncia Longa, que se disputar\u00e1 no dia 26\/04, a Associa\u00e7\u00e3o Vila do Touro providenciar\u00e1 uma refei\u00e7\u00e3o quente composta por <strong>arroz de feij\u00e3o, porco no espeto, pe\u00e7a de fruta e bebida a copo<\/strong> (sumo, vinho ou cerveja), cujo o custo \u00e9 de 5,00\u20ac, <strong>sendo obrigat\u00f3rio a sua reserva<\/strong> no <a href=\"https:\/\/www.orioasis.pt\/oasis\/start.php\"><span style=\"color: #0000ff;\"><strong>Orioasis<\/strong><\/span><\/a> quando do registo da inscri\u00e7\u00e3o.<\/p>\n<p><strong>Penamacor<\/strong><\/p>\n<p>Existem na Vila de Penamacor diversos caf\u00e9s e restaurante aos quais os participantes podem recorrer e por essa raz\u00e3o na etapa de Sprint n\u00e3o haver\u00e1 servi\u00e7o de catering disponibilizado pela organiza\u00e7\u00e3o.<\/p>\n<p><strong>Rach\u00e3<\/strong><\/p>\n<p>Na etapa de dist\u00e2ncia M\u00e9dia que se realizar\u00e1 no domingo dia 27\/04, a organiza\u00e7\u00e3o disponibilizar\u00e1 na Arena, um servi\u00e7o de catering, onde os participantes poder\u00e3o escolher a sua refei\u00e7\u00e3o a partir da ementa disponibilizada no local. N\u00e3o h\u00e1 obrigatoriedade de aquisi\u00e7\u00e3o da refei\u00e7\u00e3o previamente aquando da inscri\u00e7\u00e3o.<\/p>\n<p><strong>SERVI\u00c7O DE BABYSITTING<\/strong><\/p>\n<p>Estar\u00e1 dispon\u00edvel o servi\u00e7o de Babysiting no hor\u00e1rio constante no programa;<\/p>\n<p>\u00c9 necess\u00e1rio\/obrigat\u00f3rio o pedido deste servi\u00e7o, registado na plataforma Ori O\u00e1sis aquando da realiza\u00e7\u00e3o das inscri\u00e7\u00f5es para a prova.<\/p>\n<p><strong>Caso pretendam colocar pedidos especiais de hor\u00e1rios de partida, devem faz\u00ea-lo no campo das observa\u00e7\u00f5es na plataforma Ori O\u00e1sis aquando da inscri\u00e7\u00e3o.<\/strong><\/p>\n<p><strong>SINALIZA\u00c7\u00c3O<\/strong><\/p>\n<p>A Organiza\u00e7\u00e3o indicar\u00e1, no separador das localiza\u00e7\u00f5es, as coordenadas GPS dos locais importantes do evento, para uma correta chegada dos participantes aos estacionamentos.<\/p>\n<p>Pontualmente, estar\u00e3o devidamente assinalados pela Organiza\u00e7\u00e3o com setas laranja e brancas as dire\u00e7\u00f5es de aproxima\u00e7\u00e3o aos Estacionamentos, dos Estacionamentos para os locais onde os participantes se tenham de deslocar a p\u00e9, dos acessos aos solos duros e outros locais do evento.<\/p>\n<p><strong>PEITORAL CIMO 2025<\/strong><\/p>\n<p><strong>Todos os participantes<\/strong> <strong>ter\u00e3o de usar o peitoral disponibilizado pela organiza\u00e7\u00e3o<\/strong>, produzido para o LIOM.<\/p>\n<p><strong>Os peitorais ser\u00e3o levantados no Secretariado<\/strong>, onde tamb\u00e9m ser\u00e1 entregue a cada participante um KIT de participa\u00e7\u00e3o.<\/p>\n<p><img loading=\"lazy\" decoding=\"async\" class=\"wp-image-853 size-full aligncenter\" src=\"http:\/\/eventos.coc.pt\/liom2025\/wp-content\/uploads\/sites\/30\/2025\/03\/LIOM25_kIT-Participante.jpg\" alt=\"\" width=\"1124\" height=\"794\" srcset=\"https:\/\/eventos.coc.pt\/liom2025\/wp-content\/uploads\/sites\/30\/2025\/03\/LIOM25_kIT-Participante.jpg 1124w, https:\/\/eventos.coc.pt\/liom2025\/wp-content\/uploads\/sites\/30\/2025\/03\/LIOM25_kIT-Participante-300x212.jpg 300w, https:\/\/eventos.coc.pt\/liom2025\/wp-content\/uploads\/sites\/30\/2025\/03\/LIOM25_kIT-Participante-1024x723.jpg 1024w, https:\/\/eventos.coc.pt\/liom2025\/wp-content\/uploads\/sites\/30\/2025\/03\/LIOM25_kIT-Participante-768x543.jpg 768w\" sizes=\"auto, (max-width: 1124px) 100vw, 1124px\" \/><\/p>\n<p><strong>SPRINT<\/strong><\/p>\n<p>Existir\u00e1 uma quarentena antes da prova do Sprint no Pavilh\u00e3o Gimnodesportivo de Penamacor, local do solo Duro 2.<\/p>\n<p>A quarentena abre \u00e0s 16:30 e encerra \u00e0s 17:15.<\/p>\n<p>N\u00e3o ser\u00e1 permitida a entrada de nenhum atleta ap\u00f3s a hora indicada de fecho da quarentena para participa\u00e7\u00e3o na competi\u00e7\u00e3o. No caso de atletas entrarem na quarentena depois da hora do fecho poder\u00e3o participar na prova, mas extracompeti\u00e7\u00e3o, ou seja, n\u00e3o ser\u00e1 considerado o resultado para a classifica\u00e7\u00e3o geral no CIMO nem no LIOM.<\/p>\n<p>O estacionamento ser\u00e1 nas imedia\u00e7\u00f5es da quarentena e cuja localiza\u00e7\u00e3o dever\u00e1 ser consultada em \u201cLocaliza\u00e7\u00f5es\u201d. No local devem seguir as indica\u00e7\u00f5es do staff.<\/p>\n<p>Aparelhos eletr\u00f3nicos como telem\u00f3veis, tablets, computadores, MP3\/4 com ecr\u00e3 ou similares, n\u00e3o s\u00e3o permitidos na Quarentena. O seu uso ser\u00e1 punido com a desqualifica\u00e7\u00e3o.<\/p>\n<p>N\u00e3o haver\u00e1 servi\u00e7o de recolha de malas\/mochilas\/sacos na quarentena.<\/p>\n<p>As Chegadas distam cerca de 750 mts da Quarentena\/Partidas.<\/p>\n<p>A Organiza\u00e7\u00e3o n\u00e3o se responsabiliza por danos\/perdas de material, aconselhando os atletas a guardarem os seus objetos de forma segura.<\/p>\n<p><strong>ALTERA\u00c7\u00d5ES de SI CARD<\/strong><\/p>\n<p>As altera\u00e7\u00f5es de SI Card dever\u00e3o, obrigatoriamente, de ser solicitadas no Secretariado, as quais est\u00e3o sujeitas \u00e0 taxa em vigor conforme Regulamento da FPO, ou seja, 2,00 \u20ac por altera\u00e7\u00e3o.<\/p>\n<p>N\u00e3o ser\u00e3o autorizadas partidas de atletas com altera\u00e7\u00f5es de dados que n\u00e3o tenham sido previamente validadas no Secretariado.<\/p>\n<p><strong>ALUGUER de SI CARD<\/strong><\/p>\n<p>Escal\u00f5es de Competi\u00e7\u00e3o e Forma\u00e7\u00e3o \u2013 2,00\u20ac.<\/p>\n<p>Escal\u00f5es Abertos est\u00e3o isentos da taxa de aluguer de SI CARD, exceto se pretenderem um SIAC.<\/p>\n<p>Caso pretenda utilizar um SIAC (sistema de marca\u00e7\u00e3o por proximidade) o aluguer ser\u00e1 de 3,50\u20ac em todos os escal\u00f5es.<\/p>\n<p>Nota: A perda ou n\u00e3o devolu\u00e7\u00e3o do SI Card alugado implica o pagamento de 35\u20ac a 75\u20ac, conforme o tipo de SI Card.<\/p>\n<p><strong>SEGURO<\/strong><\/p>\n<p>Atletas federados na Federa\u00e7\u00e3o Portuguesa de Orienta\u00e7\u00e3o (FPO) e atletas n\u00e3o federados, nacionais ou estrangeiros, com ou sem resid\u00eancia em Portugal, est\u00e3o cobertos pelo seguro da FPO.<\/p>\n<p>Os participantes n\u00e3o federados, aquando da sua inscri\u00e7\u00e3o, ter\u00e3o de fornecer o seu NIF portugu\u00eas, se o tiverem, ou sendo estrangeiros n\u00e3o residentes, ter\u00e3o de fornecer o seu n\u00famero de identifica\u00e7\u00e3o do seu pa\u00eds de resid\u00eancia e\/ ou nacionalidade.<\/p>\n<p>Atletas federados na FEDO estar\u00e3o ao abrigo do seguro da Federa\u00e7\u00e3o Espanhola.<\/p>\n<p><strong>HORAS DE PARTIDA<\/strong><\/p>\n<p>Em escal\u00f5es de competi\u00e7\u00e3o n\u00e3o haver\u00e1 altera\u00e7\u00f5es na hora de partida no dia da prova.<\/p>\n<p>Os Escal\u00f5es Abertos, T10 e D\/H12 ter\u00e3o uma hora de partida atribu\u00edda para sua dispers\u00e3o na janela de tempos de partida, contudo iniciar\u00e3o os seus percursos utilizando uma esta\u00e7\u00e3o \u201cSTART\u201d.<\/p>\n<p>Pedidos especiais de horas de partida devem ser escritos no campo observa\u00e7\u00f5es no Ori O\u00e1sis.<\/p>\n<p><strong>TEMPO LIMITE DA PROVA<\/strong><\/p>\n<p>Dist\u00e2ncia M\u00e9dia \u2013 2 horas<\/p>\n<p>Dist\u00e2ncia Sprint \u2013 50 minutos<\/p>\n<p>Dist\u00e2ncia Longa \u2013 3 horas<\/p>\n<p><strong>RECOLHA de MAPAS<\/strong><\/p>\n<p>N\u00e3o haver\u00e1 recolha de mapas no final dos percursos. Apela-se ao Fair-Play de todos os participantes para que, uma vez conclu\u00eddas as suas provas, reservem para si a visualiza\u00e7\u00e3o do mapa.<\/p>\n<p><strong>RESULTADOS e PR\u00c9MIOS<\/strong><\/p>\n<p><strong>Campeonato Nacional TEMP-O<\/strong>: Medalhas para os 3 primeiros classificados.<\/p>\n<p><strong>Campeonato Ib\u00e9rico Masculino 2025 (CIMO).<\/strong><\/p>\n<p>Individual: Pr\u00e9mios para as 3 melhores atletas na soma dos pontos das tr\u00eas provas (dist\u00e2ncia Longa, Sprint e M\u00e9dia) nos escal\u00f5es de competi\u00e7\u00e3o que disputam o Campeonato Ib\u00e9rico. Ver <em>\u201cRegulamentos e Regras\u201d.<\/em><\/p>\n<p><strong>Classifica\u00e7\u00e3o geral do evento<\/strong>\u00a0<strong>(LIOM)<\/strong>:<\/p>\n<p>A classifica\u00e7\u00e3o final (individual e coletiva) do evento ser\u00e1 obtida pela soma dos pontos das 3 etapas disputadas no S\u00e1bado e Domingo (dist\u00e2ncias Longa e Sprint disputadas no S\u00e1bado e dist\u00e2ncia M\u00e9dia disputada no Domingo);<\/p>\n<p>Pr\u00e9mio para os 3 melhores clubes.<\/p>\n<p>Pr\u00e9mio para os 3 primeiros classificados dos escal\u00f5es de competi\u00e7\u00e3o (5 primeiros no escal\u00e3o D\/H Elite) assim como para os 3 primeiros classificados dos escal\u00f5es abertos.<\/p>\n<p>Todos os participantes dos escal\u00f5es<strong> T10 e D\/H12<\/strong> receber\u00e3o uma lembran\u00e7a de participa\u00e7\u00e3o, independentemente do seu resultado.<\/p>\n<p><img loading=\"lazy\" decoding=\"async\" class=\"aligncenter wp-image-857 size-full\" src=\"http:\/\/eventos.coc.pt\/liom2025\/wp-content\/uploads\/sites\/30\/2025\/03\/puzzle.jpg\" alt=\"\" width=\"1900\" height=\"1415\" srcset=\"https:\/\/eventos.coc.pt\/liom2025\/wp-content\/uploads\/sites\/30\/2025\/03\/puzzle.jpg 1900w, https:\/\/eventos.coc.pt\/liom2025\/wp-content\/uploads\/sites\/30\/2025\/03\/puzzle-300x223.jpg 300w, https:\/\/eventos.coc.pt\/liom2025\/wp-content\/uploads\/sites\/30\/2025\/03\/puzzle-1024x763.jpg 1024w, https:\/\/eventos.coc.pt\/liom2025\/wp-content\/uploads\/sites\/30\/2025\/03\/puzzle-768x572.jpg 768w, https:\/\/eventos.coc.pt\/liom2025\/wp-content\/uploads\/sites\/30\/2025\/03\/puzzle-1536x1144.jpg 1536w\" sizes=\"auto, (max-width: 1900px) 100vw, 1900px\" \/><\/p>\n","protected":false},"excerpt":{"rendered":"<p>INFORMA\u00c7\u00c3O GERAL O LIOM\/CIMO 2025 \u00e9 um evento de Orienta\u00e7\u00e3o, pontu\u00e1vel para as Ta\u00e7as de Portugal, pedestre e sprint e para a Liga Nacional de Espanha. O evento \u00e9 aberto a pessoas de qualquer idade, podendo participar nos escal\u00f5es de competi\u00e7\u00e3o ou nos escal\u00f5es abertos, nestes \u00faltimos escal\u00f5es poder\u00e1 optar por participar individualmente ou em &hellip; <a href=\"https:\/\/eventos.coc.pt\/liom2025\/informacoes-gerais\/\" class=\"more-link\">Continuar a ler <span class=\"screen-reader-text\">Informa\u00e7\u00f5es Gerais<\/span><\/a><\/p>\n","protected":false},"author":1,"featured_media":0,"parent":0,"menu_order":13,"comment_status":"closed","ping_status":"closed","template":"","meta":{"footnotes":""},"class_list":["post-11","page","type-page","status-publish","hentry"],"_links":{"self":[{"href":"https:\/\/eventos.coc.pt\/liom2025\/wp-json\/wp\/v2\/pages\/11","targetHints":{"allow":["GET"]}}],"collection":[{"href":"https:\/\/eventos.coc.pt\/liom2025\/wp-json\/wp\/v2\/pages"}],"about":[{"href":"https:\/\/eventos.coc.pt\/liom2025\/wp-json\/wp\/v2\/types\/page"}],"author":[{"embeddable":true,"href":"https:\/\/eventos.coc.pt\/liom2025\/wp-json\/wp\/v2\/users\/1"}],"replies":[{"embeddable":true,"href":"https:\/\/eventos.coc.pt\/liom2025\/wp-json\/wp\/v2\/comments?post=11"}],"version-history":[{"count":40,"href":"https:\/\/eventos.coc.pt\/liom2025\/wp-json\/wp\/v2\/pages\/11\/revisions"}],"predecessor-version":[{"id":933,"href":"https:\/\/eventos.coc.pt\/liom2025\/wp-json\/wp\/v2\/pages\/11\/revisions\/933"}],"wp:attachment":[{"href":"https:\/\/eventos.coc.pt\/liom2025\/wp-json\/wp\/v2\/media?parent=11"}],"curies":[{"name":"wp","href":"https:\/\/api.w.org\/{rel}","templated":true}]}}