{"id":143,"date":"2016-09-16T12:54:48","date_gmt":"2016-09-16T12:54:48","guid":{"rendered":"http:\/\/eventos.coc.pt\/piom2018\/?page_id=143"},"modified":"2024-09-22T18:42:31","modified_gmt":"2024-09-22T18:42:31","slug":"mapas","status":"publish","type":"page","link":"https:\/\/eventos.coc.pt\/liom2025\/mapas\/","title":{"rendered":"Mapas"},"content":{"rendered":"<p>Ap\u00f3s a realiza\u00e7\u00e3o da prova ser\u00e3o aqui disponibilizadas imagens de todos os mapas\/percursos das 4 etapas dos LIOM CIMO 2025<\/p>\n","protected":false},"excerpt":{"rendered":"<p>Ap\u00f3s a realiza\u00e7\u00e3o da prova ser\u00e3o aqui disponibilizadas imagens de todos os mapas\/percursos das 4 etapas dos LIOM CIMO 2025<\/p>\n","protected":false},"author":1,"featured_media":0,"parent":0,"menu_order":15,"comment_status":"closed","ping_status":"closed","template":"","meta":{"footnotes":""},"class_list":["post-143","page","type-page","status-publish","hentry"],"_links":{"self":[{"href":"https:\/\/eventos.coc.pt\/liom2025\/wp-json\/wp\/v2\/pages\/143","targetHints":{"allow":["GET"]}}],"collection":[{"href":"https:\/\/eventos.coc.pt\/liom2025\/wp-json\/wp\/v2\/pages"}],"about":[{"href":"https:\/\/eventos.coc.pt\/liom2025\/wp-json\/wp\/v2\/types\/page"}],"author":[{"embeddable":true,"href":"https:\/\/eventos.coc.pt\/liom2025\/wp-json\/wp\/v2\/users\/1"}],"replies":[{"embeddable":true,"href":"https:\/\/eventos.coc.pt\/liom2025\/wp-json\/wp\/v2\/comments?post=143"}],"version-history":[{"count":14,"href":"https:\/\/eventos.coc.pt\/liom2025\/wp-json\/wp\/v2\/pages\/143\/revisions"}],"predecessor-version":[{"id":705,"href":"https:\/\/eventos.coc.pt\/liom2025\/wp-json\/wp\/v2\/pages\/143\/revisions\/705"}],"wp:attachment":[{"href":"https:\/\/eventos.coc.pt\/liom2025\/wp-json\/wp\/v2\/media?parent=143"}],"curies":[{"name":"wp","href":"https:\/\/api.w.org\/{rel}","templated":true}]}}