{"id":19,"date":"2016-09-02T15:32:36","date_gmt":"2016-09-02T15:32:36","guid":{"rendered":"http:\/\/eventos.coc.pt\/piom2018\/?page_id=19"},"modified":"2023-05-09T19:40:04","modified_gmt":"2023-05-09T19:40:04","slug":"localizacao","status":"publish","type":"page","link":"https:\/\/eventos.coc.pt\/piomcimo2023\/localizacao\/","title":{"rendered":"Localiza\u00e7\u00e3o"},"content":{"rendered":"<p>Obter todas as localiza\u00e7\u00f5es: <a href=\"https:\/\/www.google.com\/maps\/d\/edit?mid=1HqcWBWOaX69FjJq-LoQXmS2ima3L5gI&amp;usp=sharing\">AQUI<\/a><\/p>\n<p><strong>Secretariado<\/strong><\/p>\n<p>Casa na Rua Santo Estev\u00e3o 40.167472, -7.171140 (parking \u2013 200 mts a p\u00e9)<\/p>\n<p>Model Event de Media e Longa:<\/p>\n<p>40.090818, -7.207470 (parking)<\/p>\n<p><strong>Zonas de Competi\u00e7\u00e3o<\/strong><\/p>\n<p>Etapas de M\u00e9dia e Longa \u2013 Mapa do Carvalhal<\/p>\n<p>.\u00a0 \u00a0 \u00a0 \u00a0 \u00a0 Parking Ligeiros, Autocaravanas e Autocarros: 40.100591, -7.152407<\/p>\n<p>Etapa de Sprint &#8211; Mapa de Pedr\u00f3g\u00e3o de S\u00e3o Pedro:<\/p>\n<p>.\u00a0 \u00a0 \u00a0 \u00a0 \u00a0 <strong>Parking 1<\/strong> (Autocaravanas e Autocarros) <strong>Parking 2 e 3<\/strong> (ligeiros e furg\u00f5es 9 lugares): 40.093828, -7.235228<\/p>\n<p><strong>Parking 4<\/strong> (Staff e ligeiros): 40.089414, -7.237372<\/p>\n<p>.\u00a0 \u00a0 \u00a0 \u00a0 \u00a0 Arena: Campo de futebol de Pedr\u00f3g\u00e3o de S\u00e3o Pedro, com sinaliza\u00e7\u00e3o a partir do estacionamento.<\/p>\n<p>.\u00a0 \u00a0 \u00a0 \u00a0 \u00a0 Quarentena \u2013 No campo de futebol de Pedr\u00f3g\u00e3o de S\u00e3o Pedro.<\/p>\n<p><strong>Solo Duro e Banhos<\/strong><\/p>\n<p>Pavilh\u00e3o Gimnodesportivo de Penamacor: 40.170371, -7.175081<\/p>\n<p><strong>Dist\u00e2ncias entre pontos de refer\u00eancia e a \u00e1rea do evento:<\/strong><\/p>\n<table width=\"660\">\n<tbody>\n<tr>\n<td style=\"width: 204.514px;\"><strong>De<\/strong><\/td>\n<td style=\"width: 204.514px;\"><strong>Para<\/strong><\/td>\n<td style=\"width: 204.549px;\"><strong>Kms \/ Tempo<\/strong><\/td>\n<\/tr>\n<tr>\n<td style=\"width: 204.514px;\"><strong>Lisboa (aeroporto)<\/strong><\/td>\n<td style=\"width: 204.514px;\"><strong>Penamacor<\/strong><\/td>\n<td style=\"width: 204.549px;\"><strong>280 km \/ 3 horas<\/strong><\/td>\n<\/tr>\n<tr>\n<td style=\"width: 204.514px;\"><strong>Porto (aeroporto)<\/strong><\/td>\n<td style=\"width: 204.514px;\"><strong>Penamacor<\/strong><\/td>\n<td style=\"width: 204.549px;\"><strong>280 km \/ 3 horas<\/strong><\/td>\n<\/tr>\n<tr>\n<td style=\"width: 204.514px;\"><strong>Madrid<\/strong><\/td>\n<td style=\"width: 204.514px;\"><strong>Penamacor<\/strong><\/td>\n<td style=\"width: 204.549px;\"><strong>360 km \/ 4 horas<\/strong><\/td>\n<\/tr>\n<tr>\n<td style=\"width: 204.514px;\"><strong>Penamacor<\/strong><\/td>\n<td style=\"width: 204.514px;\"><strong>Model Event M\u00e9dia &amp; Longa<\/strong><\/td>\n<td style=\"width: 204.549px;\"><strong>15 km \/ 17 minutos<\/strong><\/td>\n<\/tr>\n<tr>\n<td style=\"width: 204.514px;\"><strong>Penamacor<\/strong><\/td>\n<td style=\"width: 204.514px;\"><strong>Model Event do Sprint<\/strong><\/td>\n<td style=\"width: 204.549px;\"><strong>14 Km \/ 16 minutos<\/strong><\/td>\n<\/tr>\n<tr>\n<td style=\"width: 204.514px;\"><strong>Penamacor<\/strong><\/td>\n<td style=\"width: 204.514px;\"><strong>Arena M\u00e9dia e Longa<\/strong><\/td>\n<td style=\"width: 204.549px;\"><strong>16 km \/ 18 minutos<\/strong><\/td>\n<\/tr>\n<tr>\n<td style=\"width: 204.514px;\"><strong>Penamacor<\/strong><\/td>\n<td style=\"width: 204.514px;\"><strong>Parking Sprint<\/strong><\/td>\n<td style=\"width: 204.549px;\"><strong>12 km \/ 15 minutos<\/strong><\/td>\n<\/tr>\n<tr>\n<td style=\"width: 204.514px;\"><strong>Arena M\u00e9dia &amp; Longa<\/strong><\/td>\n<td style=\"width: 204.514px;\"><strong>Parking Sprint<\/strong><\/td>\n<td style=\"width: 204.549px;\"><strong>15 Km \/ 20 minutos<\/strong><\/td>\n<\/tr>\n<\/tbody>\n<\/table>\n<p><strong>\u00a0<\/strong><\/p>\n","protected":false},"excerpt":{"rendered":"<p>Obter todas as localiza\u00e7\u00f5es: AQUI Secretariado Casa na Rua Santo Estev\u00e3o 40.167472, -7.171140 (parking \u2013 200 mts a p\u00e9) Model Event de Media e Longa: 40.090818, -7.207470 (parking) Zonas de Competi\u00e7\u00e3o Etapas de M\u00e9dia e Longa \u2013 Mapa do Carvalhal .\u00a0 \u00a0 \u00a0 \u00a0 \u00a0 Parking Ligeiros, Autocaravanas e Autocarros: 40.100591, -7.152407 Etapa de Sprint &hellip; <a href=\"https:\/\/eventos.coc.pt\/piomcimo2023\/localizacao\/\" class=\"more-link\">Continuar a ler <span class=\"screen-reader-text\">Localiza\u00e7\u00e3o<\/span><\/a><\/p>\n","protected":false},"author":1,"featured_media":0,"parent":0,"menu_order":9,"comment_status":"closed","ping_status":"closed","template":"","meta":{"footnotes":""},"class_list":["post-19","page","type-page","status-publish","hentry"],"_links":{"self":[{"href":"https:\/\/eventos.coc.pt\/piomcimo2023\/wp-json\/wp\/v2\/pages\/19","targetHints":{"allow":["GET"]}}],"collection":[{"href":"https:\/\/eventos.coc.pt\/piomcimo2023\/wp-json\/wp\/v2\/pages"}],"about":[{"href":"https:\/\/eventos.coc.pt\/piomcimo2023\/wp-json\/wp\/v2\/types\/page"}],"author":[{"embeddable":true,"href":"https:\/\/eventos.coc.pt\/piomcimo2023\/wp-json\/wp\/v2\/users\/1"}],"replies":[{"embeddable":true,"href":"https:\/\/eventos.coc.pt\/piomcimo2023\/wp-json\/wp\/v2\/comments?post=19"}],"version-history":[{"count":30,"href":"https:\/\/eventos.coc.pt\/piomcimo2023\/wp-json\/wp\/v2\/pages\/19\/revisions"}],"predecessor-version":[{"id":579,"href":"https:\/\/eventos.coc.pt\/piomcimo2023\/wp-json\/wp\/v2\/pages\/19\/revisions\/579"}],"wp:attachment":[{"href":"https:\/\/eventos.coc.pt\/piomcimo2023\/wp-json\/wp\/v2\/media?parent=19"}],"curies":[{"name":"wp","href":"https:\/\/api.w.org\/{rel}","templated":true}]}}